111
CXUS52 KMFL 011904
CLMFLL


CLIMATE REPORT
NATIONAL WEATHER SERVICE MIAMI, FL
204 PM EST MON FEB 1 2016

...................................

...THE FORT LAUDERDALE CLIMATE SUMMARY FOR THE MONTH OF JANUARY 2016...

CLIMATE NORMAL PERIOD 1981 TO 2010
CLIMATE RECORD PERIOD 1912 TO 2016

WEATHER         OBSERVED          NORMAL  DEPART  LAST YEAR`S
                 VALUE   DATE(S)  VALUE   FROM    VALUE
                                          NORMAL
.............................................................
TEMPERATURE (F)
RECORD
 HIGH              88   01/14/1979
                        01/26/1965
                        01/20/1947
 LOW               28   01/20/1977
                        01/19/1977
HIGHEST            84   01/10                         82
                        01/09
                        01/02
LOWEST             44   01/24                         49
AVG. MAXIMUM     74.4              76.3    -1.9     75.9
AVG. MINIMUM     60.2              61.6    -1.4     62.7
MEAN             67.3              69.0    -1.7     69.3
DAYS MAX >= 90      0                                  0
DAYS MAX <= 32      0                                  0
DAYS MIN <= 32      0                                  0
DAYS MIN <= 0       0                                  0

PRECIPITATION (INCHES)
RECORD
 MAXIMUM        10.03   1993
 MINIMUM         0.00   1951
                        1949
TOTALS           7.41              3.63    3.78     3.39
DAILY AVG.       0.24              0.12    0.12     0.11
DAYS >= .01        14                                  9
DAYS >= .10        11                                  5
DAYS >= .50         4                                  1
DAYS >= 1.00        3                                  1
GREATEST
 24 HR. TOTAL    2.02   01/22 TO 01/22              1.97

DEGREE_DAYS
HEATING TOTAL      45                48      -3       23
 SINCE 7/1         45                80     -35       49
COOLING TOTAL     124               170     -46      165
 SINCE 1/1        124               172     -48      165
..............................................................

WIND (MPH)
AVERAGE WIND SPEED              9.4
HIGHEST WIND SPEED/DIRECTION    35/270    DATE  01/23
HIGHEST GUST SPEED/DIRECTION    42/270    DATE  01/23

SKY COVER
POSSIBLE SUNSHINE (PERCENT)   MM
AVERAGE SKY COVER           0.70
NUMBER OF DAYS FAIR            2
NUMBER OF DAYS PC             17
NUMBER OF DAYS CLOUDY         12

AVERAGE RH (PERCENT)     74

WEATHER CONDITIONS. NUMBER OF DAYS WITH
THUNDERSTORM              2     MIXED PRECIP               0
HEAVY RAIN                9     RAIN                       8
LIGHT RAIN               14     FREEZING RAIN              0
LT FREEZING RAIN          0     HAIL                       0
HEAVY SNOW                0     SNOW                       0
LIGHT SNOW                0     SLEET                      0
FOG                      15     FOG W/VIS <= 1/4 MILE      2
HAZE                      1

-  INDICATES NEGATIVE NUMBERS.
R  INDICATES RECORD WAS SET OR TIED.
MM INDICATES DATA IS MISSING.
T  INDICATES TRACE AMOUNT.


..................................................................


................DATA FOR HOLLYWOOD...JANUARY 2016.................
.....NORMALS USED FOR COMPARISON ARE FORT LAUDERDALE AP (FLL).....


...TEMPERATURE DATA...

AVERAGE FOR THE MONTH .... 66.5 OR 2.5 DEGREES BELOW NORMAL.
AVERAGE MAXIMUM .......... 74.1 OR 2.2 DEGREES BELOW NORMAL.
AVERAGE MINIMUM .......... 58.9 OR 2.7 DEGREES BELOW NORMAL.

HIGHEST TEMPERATURE FOR THE MONTH: 86 DEGREES ON 2.
LOWEST  TEMPERATURE FOR THE MONTH: 43 DEGREES ON 25.


...PRECIPITATION...

TOTAL FOR THE MONTH 7.18 INCHES OR 3.55 INCHES ABOVE NORMAL.
TOTAL FOR THE YEAR  7.18 INCHES OR 3.55 INCHES ABOVE NORMAL.
GREATEST 24-HOUR PERIOD RAINFALL 1.45 INCHES ON 27-28.

NUMBER OF DAYS HAVING 0.01 INCHES OR MORE ... 13.
NUMBER OF DAYS HAVING 0.10 INCHES OR MORE ... 11.
NUMBER OF DAYS HAVING 0.50 INCHES OR MORE ...  5.
NUMBER OF DAYS HAVING 1.00 INCHES OR MORE ...  4.

$$
