000
CXUS52 KMFL 011508 CCA
CLMFLL

CLIMATE REPORT...CORRECTED
NATIONAL WEATHER SERVICE MIAMI, FL
1034 AM EDT MON JUN 1 2015

...................................

...THE FORT LAUDERDALE CLIMATE SUMMARY FOR THE MONTH OF MAY 2015...

CLIMATE NORMAL PERIOD 1981 TO 2010
CLIMATE RECORD PERIOD 1839 TO 2015

WEATHER         OBSERVED          NORMAL  DEPART  LAST YEAR`S
                 VALUE   DATE(S)  VALUE   FROM    VALUE
                                          NORMAL
.............................................................
TEMPERATURE (F)
RECORD
 HIGH              96   05/20/2008
                        05/18/2008
                        05/11/2008
 LOW               49   05/05/1921
HIGHEST            91   05/21                         91
LOWEST             66   05/01                         67
AVG. MAXIMUM     85.7              86.2    -0.5     86.0
AVG. MINIMUM     74.7              74.2     0.5     74.7
MEAN             80.2              80.2     0.0     80.4
DAYS MAX >= 90      1                                  2
DAYS MAX <= 32      0                                  0
DAYS MIN <= 32      0                                  0
DAYS MIN <= 0       0                                  0

PRECIPITATION (INCHES)
RECORD
 MAXIMUM        17.85   2003
 MINIMUM         0.06   1941
TOTALS           1.97              4.65   -2.68     8.21
DAILY AVG.       0.06              0.15   -0.09     0.26
DAYS >= .01        12                                  9
DAYS >= .10         6                                  7
DAYS >= .50         1                                  5
DAYS >= 1.00        0                                  3
GREATEST
 24 HR. TOTAL    0.85   05/05 TO 05/06              4.11

DEGREE_DAYS
HEATING TOTAL       0                 0       0        0
 SINCE 7/1         97               112     -15       81
COOLING TOTAL     475               471       4      483
 SINCE 1/1       1536              1418     118     1535
..............................................................

WIND (MPH)
AVERAGE WIND SPEED              11.1
HIGHEST WIND SPEED/DIRECTION    25/100    DATE  05/13
HIGHEST GUST SPEED/DIRECTION    39/120    DATE  05/08

SKY COVER
POSSIBLE SUNSHINE (PERCENT)   MM
AVERAGE SKY COVER           0.50
NUMBER OF DAYS FAIR            8
NUMBER OF DAYS PC             21
NUMBER OF DAYS CLOUDY          2

AVERAGE RH (PERCENT)     70

WEATHER CONDITIONS. NUMBER OF DAYS WITH
THUNDERSTORM              5     MIXED PRECIP               0
HEAVY RAIN                2     RAIN                       3
LIGHT RAIN               10     FREEZING RAIN              0
LT FREEZING RAIN          0     HAIL                       0
HEAVY SNOW                0     SNOW                       0
LIGHT SNOW                0     SLEET                      0
FOG                       8     FOG W/VIS <= 1/4 MILE      0
HAZE                      6

-  INDICATES NEGATIVE NUMBERS.
R  INDICATES RECORD WAS SET OR TIED.
MM INDICATES DATA IS MISSING.
T  INDICATES TRACE AMOUNT.


...............................................................


................DATA FOR HOLLYWOOD.....MAY 2015................
.....NORMALS USED FOR COMPARISON ARE FORT LAUDERDALE (FLL).....


...TEMPERATURE DATA...

AVERAGE FOR THE MONTH .... 78.9 OR 1.3 DEGREES BELOW NORMAL.
AVERAGE MAXIMUM .......... 84.2 OR 2.0 DEGREES BELOW NORMAL.
AVERAGE MINIMUM .......... 73.5 OR 0.7 DEGREES BELOW NORMAL.

HIGHEST TEMPERATURE FOR THE MONTH: 89 DEGREES ON THE 22ND.
LOWEST  TEMPERATURE FOR THE MONTH: 65 DEGREES ON THE  2ND.


...PRECIPITATION...

TOTAL FOR THE MONTH 6.39 INCHES OR 1.74 INCHES ABOVE NORMAL.
TOTAL FOR THE YEAR 24.96 INCHES OR 7.47 INCHES ABOVE NORMAL.
GREATEST 24-HOUR PERIOD RAINFALL 3.15 INCHES ON THE 6TH.

NUMBER OF DAYS HAVING 0.01 INCHES OR MORE ...12.
NUMBER OF DAYS HAVING 0.10 INCHES OR MORE ... 7.
NUMBER OF DAYS HAVING 0.50 INCHES OR MORE ... 3.
NUMBER OF DAYS HAVING 1.00 INCHES OR MORE ... 2.

$$

CORRECTED THUNDERSTORM DAYS.

ROSS
