000
CXUS54 KTSA 011143
CLMFSM

CLIMATE REPORT
NATIONAL WEATHER SERVICE TULSA OK
643 CDT FRI JUL 1 2016

...................................

...THE FORT SMITH ARKANSAS CLIMATE SUMMARY FOR THE MONTH OF JUNE 2016...

CLIMATE NORMAL PERIOD 1981 TO 2010
CLIMATE RECORD PERIOD 1882 TO 2016

WEATHER         OBSERVED          NORMAL  DEPART  LAST YEAR`S
                 VALUE   DATE(S)  VALUE   FROM    VALUE  DATE(S)
                                          NORMAL
................................................................
TEMPERATURE (F)
RECORD
 HIGH             106   06/28/2012
                        06/27/2012
                        06/22/1936
                        06/20/1936
 LOW               47   06/01/1972
                        06/03/1964
HIGHEST            98   06/23       106      -8       96
                        06/22
                        06/17
LOWEST             61   06/06        47      14       63
AVG. MAXIMUM     92.3              88.1     4.2     90.5
AVG. MINIMUM     70.9              67.5     3.4     71.1
MEAN             81.6              77.8     3.8     80.8
DAYS MAX >= 90     22
DAYS MAX <= 32      0
DAYS MIN <= 32      0
DAYS MIN <= 0       0

PRECIPITATION (INCHES)
RECORD
 MAXIMUM        15.02   1945
 MINIMUM         0.38   1914
TOTALS           1.91              4.28   -2.37     3.13
DAILY AVG.       0.06              0.14   -0.08     0.10
DAYS >= .01         5               9.3    -4.3        8
DAYS >= .10         3               6.2    -3.2        8
DAYS >= .50         1               3.1    -2.1        2
DAYS >= 1.00        1               1.3    -0.3        1
GREATEST
 24 HR. TOTAL    1.15   06/12 TO 06/13

DEGREE_DAYS
COOLING TOTAL     503               385     118      483
 SINCE 1/1        688               629      59      723
.................................................................

WIND (MPH)
AVERAGE WIND SPEED              5.2
HIGHEST WIND SPEED/DIRECTION    24/080    DATE  06/29
HIGHEST GUST SPEED/DIRECTION    32/090    DATE  06/29

SKY COVER
POSSIBLE SUNSHINE (PERCENT)   MM
AVERAGE SKY COVER           0.20
NUMBER OF DAYS FAIR           27
NUMBER OF DAYS PC              3
NUMBER OF DAYS CLOUDY          0

AVERAGE RH (PERCENT)     66

WEATHER CONDITIONS. NUMBER OF DAYS WITH
THUNDERSTORM              0     MIXED PRECIP               0
HEAVY RAIN                2     RAIN                       2
LIGHT RAIN                7     FREEZING RAIN              0
LT FREEZING RAIN          0     HAIL                       0
HEAVY SNOW                0     SNOW                       0
LIGHT SNOW                0     SLEET                      0
FOG                      10     FOG W/VIS <= 1/4 MILE      1
HAZE                      3

-  INDICATES NEGATIVE NUMBERS.
R  INDICATES RECORD WAS SET OR TIED.
MM INDICATES DATA IS MISSING.
T  INDICATES TRACE AMOUNT.

&&
-------------------------------------------------------------------
 YEARLY PRECIPITATION (INCHES):
 TOTAL.....................19.12
 DEPARTURE FROM NORMAL.....-4.35
$$
