000
CXUS51 KCAR 010848
CLMFVE


CLIMATE REPORT
NATIONAL WEATHER SERVICE CARIBOU, ME
446 AM EDT SAT APR 1 2017

...................................

...THE FRENCHVILLE ME CLIMATE SUMMARY FOR THE MONTH OF MARCH 2017...

CLIMATE NORMAL PERIOD 1981 TO 2010
CLIMATE RECORD PERIOD 9999 TO 9999

WEATHER         OBSERVED          NORMAL  DEPART  LAST YEAR`S
                 VALUE   DATE(S)  VALUE   FROM    VALUE  DATE(S)
                                          NORMAL
................................................................
TEMPERATURE (F)
RECORD
 HIGH              MM   MM
 LOW               MM   MM
HIGHEST            43   03/31        MM      MM       45  03/27
                        03/20
LOWEST            -14   03/11        MM      MM       -9  03/04
AVG. MAXIMUM     26.8              31.7    -4.9     30.7
AVG. MINIMUM     10.7              15.0    -4.3     14.0
MEAN             18.8              23.3    -4.5     22.4
DAYS MAX >= 90      0               0.0     0.0        0
DAYS MAX <= 32     22              14.7     7.3       17
DAYS MIN <= 32     31              30.2     0.8       30
DAYS MIN <= 0       6               2.8     3.2        3

PRECIPITATION (INCHES)
RECORD
 MAXIMUM           MM   MM
 MINIMUM           MM   MM
TOTALS           1.57              1.48    0.09     2.47
DAILY AVG.       0.05              0.05    0.00     0.08
DAYS >= .01        10                MM      MM       12
DAYS >= .10         6                MM      MM        8
DAYS >= .50         1                MM      MM        0
DAYS >= 1.00        0                MM      MM        0
GREATEST
 24 HR. TOTAL    0.50   03/01 TO 03/01           03/28 TO 03/29
                                                          03/29 TO 03/29
                                                          03/29 TO 03/29
 STORM TOTAL       MM                                 MM
 (MM/DD(HH))            MM                    03/29(00) TO 03/29(00)
                                                 03/29(00) TO 03/29(00)9
                                                 03/29(00) TO 03/29(00)9

SNOWFALL (INCHES)
RECORDS
 TOTAL             MM   MM
TOTALS             MM                MM      MM       MM
SINCE 7/1          MM                MM      MM       MM
SNOWDEPTH AVG.     MM                MM      MM       MM
DAYS >= 1.0         0                MM      MM        0
GREATEST
 SNOW DEPTH        MM                                 MM  MM
 24 HR TOTAL       MM                                 MM

DEGREE_DAYS
HEATING TOTAL    1426              1291     135     1314
 SINCE 7/1       7610              8291    -681     7429
COOLING TOTAL       0                 0       0        0
 SINCE 1/1          0                 0       0        0
..........................................................

WIND (MPH)
AVERAGE WIND SPEED              12.0
HIGHEST WIND SPEED/DIRECTION    40/330    DATE  03/04
HIGHEST GUST SPEED/DIRECTION    53/030    DATE  03/14

SKY COVER
POSSIBLE SUNSHINE (PERCENT)   MM
AVERAGE SKY COVER           0.50
NUMBER OF DAYS FAIR           11
NUMBER OF DAYS PC             10
NUMBER OF DAYS CLOUDY         10

AVERAGE RH (PERCENT)     61

WEATHER CONDITIONS. NUMBER OF DAYS WITH
THUNDERSTORM              0     MIXED PRECIP               0
HEAVY RAIN                0     RAIN                       1
LIGHT RAIN                3     FREEZING RAIN              1
LT FREEZING RAIN          4     HAIL                       0
HEAVY SNOW                5     SNOW                      10
LIGHT SNOW               21     SLEET                      0
FOG                      10     FOG W/VIS <= 1/4 MILE      5
HAZE                      9

-  INDICATES NEGATIVE NUMBERS.
R  INDICATES RECORD WAS SET OR TIED.
MM INDICATES DATA IS MISSING.
T  INDICATES TRACE AMOUNT.

$$
