000
CXUS53 KDDC 011445
CLMGCK


CLIMATE REPORT
NATIONAL WEATHER SERVICE DODGE CITY KS
837 AM CST SUN FEB 1 2015

...................................

...THE GARDEN CITY REGIONAL ARPT KS CLIMATE SUMMARY FOR THE MONTH OF JANUARY 2015...

CLIMATE NORMAL PERIOD 1981 TO 2010
CLIMATE RECORD PERIOD 1948 TO 2015

WEATHER         OBSERVED          NORMAL  DEPART  LAST YEAR`S
                 VALUE   DATE(S)  VALUE   FROM    VALUE  DATE(S)
                                          NORMAL
................................................................
TEMPERATURE (F)
RECORD
 HIGH              79   01/27/2015
                        01/31/1989
                        01/12/1953
 LOW              -19   01/14/1979
HIGHEST            79R  01/27        MM      MM       68  01/19
LOWEST              1   01/04        MM      MM      -13  01/06
AVG. MAXIMUM     46.2              44.1     2.1     45.1
AVG. MINIMUM     19.5              17.7     1.8     17.1
MEAN             32.9              30.9     2.0     31.1
DAYS MAX >= 90      0               0.0     0.0        0
DAYS MAX <= 32      7               7.0     0.0        7
DAYS MIN <= 32     30              30.3    -0.3       31
DAYS MIN <= 0       0               1.3    -1.3        1

PRECIPITATION (INCHES)
RECORD
 MAXIMUM         1.43   1999
 MINIMUM         0.00   2012
                        2009
                        2003
                        1986
                        1969
TOTALS           0.38              0.34    0.04     0.03
DAYS >= .01         3               2.9     0.1        3
DAYS >= .10         2               1.3     0.7        0
DAYS >= .50         0               0.1    -0.1        0
DAYS >= 1.00        0               0.0     0.0        0
GREATEST
 24 HR. TOTAL    0.23   01/30 TO 01/31           01/31 TO 01/31

DEGREE_DAYS
HEATING TOTAL     991              1057     -66     1044
 SINCE 7/1       3012              3180    -168     3165
COOLING TOTAL       0                 0       0        0
 SINCE 1/1          0                 0       0        0
.....................................................

WIND (MPH)
AVERAGE WIND SPEED              11.3
HIGHEST WIND SPEED/DIRECTION    39/350    DATE  01/03
HIGHEST GUST SPEED/DIRECTION    49/360    DATE  01/03


WEATHER CONDITIONS. NUMBER OF DAYS WITH
THUNDERSTORM              0     MIXED PRECIP               0
HEAVY RAIN                0     RAIN                       1
LIGHT RAIN                4     FREEZING RAIN              0
LT FREEZING RAIN          0     HAIL                       0
HEAVY SNOW                0     SNOW                       1
LIGHT SNOW                6     SLEET                      0
FOG                       9     FOG W/VIS <= 1/4 MILE      0
HAZE                      4

-  INDICATES NEGATIVE NUMBERS.
R  INDICATES RECORD WAS SET OR TIED.
MM INDICATES DATA IS MISSING.
T  INDICATES TRACE AMOUNT.

$$
