000
CXUS56 KOTX 020117
CLMGEG

CLIMATE REPORT
NATIONAL WEATHER SERVICE SPOKANE, WA
609 PM PDT SAT AUG 1 2015

...................................

...THE SPOKANE WA AIRPORT CLIMATE SUMMARY FOR THE MONTH OF JULY 2015...

CLIMATE NORMAL PERIOD 1981 TO 2010
CLIMATE RECORD PERIOD 1881 TO 2015

WEATHER         OBSERVED          NORMAL  DEPART  LAST YEAR`S
                 VALUE   DATE(S)  VALUE   FROM    VALUE  DATE(S)
                                          NORMAL
................................................................
TEMPERATURE (F)
RECORD
 HIGH             108   07/26/1928
 LOW               37   07/08/1981
HIGHEST           100   07/31        MM      MM      100  07/29
LOWEST             49   07/28        MM      MM       48  07/24
AVG. MAXIMUM     87.1              83.3     3.8     89.4
AVG. MINIMUM     61.3              56.3     5.0     62.0
MEAN             74.2              69.8     4.4     75.7
DAYS MAX >= 90     13               7.2     5.8       18
DAYS MAX <= 32      0               0.0     0.0        0
DAYS MIN <= 32      0               0.0     0.0        0
DAYS MIN <= 0       0               0.0     0.0        0

PRECIPITATION (INCHES)
RECORD
 MAXIMUM         2.37   1909
 MINIMUM         0.00   1883
TOTALS           0.19              0.64   -0.45     0.18
DAILY AVG.       0.01              0.02   -0.01     0.01
DAYS >= .01         2               5.0    -3.0        3
DAYS >= .10         1               2.1    -1.1        1
DAYS >= .50         0               0.2    -0.2        0
DAYS >= 1.00        0               0.0     0.0        0
GREATEST
 24 HR. TOTAL    0.18   07/11 TO 07/11           07/14 TO 07/14
                                                          07/31 TO 07/31
                                                          07/31 TO 07/31

SNOWFALL (INCHES)
RECORDS
 TOTAL              T   MM
TOTALS            0.0               0.0     0.0      0.0
SINCE 7/1         0.0               0.0     0.0      0.0
SNOWDEPTH AVG.      0                MM      MM        0
DAYS >= 1.0         0               0.0     0.0        0
GREATEST
 SNOW DEPTH         0   MM                             0  MM
 24 HR TOTAL      0.0   07/31 TO 07/31           07/31 TO 07/31
                                                          07/31 TO 07/31
                                                          07/31 TO 07/31

DEGREE_DAYS
HEATING TOTAL       5                32     -27        7
 SINCE 7/1          5                32     -27        7
COOLING TOTAL     300               180     120      348
 SINCE 1/1        557               243     314      368
..................................................

WIND (MPH)
AVERAGE WIND SPEED              8.9
HIGHEST WIND SPEED/DIRECTION    30/240    DATE  07/25
HIGHEST GUST SPEED/DIRECTION    38/220    DATE  07/25

SKY COVER
POSSIBLE SUNSHINE (PERCENT)   MM
AVERAGE SKY COVER           0.40
NUMBER OF DAYS FAIR           14
NUMBER OF DAYS PC             14
NUMBER OF DAYS CLOUDY          3

AVERAGE RH (PERCENT)     36

WEATHER CONDITIONS. NUMBER OF DAYS WITH
THUNDERSTORM              0     MIXED PRECIP               0
HEAVY RAIN                0     RAIN                       1
LIGHT RAIN                4     FREEZING RAIN              0
LT FREEZING RAIN          0     HAIL                       0
HEAVY SNOW                0     SNOW                       0
LIGHT SNOW                0     SLEET                      0
FOG                       1     FOG W/VIS <= 1/4 MILE      0
HAZE                      3

-  INDICATES NEGATIVE NUMBERS.
R  INDICATES RECORD WAS SET OR TIED.
MM INDICATES DATA IS MISSING.
T  INDICATES TRACE AMOUNT.

$$

---------------------------------------------------------------------

AFTER A RECORD BREAKING HOT JUNE...THE FIRST 10 DAYS OF JULY BROUGHT
MORE OF THE SAME ACROSS HOT TEMPERATURES ACROSS NORTHEAST WASHINGTON
AND THE NORTH IDAHO PANHANDLE.  TEMPERATURES FOR THE FIRST 10 DAYS
WERE CONSISTENTLY BETWEEN 10 TO 15 DEGREES ABOVE NORMAL WITH HIGH
TEMPERATURES IN THE 90S.  THE STREAK OF HEAT FINALLY CAME TO AN END
ON THE 11TH AS HIGH PRESSURE BROKE DOWN.  SHOWERS AND THUNDERSTORMS
RESULTED WITH A HIGH OF ONLY 74 IN SPOKANE.  A COCORAHS OBSERVER 15
MILES NORTH OF DAVENPORT PICKED UP 1.34 INCHES.  THE SPOKANE AND
COEUR D`ALENE AREAS PICKED UP AROUND A QUARTER INCH OF RAIN. THE
12TH THROUGH THE 24TH BROUGHT UNEVENTFUL WEATHER EXCEPT ON THE 20TH
WHERE A WEATHER SYSTEM CLIPPING THE CANADIAN BORDER BROUGHT ABUNDANT
LIGHTNING NORTH OF A LINE FROM COLVILLE TO PRIEST LAKE BETWEEN 6 AM
AND 9 AM WHICH STARTED SEVERAL SMALL FIRES.  A COOLER AND SHOWERY
WEATHER PATTERN CAME IN FROM THE 25TH THROUGH THE 27TH BEFORE A
RETURN TO TYPICAL LATE JULY CONDITIONS TO FINISH OUT THE MONTH.

ONE RECORD WAS SET DURING THE MONTH AT THE SPOKANE AIRPORT.  A LOW
TEMPERATURE OF 71 DEGREES ON THE 5TH SET A RECORD FOR THE WARMEST
LOW TEMPERATURE FOR THE DATE.
