000
CXUS53 KFGF 010951
CLMGFK

CLIMATE REPORT
NATIONAL WEATHER SERVICE EASTERN NORTH DAKOTA/GRAND FORKS
450 AM CDT TUE AUG 1 2017

...................................

...THE GRAND FORKS CLIMATE SUMMARY FOR THE MONTH OF JULY 2017...

CLIMATE NORMAL PERIOD 1981 TO 2010
CLIMATE RECORD PERIOD 1948 TO 2017

WEATHER         OBSERVED          NORMAL  DEPART  LAST YEAR`S
                 VALUE   DATE(S)  VALUE   FROM    VALUE  DATE(S)
                                          NORMAL
................................................................
TEMPERATURE (F)
RECORD
 HIGH             104   07/05/1988
 LOW               30   07/03/1972
HIGHEST            94   07/04        81      13       90  07/25
                                                          07/04
LOWEST             49   07/02        57      -8       40  07/01
AVG. MAXIMUM     84.1              81.0     3.1     81.0
AVG. MINIMUM     58.6              56.3     2.3     58.5
MEAN             71.4              68.6     2.8     69.7
DAYS MAX >= 90      4               2.8     1.2        2
DAYS MAX <= 32      0               0.0     0.0        0
DAYS MIN <= 32      0               0.0     0.0        0
DAYS MIN <= 0       0               0.0     0.0        0

PRECIPITATION (INCHES)
RECORD
 MAXIMUM         9.08   1995
 MINIMUM         0.49   1989
TOTALS           1.17              3.15   -1.98     5.30
DAILY AVG.       0.04              0.10   -0.06     0.17
DAYS >= .01         9              10.5    -1.5       14
DAYS >= .10         3               5.6    -2.6        8
DAYS >= .50         0               1.8    -1.8        4
DAYS >= 1.00        0               0.7    -0.7        2
GREATEST
 24 HR. TOTAL    0.37   07/10 TO 07/11
                        07/11 TO 07/11
                        07/11 TO 07/12

SNOWFALL (INCHES)
RECORDS
 TOTAL             MM   MM
TOTALS            0.0               0.0     0.0      0.0
SINCE 7/1         0.0               0.0     0.0      0.0
SNOWDEPTH AVG.      0                MM      MM        0
DAYS >= 1.0         0               0.0     0.0        0
GREATEST
 SNOW DEPTH         0   MM                             0  MM
 24 HR TOTAL      0.0   07/31 TO 07/31

DEGREE_DAYS
HEATING TOTAL       8                28     -20       12
 SINCE 7/1          8                28     -20       12
COOLING TOTAL     213               141      72      167
 SINCE 1/1        313               233      80      267
.................................................................

WIND (MPH)
AVERAGE WIND SPEED              8.3
HIGHEST WIND SPEED/DIRECTION    30/220    DATE  07/11
HIGHEST GUST SPEED/DIRECTION    43/230    DATE  07/11

SKY COVER
POSSIBLE SUNSHINE (PERCENT)   MM
AVERAGE SKY COVER           0.40
NUMBER OF DAYS FAIR           18
NUMBER OF DAYS PC             12
NUMBER OF DAYS CLOUDY          1

AVERAGE RH (PERCENT)     73

WEATHER CONDITIONS. NUMBER OF DAYS WITH
THUNDERSTORM              0     MIXED PRECIP               0
HEAVY RAIN                2     RAIN                       2
LIGHT RAIN               10     FREEZING RAIN              0
LT FREEZING RAIN          0     HAIL                       0
HEAVY SNOW                0     SNOW                       0
LIGHT SNOW                0     SLEET                      0
FOG                      11     FOG W/VIS <= 1/4 MILE      1
HAZE                      1

-  INDICATES NEGATIVE NUMBERS.
R  INDICATES RECORD WAS SET OR TIED.
MM INDICATES DATA IS MISSING.
T  INDICATES TRACE AMOUNT.

&&

REMARKS...

THE MONTH OF JULY WAS SLIGHTLY ABOVE NORMAL WITH RESPECT TO
TEMPERATURES. THE AVERAGE TEMPERATURE FOR JULY WAS 71.4 DEGREES
WHICH IS 2.8 DEGREES ABOVE NORMAL.

PRECIPITATION FOR JULY WAS MUCH BELOW NORMAL. THE TOTAL
RAINFALL FOR THE MONTH WAS 1.17 INCHES WHICH IS 1.98 INCHES BELOW
NORMAL.

REMEMBER...THIS DATA IS PROVISIONAL AND SUBJECT TO CHANGE. THE FINAL
AND OFFICIAL RECORDS WILL BE AVAILABLE FROM THE NATIONAL CENTERS FOR
ENVIRONMENTAL INFORMATION (FORMERLY THE NATIONAL CLIMATE DATA
CENTER).

$$
