000
CXUS55 KGGW 011239
CLMGGW

CLIMATE REPORT
NATIONAL WEATHER SERVICE GLASGOW MT
640 AM MDT WED JUL 1 2015

...................................

...THE GLASGOW CLIMATE SUMMARY FOR THE MONTH OF JUNE 2015...

CLIMATE NORMAL PERIOD 1981 TO 2010
CLIMATE RECORD PERIOD 1893 TO 2015

WEATHER         OBSERVED          NORMAL  DEPART  LAST YEAR`S
                 VALUE   DATE(S)  VALUE   FROM    VALUE  DATE(S)
                                          NORMAL
................................................................
TEMPERATURE (F)
RECORD
 HIGH             110   06/17/1933
 LOW               24   06/02/1919
HIGHEST            98   06/29                         85  06/09
LOWEST             42   06/15                         38  06/12
                                                          06/07
AVG. MAXIMUM     80.9              76.7     4.2     74.4
AVG. MINIMUM     54.0              51.3     2.7     49.2
MEAN             67.4              64.0     3.4     61.8
DAYS MAX >= 90      6                                  0
DAYS MAX <= 32      0                                  0
DAYS MIN <= 32      0                                  0
DAYS MIN <= 0       0                                  0

PRECIPITATION (INCHES)
RECORD
 MAXIMUM        10.29   1923
 MINIMUM         0.07   1903
TOTALS           2.58              2.33    0.25     2.26
DAILY AVG.       0.09              0.08    0.01     0.08
DAYS >= .01         7                                 10
DAYS >= .10         5                                  6
DAYS >= .50         1                                  1
DAYS >= 1.00        1                                  1
GREATEST
 24 HR. TOTAL    1.36   06/02 TO 06/02

SNOWFALL (INCHES)
RECORDS
 TOTAL            1.3   1950
 SNOW DEPTH         T   MM
TOTALS            0.0               0.0     0.0      0.0
 LIQUID EQUIV    0.00              0.00    0.00     0.00
SINCE 7/1        43.2              34.8     8.4     30.4
 LIQUID 7/1      4.32              3.50    0.82     3.04
SNOWDEPTH AVG.      0                                  0
DAYS >= TRACE       0                                  0
DAYS >= 1.0         0                                  0
GREATEST
 SNOW DEPTH         0   MM                             0  MM
 24 HR TOTAL      0.0   06/30 TO 06/30

DEGREE_DAYS
HEATING TOTAL      46               105     -59      108
 SINCE 7/1       7816              8436    -620     8916
COOLING TOTAL     127                75      52       20
 SINCE 1/1        127                92      35       54
.................................................................

WIND (MPH)
AVERAGE WIND SPEED              10.1
RESULTANT WIND SPEED/DIRECTION   4/081
HIGHEST WIND SPEED/DIRECTION    44/310    DATE  06/17
HIGHEST GUST SPEED/DIRECTION    58/310    DATE  06/17

SKY COVER
POSSIBLE SUNSHINE (PERCENT)   MM
AVERAGE SKY COVER           0.20
NUMBER OF DAYS FAIR           23
NUMBER OF DAYS PC              5
NUMBER OF DAYS CLOUDY          1

AVERAGE RH (PERCENT)     57

WEATHER CONDITIONS. NUMBER OF DAYS WITH
THUNDERSTORM              0     MIXED PRECIP               0
HEAVY RAIN                4     RAIN                       5
LIGHT RAIN               11     FREEZING RAIN              0
LT FREEZING RAIN          0     HAIL                       0
HEAVY SNOW                0     SNOW                       0
LIGHT SNOW                0     SLEET                      0
FOG                       5     FOG W/VIS <= 1/4 MILE      0
HAZE                      2

-  INDICATES NEGATIVE NUMBERS.
R  INDICATES RECORD WAS SET OR TIED.
MM INDICATES DATA IS MISSING.
T  INDICATES TRACE AMOUNT.

&&

JUNE WOUND UP WARMER AND WETTER THAN NORMAL. THE AVERAGE TEMPERATURE
OF 67.4 DEGREES WAS 3.4 DEGREES WARMER THAN NORMAL. THE AVERAGE HIGH
TEMPERATURE WAS 80.9 DEGREES...WITH AN AVERAGE LOW OF 54.0 DEGREES.
THE HIGH REACHED 90 DEGREES OR WARMER ON SIX DAYS...WITH THE WARMEST
OCCURRING ON THE 29TH WHEN THE HIGH REACHED 98 DEGREES. THE COOLEST
READING WAS 42 DEGREES ON THE 15TH.

2.58 INCHES OF RAIN FELL IN GLASGOW...WHICH WAS 0.25 INCHES ABOVE
NORMAL. MEASURABLE RAIN FELL ON SEVEN DAYS...WITH A TENTH OF INCH OR
MORE OCCURRING ON FIVE DAYS. THE MOST RAIN FELL ON THE 2ND...WHEN
1.36 INCHES WAS MEASURED. THROUGH THE END OF JUNE...6.90 INCHES OF
MOISTURE HAS BEEN MEASURED IN GLASGOW FOR THE YEAR. THAT IS 0.75
INCHES ABOVE NORMAL.

THE WIND GUSTED TO 30 MPH OR GREATER ON 10 DAYS. THE HIGHEST WIND
GUST WAS 58 MPH FROM A THUNDERSTORM ON THE 17TH.

LOOKING AHEAD TO JULY...NORMAL HIGH TEMPERATURES FOR THE MONTH BEGIN
IN THE LOWER 80S ENDING IN THE UPPER 80S. NORMAL LOWS START OUT IN
THE MID 50S WINDING UP IN THE UPPER 50S. AVERAGE RAINFALL FOR JULY
IS 1.78 INCHES.

$$

BB
