000
CXUS55 KGGW 011356
CLMGGW

CLIMATE REPORT
NATIONAL WEATHER SERVICE GLASGOW MT
750 AM MDT FRI JUL 1 2016

...................................

...THE GLASGOW CLIMATE SUMMARY FOR THE MONTH OF JUNE 2016...

CLIMATE NORMAL PERIOD 1981 TO 2010
CLIMATE RECORD PERIOD 1893 TO 2016

WEATHER         OBSERVED          NORMAL  DEPART  LAST YEAR`S
                 VALUE   DATE(S)  VALUE   FROM    VALUE  DATE(S)
                                          NORMAL
................................................................
TEMPERATURE (F)
RECORD
 HIGH             110   06/17/1933
 LOW               24   06/02/1919
HIGHEST            92   06/08                         98  06/29
LOWEST             44   06/01                         42  06/15
AVG. MAXIMUM     79.6              76.7     2.9     80.9
AVG. MINIMUM     52.4              51.3     1.1     54.0
MEAN             66.0              64.0     2.0     67.4
DAYS MAX >= 90      1                                  6
DAYS MAX <= 32      0                                  0
DAYS MIN <= 32      0                                  0
DAYS MIN <= 0       0                                  0

PRECIPITATION (INCHES)
RECORD
 MAXIMUM        10.29   1923
 MINIMUM         0.07   1903
TOTALS           3.51              2.33    1.18     2.58
DAILY AVG.       0.12              0.08    0.04     0.09
DAYS >= .01        12                                  7
DAYS >= .10         8                                  5
DAYS >= .50         2                                  1
DAYS >= 1.00        1                                  1
GREATEST
 24 HR. TOTAL    1.46   06/11 TO 06/12

SNOWFALL (INCHES)
RECORDS
 TOTAL            1.3   1950
 SNOW DEPTH         T   MM
TOTALS            0.0               0.0     0.0      0.0
 LIQUID EQUIV    0.00              0.00    0.00     0.00
SINCE 7/1        27.6              34.8    -7.2     43.2
 LIQUID 7/1        MM                MM      MM       MM
SNOWDEPTH AVG.      0                                  0
DAYS >= TRACE       0                                  0
DAYS >= 1.0         0                                  0
GREATEST
 SNOW DEPTH         0   MM                             0  MM
 24 HR TOTAL      0.0   06/30 TO 06/30

DEGREE_DAYS
HEATING TOTAL      32               105     -73       46
 SINCE 7/1       7089              8436   -1347     7816
COOLING TOTAL      69                75      -6      127
 SINCE 1/1         80                92     -12      127
.................................................................

WIND (MPH)
AVERAGE WIND SPEED              11.1
RESULTANT WIND SPEED/DIRECTION   2/059
HIGHEST WIND SPEED/DIRECTION    44/310    DATE  06/24
HIGHEST GUST SPEED/DIRECTION    61/310    DATE  06/18

SKY COVER
POSSIBLE SUNSHINE (PERCENT)   MM
AVERAGE SKY COVER           0.10
NUMBER OF DAYS FAIR           27
NUMBER OF DAYS PC              3
NUMBER OF DAYS CLOUDY          0

AVERAGE RH (PERCENT)     61

WEATHER CONDITIONS. NUMBER OF DAYS WITH
THUNDERSTORM              0     MIXED PRECIP               0
HEAVY RAIN                6     RAIN                       8
LIGHT RAIN               13     FREEZING RAIN              0
LT FREEZING RAIN          0     HAIL                       2
HEAVY SNOW                0     SNOW                       0
LIGHT SNOW                0     SLEET                      0
FOG                       7     FOG W/VIS <= 1/4 MILE      0
HAZE                      1

-  INDICATES NEGATIVE NUMBERS.
R  INDICATES RECORD WAS SET OR TIED.
MM INDICATES DATA IS MISSING.
T  INDICATES TRACE AMOUNT.

&&

JUNE WAS WARMER AND DRIER THAN NORMAL. THE AVERAGE TEMPERATURE WAS
66 DEGREES...WHICH WAS 2 DEGREES WARMER THAN NORMAL. THE AVERAGE
HIGH WAS 79.6 DEGREES WHILE THE AVERAGE LOW WAS 52.4 DEGREES. ONLY
ONE DAY GOT ABOVE 90 DEGREES DURING THE MONTH AND THAT OCCURED ON
THE 8TH WHEN THE HIGH REACHED 92 DEGREES. THE COOLEST READING WAS 44
DEGREES ON THE 1ST.

3.51 INCHES OF RAIN FELL DURING THE MONTH...WHICH WAS 1.18 INCHES
ABOVE NORMAL. MEASURABLE RAINFALL OCCURED ON TWELVE DAYS IN JUNE...
WITH 1.36 INCHES FALLING ON THE 11TH. THUNDER WAS REPORTED ON ELEVEN
DAYS...WHILE HAIL FELL ON TWO DAYS.

THE WIND GUSTED TO 30 MPH OR GREATER ON SEVENTEEN DAYS...AND IN
EXCESS OF 40 MPH ON EIGHT DAYS. A PEAK WIND OF 61 MPH WAS MEASURED
ON THE 18TH.

LOOKING AHEAD TO JULY...THE AVERAGE TEMPERATURE FOR THE MONTH IS
71.1 DEGREES. NORMAL HIGHS BEGIN IN THE LOWER 80S...WITH LOWS IN THE
MID 50S. BY THE END OF THE MONTH...NORMAL HIGHS ARE IN THE UPPER 80S
WITH LOWS IN THE UPPER 50S. NORMAL RAINFALL FOR THE MONTH IS 1.78
INCHES.

$$

BB
