000
CXUS52 KJAX 011857
CLMGNV

MIACLMGNV 000
TTAA00 KJAX 011853


CLIMATE REPORT
NATIONAL WEATHER SERVICE JACKSONVILLE FL
157 PM EST SUN MAR 1 2015

...................................

...THE GAINESVILLE CLIMATE SUMMARY FOR THE MONTH OF FEBRUARY 2015...

CLIMATE NORMAL PERIOD 1981 TO 2010
CLIMATE RECORD PERIOD 1890 TO 2015

WEATHER         OBSERVED          NORMAL  DEPART  LAST YEAR`S
                 VALUE   DATE(S)  VALUE   FROM    VALUE  DATE(S)
                                          NORMAL
................................................................
TEMPERATURE (F)
RECORD
 HIGH              88   02/26/1971
                        02/24/1962
 LOW                6   02/13/1899
HIGHEST            80   02/22        69      11       84  02/20
                                                          02/03
LOWEST             22   02/20        45     -23       30  02/14
AVG. MAXIMUM     65.4              69.6    -4.2     70.3
AVG. MINIMUM     40.1              45.3    -5.2     47.3
MEAN             52.8              57.5    -4.7     58.8
DAYS MAX >= 90      0               0.0     0.0        0
DAYS MAX <= 32      0               0.0     0.0        0
DAYS MIN <= 32      6               3.0     3.0        2
DAYS MIN <= 0       0               0.0     0.0        0

PRECIPITATION (INCHES)
RECORD
 MAXIMUM        11.58   1998
 MINIMUM         0.12   1943
TOTALS           2.02              3.20   -1.18     4.37
DAILY AVG.       0.07              0.11   -0.04     0.16
DAYS >= .01         9               7.2     1.8        9
DAYS >= .10         5               4.4     0.6        7
DAYS >= .50         1               2.3    -1.3        4
DAYS >= 1.00        1               1.0     0.0        1
GREATEST
 24 HR. TOTAL    1.10

SNOWFALL (INCHES)
RECORDS
 TOTAL              T   1988
TOTALS            0.0               0.0     0.0      0.0
SINCE 7/1         0.0               0.0     0.0      0.0
SNOWDEPTH AVG.      0                MM      MM        0
DAYS >= 1.0         0               0.0     0.0        0
GREATEST
 SNOW DEPTH         0   MM                             0  MM
 24 HR TOTAL      0.0

DEGREE_DAYS
HEATING TOTAL     336               232     104      195
 SINCE 7/1       1151              1034     117      910
COOLING TOTAL       1                20     -19       27
 SINCE 1/1         15                32     -17       37
.................................................................

WIND (MPH)
AVERAGE WIND SPEED              7.1
HIGHEST WIND SPEED/DIRECTION    32/260    DATE  02/26
HIGHEST GUST SPEED/DIRECTION    46/200    DATE  02/26

SKY COVER
POSSIBLE SUNSHINE (PERCENT)   MM
AVERAGE SKY COVER           0.40
NUMBER OF DAYS FAIR           16
NUMBER OF DAYS PC              5
NUMBER OF DAYS CLOUDY          7

AVERAGE RH (PERCENT)     70

WEATHER CONDITIONS. NUMBER OF DAYS WITH
THUNDERSTORM              0     MIXED PRECIP               0
HEAVY RAIN                2     RAIN                       4
LIGHT RAIN               10     FREEZING RAIN              0
LT FREEZING RAIN          0     HAIL                       0
HEAVY SNOW                0     SNOW                       0
LIGHT SNOW                0     SLEET                      0
FOG                      16     FOG W/VIS <= 1/4 MILE      3
HAZE                      1

-  INDICATES NEGATIVE NUMBERS.
R  INDICATES RECORD WAS SET OR TIED.
MM INDICATES DATA IS MISSING.
T  INDICATES TRACE AMOUNT.

$$
