000
CXUS52 KJAX 010915 RRA
CLMGNV

CLIMATE REPORT
NATIONAL WEATHER SERVICE JACKSONVILLE FL
413 AM EST SUN JAN 1 2017

...................................

...THE GAINESVILLE CLIMATE SUMMARY FOR THE YEAR OF 2016...

CLIMATE NORMAL PERIOD 1981 TO 2010
CLIMATE RECORD PERIOD 1890 TO 2016

WEATHER         OBSERVED          NORMAL  DEPART  LAST YEAR`S
                 VALUE   DATE(S)  VALUE   FROM    VALUE  DATE(S)
                                          NORMAL
................................................................
TEMPERATURE (F)
RECORD
 HIGH             104   06/27/1952
 LOW                6   02/13/1899
HIGHEST            98   07/31        80      18      100  06/16
LOWEST             25   01/24        57     -32       22  02/20
                        01/20
AVG. MAXIMUM     82.3              80.0     2.3     82.0
AVG. MINIMUM     58.7              57.8     0.9     60.6
MEAN             70.5              68.9     1.6     71.3
DAYS MAX >= 90    106              72.7    33.3       90
DAYS MAX <= 32      0               0.1    -0.1        0
DAYS MIN <= 32     16              14.4     1.6       10
DAYS MIN <= 0       0               0.0     0.0        0

PRECIPITATION (INCHES)
RECORD
 MAXIMUM        73.30   1953
 MINIMUM        32.79   1917
TOTALS          42.05             47.41   -5.36    47.18
DAILY AVG.       0.12              0.13   -0.01     0.13
DAYS >= .01        98             114.4   -16.4      125
DAYS >= .10        59              73.9   -14.9       90
DAYS >= .50        18              30.7   -12.7       30
DAYS >= 1.00       12              13.5    -1.5       15
GREATEST
 24 HR. TOTAL    6.31   MM                       12/31 TO 12/31
                                                          12/31 TO 12/31
                                                          12/31 TO 12/31
 STORM TOTAL       MM                                 MM
 (MM/DD(HH))            MM                    12/31(00) TO 12/31(00)
                                                 12/31(00) TO 12/31(00)1
                                                 12/31(00) TO 12/31(00)1

SNOWFALL (INCHES)
RECORDS
 TOTAL             MM   MM
 24 HR TOTAL       MM
 SNOW DEPTH        MM   MM
TOTALS            0.0               0.0     0.0      0.0
 LIQUID EQUIV    0.00              0.00    0.00     0.00
SINCE 7/1         0.0               0.0     0.0      0.0
 LIQUID 7/1      0.00              0.00    0.00     0.00
SNOWDEPTH AVG.      0                MM      MM        0
DAYS >= TRACE       0               0.0     0.0        0
DAYS >= 1.0         0               0.0     0.0        0
GREATEST
 SNOW DEPTH         0   MM                             0  MM
 24 HR TOTAL      0.0   MM                       12/31 TO 12/31
                                                          12/31 TO 12/31
                                                          12/31 TO 12/31
 STORM TOTAL       MM                                 MM
 (MM/DD(HH))            MM                    12/31(00) TO 12/31(00)
                                                 12/31(00) TO 12/31(00)1
                                                 12/31(00) TO 12/31(00)1

DEGREE_DAYS
HEATING TOTAL     985              1218    -233      845
 SINCE 7/1        244               457    -213      111
COOLING TOTAL    3110              2639     471     3272
 SINCE 1/1       3110              2638     472     3272

FREEZE DATES
RECORD
 EARLIEST     10/29/2008
 LATEST       04/17/1962
EARLIEST                        12/04
LATEST                          02/24
..................................................

WIND (MPH)
AVERAGE WIND SPEED              5.7
RESULTANT WIND SPEED/DIRECTION   0/006
HIGHEST WIND SPEED/DIRECTION    37/320    DATE  05/13
HIGHEST GUST SPEED/DIRECTION    54/310    DATE  05/13

AVERAGE RH (PERCENT)     71


-  INDICATES NEGATIVE NUMBERS.
R  INDICATES RECORD WAS SET OR TIED.
MM INDICATES DATA IS MISSING.
T  INDICATES TRACE AMOUNT.

$$
