000
CXUS53 KGRB 010630
CLMGRB


CLIMATE REPORT
NATIONAL WEATHER SERVICE GREEN BAY
129 AM CDT FRI SEP 1 2017

...................................

...THE GREEN BAY WI CLIMATE SUMMARY FOR THE MONTH OF AUGUST 2017...

CLIMATE NORMAL PERIOD 1981 TO 2010
CLIMATE RECORD PERIOD 1886 TO 2017

WEATHER         OBSERVED          NORMAL  DEPART  LAST YEAR`S
                 VALUE   DATE(S)  VALUE   FROM    VALUE  DATE(S)
                                          NORMAL
................................................................
TEMPERATURE (F)
RECORD
 HIGH             100   08/24/1948
 LOW               38   08/22/1967
                        08/29/1965
                        08/22/1950
HIGHEST            84   08/01        90      -6       89  08/10
                                                          08/03
LOWEST             43   08/25        44      -1       50  08/22
AVG. MAXIMUM     75.5              77.7    -2.2     80.9
AVG. MINIMUM     55.7              56.9    -1.2     60.4
MEAN             65.6              67.3    -1.7     70.7
DAYS MAX >= 90      0               0.6    -0.6        0
DAYS MAX <= 32      0               0.0     0.0        0
DAYS MIN <= 32      0               0.0     0.0        0
DAYS MIN <= 0       0               0.0     0.0        0

PRECIPITATION (INCHES)
RECORD
 MAXIMUM         9.04   1975
 MINIMUM         0.36   1899
TOTALS           4.05              3.37    0.68     2.78
DAILY AVG.       0.13              0.11    0.02     0.09
DAYS >= .01        14              10.4     3.6        7
DAYS >= .10        10               6.6     3.4        5
DAYS >= .50         4               2.1     1.9        3
DAYS >= 1.00        0               0.6    -0.6        1
GREATEST
 24 HR. TOTAL    0.91   08/30 TO 08/30

SNOWFALL (INCHES)
RECORDS
 TOTAL            0.0   MM
TOTALS            0.0               0.0     0.0      0.0
SINCE 7/1         0.0               0.0     0.0      0.0
SNOWDEPTH AVG.      0                MM      MM        0
DAYS >= 1.0         0               0.0     0.0        0
GREATEST
 SNOW DEPTH         0   MM                             0  MM
 24 HR TOTAL      0.0   08/31 TO 08/31

DEGREE_DAYS
HEATING TOTAL      40                40       0        7
 SINCE 7/1         41                63     -22       13
COOLING TOTAL      68               111     -43      191
 SINCE 1/1        377               362      15      522
.................................................................

WIND (MPH)
AVERAGE WIND SPEED              6.3
HIGHEST WIND SPEED/DIRECTION    22/300    DATE  08/22
HIGHEST GUST SPEED/DIRECTION    30/250    DATE  08/17

SKY COVER
POSSIBLE SUNSHINE (PERCENT)   MM
AVERAGE SKY COVER           0.40
NUMBER OF DAYS FAIR           18
NUMBER OF DAYS PC              8
NUMBER OF DAYS CLOUDY          5

AVERAGE RH (PERCENT)     80

WEATHER CONDITIONS. NUMBER OF DAYS WITH
THUNDERSTORM              0     MIXED PRECIP               0
HEAVY RAIN                8     RAIN                       5
LIGHT RAIN               15     FREEZING RAIN              0
LT FREEZING RAIN          0     HAIL                       0
HEAVY SNOW                0     SNOW                       0
LIGHT SNOW                0     SLEET                      0
FOG                      19     FOG W/VIS <= 1/4 MILE      3
HAZE                      0

-  INDICATES NEGATIVE NUMBERS.
R  INDICATES RECORD WAS SET OR TIED.
MM INDICATES DATA IS MISSING.
T  INDICATES TRACE AMOUNT.

$$
