000
CXUS53 KGRB 011524
CLMGRB


CLIMATE REPORT
NATIONAL WEATHER SERVICE GREEN BAY
1021 AM CDT WED NOV 1 2017

...................................

...THE GREEN BAY WI CLIMATE SUMMARY FOR THE MONTH OF OCTOBER 2017...

CLIMATE NORMAL PERIOD 1981 TO 2010
CLIMATE RECORD PERIOD 1886 TO 2017

WEATHER         OBSERVED          NORMAL  DEPART  LAST YEAR`S
                 VALUE   DATE(S)  VALUE   FROM    VALUE  DATE(S)
                                          NORMAL
................................................................
TEMPERATURE (F)
RECORD
 HIGH              88   10/06/1963
 LOW                8   10/25/1887
HIGHEST            78   10/03        77       1       77  10/17
                        10/02
LOWEST             26   10/29        24       2       30  10/25
AVG. MAXIMUM     61.3              56.6     4.7     62.1
AVG. MINIMUM     44.4              37.7     6.7     43.3
MEAN             52.9              47.1     5.8     52.7
DAYS MAX >= 90      0               0.0     0.0        0
DAYS MAX <= 32      0               0.1    -0.1        0
DAYS MIN <= 32      3               8.5    -5.5        2
DAYS MIN <= 0       0               0.0     0.0        0

PRECIPITATION (INCHES)
RECORD
 MAXIMUM         5.40   1886
 MINIMUM            T   1952
TOTALS           3.12              2.44    0.68     2.66
DAILY AVG.       0.10              0.08    0.02     0.09
DAYS >= .01         8              10.5    -2.5        9
DAYS >= .10         7               5.6     1.4        5
DAYS >= .50         2               1.3     0.7        2
DAYS >= 1.00        1               0.4     0.6        1
GREATEST
 24 HR. TOTAL    1.04   10/14 TO 10/14

SNOWFALL (INCHES)
RECORDS
 TOTAL           10.3   1887
TOTALS              T               0.2    -0.2      0.0
SINCE 7/1           T               0.2    -0.2      0.0
SNOWDEPTH AVG.      0                MM      MM        0
DAYS >= 1.0         0               0.1    -0.1        0
GREATEST
 SNOW DEPTH         0   MM                             0  MM
 24 HR TOTAL        T   10/31 TO 10/31

DEGREE_DAYS
HEATING TOTAL     376               556    -180      376
 SINCE 7/1        537               826    -289      454
COOLING TOTAL       8                 3       5        3
 SINCE 1/1        477               398      79      577
.................................................................

WIND (MPH)
AVERAGE WIND SPEED              9.2
HIGHEST WIND SPEED/DIRECTION    28/310    DATE  10/24
HIGHEST GUST SPEED/DIRECTION    37/320    DATE  10/15

SKY COVER
POSSIBLE SUNSHINE (PERCENT)   MM
AVERAGE SKY COVER           0.50
NUMBER OF DAYS FAIR           13
NUMBER OF DAYS PC              6
NUMBER OF DAYS CLOUDY         12

AVERAGE RH (PERCENT)     77

WEATHER CONDITIONS. NUMBER OF DAYS WITH
THUNDERSTORM              1     MIXED PRECIP               0
HEAVY RAIN                3     RAIN                       4
LIGHT RAIN               17     FREEZING RAIN              0
LT FREEZING RAIN          0     HAIL                       0
HEAVY SNOW                0     SNOW                       0
LIGHT SNOW                1     SLEET                      0
FOG                      10     FOG W/VIS <= 1/4 MILE      1
HAZE                      1

-  INDICATES NEGATIVE NUMBERS.
R  INDICATES RECORD WAS SET OR TIED.
MM INDICATES DATA IS MISSING.
T  INDICATES TRACE AMOUNT.

$$
