000
CXUS53 KGRB 010953
CLMGRB


CLIMATE REPORT
NATIONAL WEATHER SERVICE GREEN BAY
447 AM CDT SAT JUL 1 2017

...28TH WARMEST JUNE ON RECORD...

...................................

...THE GREEN BAY WI CLIMATE SUMMARY FOR THE MONTH OF JUNE 2017...

CLIMATE NORMAL PERIOD 1981 TO 2010
CLIMATE RECORD PERIOD 1886 TO 2017

WEATHER         OBSERVED          NORMAL  DEPART  LAST YEAR`S
                 VALUE   DATE(S)  VALUE   FROM    VALUE  DATE(S)
                                          NORMAL
................................................................
TEMPERATURE (F)
RECORD
 HIGH             100   06/30/1931
                        06/29/1931
                        06/30/1910
 LOW               32   06/06/1958
HIGHEST            88   06/10        90      -2       91  06/11
LOWEST             44   06/01        40       4       44  06/08
AVG. MAXIMUM     78.3              75.3     3.0     78.2
AVG. MINIMUM     57.2              54.1     3.1     56.3
MEAN             67.7              64.7     3.0     67.2
DAYS MAX >= 90      0               1.1    -1.1        2
DAYS MAX <= 32      0               0.0     0.0        0
DAYS MIN <= 32      0               0.0     0.0        0
DAYS MIN <= 0       0               0.0     0.0        0

PRECIPITATION (INCHES)
RECORD
 MAXIMUM        10.29   1990
 MINIMUM         0.31   1976
TOTALS           3.78              3.88   -0.10     4.44
DAILY AVG.       0.13              0.13    0.00     0.15
DAYS >= .01        15              10.3     4.7       12
DAYS >= .10        10               6.7     3.3       10
DAYS >= .50         2               2.8    -0.8        4
DAYS >= 1.00        0               1.1    -1.1        1
GREATEST
 24 HR. TOTAL    0.60   06/12 TO 06/12

SNOWFALL (INCHES)
RECORDS
 TOTAL            0.0   MM
TOTALS            0.0               0.0     0.0      0.0
SINCE 7/1        53.2              51.4     1.8     50.0
SNOWDEPTH AVG.      0                MM      MM        0
DAYS >= 1.0         0               0.0     0.0        0
GREATEST
 SNOW DEPTH         0   MM                             0  MM

DEGREE_DAYS
HEATING TOTAL      27                92     -65       25
 SINCE 7/1       6414              7955   -1541     6622
COOLING TOTAL     115                83      32      100
 SINCE 1/1        123               101      22      133
.................................................................

WIND (MPH)
AVERAGE WIND SPEED              8.4
HIGHEST WIND SPEED/DIRECTION    40/210    DATE  06/14
HIGHEST GUST SPEED/DIRECTION    53/210    DATE  06/14

SKY COVER
POSSIBLE SUNSHINE (PERCENT)   MM
AVERAGE SKY COVER           0.30
NUMBER OF DAYS FAIR           17
NUMBER OF DAYS PC             13
NUMBER OF DAYS CLOUDY          0

AVERAGE RH (PERCENT)     74

WEATHER CONDITIONS. NUMBER OF DAYS WITH
THUNDERSTORM             11     MIXED PRECIP               0
HEAVY RAIN                9     RAIN                      10
LIGHT RAIN               18     FREEZING RAIN              0
LT FREEZING RAIN          0     HAIL                       0
HEAVY SNOW                0     SNOW                       0
LIGHT SNOW                0     SLEET                      0
FOG                      17     FOG W/VIS <= 1/4 MILE      1
HAZE                      3

-  INDICATES NEGATIVE NUMBERS.
R  INDICATES RECORD WAS SET OR TIED.
MM INDICATES DATA IS MISSING.
T  INDICATES TRACE AMOUNT.

$$
