000
CXUS53 KGID 021347 CCA
CLMGRI

CLIMATE REPORT...CORRECTED
NATIONAL WEATHER SERVICE HASTINGS NE
350 PM CST SUN MAR 1 2015

...CORRECTED GREATEST 24 HOUR PRECIPITATION AMOUNT...

...................................

...THE GRAND ISLAND NE CLIMATE SUMMARY FOR THE MONTH OF FEBRUARY 2015...

CLIMATE NORMAL PERIOD 1981 TO 2010
CLIMATE RECORD PERIOD 1895 TO 2015

WEATHER         OBSERVED          NORMAL  DEPART  LAST YEAR`S
                 VALUE   DATE(S)  VALUE   FROM    VALUE  DATE(S)
                                          NORMAL
................................................................
TEMPERATURE (F)
RECORD
 HIGH              80   02/25/1995
 LOW              -34   02/12/1899
HIGHEST            64   02/08        65      -1       66  02/18
LOWEST             -9   02/02        -4      -5      -14  02/06
AVG. MAXIMUM     36.3              39.8    -3.5     33.5
AVG. MINIMUM     11.4              18.4    -7.0     13.4
MEAN             23.8              29.1    -5.3     23.4
DAYS MAX >= 90      0               0.0     0.0        0
DAYS MAX <= 32     13               8.5     4.5       15
DAYS MIN <= 32     26              25.6     0.4       27
DAYS MIN <= 0       7               2.3     4.7        3

PRECIPITATION (INCHES)
RECORD
 MAXIMUM         4.39   1903
 MINIMUM         0.01   1904
TOTALS           0.70              0.68    0.02     0.33
DAILY AVG.       0.03              0.02    0.01     0.01
DAYS >= .01         4               5.1    -1.1        8
DAYS >= .10         3               2.1     0.9        1
DAYS >= .50         0               0.2    -0.2        0
DAYS >= 1.00        0               0.0     0.0        0
GREATEST
 24 HR. TOTAL    0.52   01/31 TO 02/01

SNOWFALL (INCHES)
RECORDS
 TOTAL           29.7   1915
TOTALS           11.1               6.3     4.8      6.6
SINCE 7/1        22.9              22.1     0.8     13.5
SNOWDEPTH AVG.      1                 3      -2        1
DAYS >= 1.0         3               2.1     0.9        3
GREATEST
 SNOW DEPTH         7   02/05                          3  02/11
                                                          02/10

DEGREE_DAYS
HEATING TOTAL    1145              1005     140     1156
 SINCE 7/1       4737              4761     -24     4835
COOLING TOTAL       0                 0       0        0
 SINCE 1/1          0                 0       0        0
.................................................................

WIND (MPH)
AVERAGE WIND SPEED              11.7
HIGHEST WIND SPEED/DIRECTION    37/340    DATE  02/01
HIGHEST GUST SPEED/DIRECTION    45/340    DATE  02/01

SKY COVER
POSSIBLE SUNSHINE (PERCENT)   MM
NUMBER OF DAYS FAIR           13
NUMBER OF DAYS PC             13
NUMBER OF DAYS CLOUDY          2

AVERAGE RH (PERCENT)     67

WEATHER CONDITIONS. NUMBER OF DAYS WITH
THUNDERSTORM              1     MIXED PRECIP               0
HEAVY RAIN                0     RAIN                       0
LIGHT RAIN                1     FREEZING RAIN              0
LT FREEZING RAIN          0     HAIL                       0
HEAVY SNOW                2     SNOW                       3
LIGHT SNOW                8     SLEET                      0
FOG                      10     FOG W/VIS <= 1/4 MILE      4
HAZE                      5

-  INDICATES NEGATIVE NUMBERS.
R  INDICATES RECORD WAS SET OR TIED.
MM INDICATES DATA IS MISSING.
T  INDICATES TRACE AMOUNT.

$$
