000
CXUS52 KRAH 011515
CLMGSO


CLIMATE REPORT
NATIONAL WEATHER SERVICE RALEIGH NC
1005 AM EST THU DEC 1 2016

...................................

...THE PIEDMONT TRIAD INTL AIRPORT CLIMATE SUMMARY FOR THE MONTH OF NOVEMBER 2016...

CLIMATE NORMAL PERIOD 1981 TO 2010
CLIMATE RECORD PERIOD 1903 TO 2016

WEATHER         OBSERVED          NORMAL  DEPART  LAST YEAR`S
                 VALUE   DATE(S)  VALUE   FROM    VALUE
                                          NORMAL
.............................................................
TEMPERATURE (F)
RECORD
 HIGH              85   11/02/1974
 LOW               10   11/25/1970
                        11/30/1929
HIGHEST            82   11/03                         76
                        11/02
LOWEST             26   11/22                         27
AVG. MAXIMUM     65.9              60.8     5.1     63.5
AVG. MINIMUM     40.4              39.6     0.8     44.1
MEAN             53.2              50.2     3.0     53.8
DAYS MAX >= 90      0                                  0
DAYS MAX <= 32      0                                  0
DAYS MIN <= 32      5                                  3
DAYS MIN <= 0       0                                  0

PRECIPITATION (INCHES)
RECORD
 MAXIMUM         8.26   1985
TOTALS           1.02              3.11   -2.09     6.79
DAYS >= .01         4
DAYS >= .10         2
DAYS >= .50         1
DAYS >= 1.00        0
GREATEST
 24 HR. TOTAL    0.65   11/30 TO 11/30
                        11/29 TO 11/30
                        11/30 TO 11/30

DEGREE_DAYS
HEATING TOTAL     361               447     -86      330
 SINCE 7/1        450               680    -230      514
COOLING TOTAL      12                 3       9        3
 SINCE 1/1       1974              1483     491     1766
..............................................................

WIND (MPH)
AVERAGE WIND SPEED              6.2
HIGHEST WIND SPEED/DIRECTION    31/190    DATE  11/29
HIGHEST GUST SPEED/DIRECTION    40/310    DATE  11/19

SKY COVER
POSSIBLE SUNSHINE (PERCENT)   MM
AVERAGE SKY COVER           0.40
NUMBER OF DAYS FAIR           17
NUMBER OF DAYS PC              7
NUMBER OF DAYS CLOUDY          6

AVERAGE RH (PERCENT)     60

WEATHER CONDITIONS. NUMBER OF DAYS WITH
THUNDERSTORM              0     MIXED PRECIP               0
HEAVY RAIN                2     RAIN                       2
LIGHT RAIN                6     FREEZING RAIN              0
LT FREEZING RAIN          0     HAIL                       0
HEAVY SNOW                0     SNOW                       0
LIGHT SNOW                0     SLEET                      0
FOG                      11     FOG W/VIS <= 1/4 MILE      0
HAZE                      7

-  INDICATES NEGATIVE NUMBERS.
R  INDICATES RECORD WAS SET OR TIED.
MM INDICATES DATA IS MISSING.
T  INDICATES TRACE AMOUNT.

&&

A RECORD HIGH TEMPERATURE OF 79 DEGREES WAS SET AT PIEDMONT TRIAD
INTL AIRPORT NC ON NOVEMBER 18. THIS BREAKS THE OLD RECORD OF 77 SET
IN 1942.

A RECORD HIGH TEMPERATURE OF 74 DEGREES WAS SET AT PIEDMONT TRIAD
INTL AIRPORT NC ON NOVEMBER 30. THIS TIES THE OLD RECORD OF 74 SET
IN 1991.

A RECORD HIGH MINIMUM TEMPERATURE OF 62 DEGREES WAS SET AT PIEDMONT
TRIAD INTL AIRPORT NC ON NOVEMBER 30. THIS TIES THE OLD RECORD OF 62
SET IN 1934.

$$
