000
CXUS54 KAMA 020215
CLMGUY


CLIMATE REPORT
NATIONAL WEATHER SERVICE AMARILLO TX
914 PM CDT THU JUN 1 2017

...................................

...THE GUYMON CLIMATE SUMMARY FOR THE MONTH OF MAY 2017...

CLIMATE NORMAL PERIOD 1981 TO 2010
CLIMATE RECORD PERIOD 1998 TO 2017

WEATHER         OBSERVED          NORMAL  DEPART  LAST YEAR`S
                 VALUE   DATE(S)  VALUE   FROM    VALUE  DATE(S)
                                          NORMAL
................................................................
TEMPERATURE (F)
HIGHEST            95   05/25                         91  05/24
LOWEST             36   05/02                         36  05/02
AVG. MAXIMUM     78.3              79.1    -0.8     76.7
AVG. MINIMUM     48.0              50.7    -2.7     48.6
MEAN             63.3              64.9    -1.6     62.6
DAYS MAX >= 90      3               4.8    -1.8        3
DAYS MAX <= 32      0               0.0     0.0        0
DAYS MIN <= 32      0               0.0     0.0        0
DAYS MIN <= 0       0               0.0     0.0        0

PRECIPITATION (INCHES)
TOTALS           2.18              2.44   -0.26     1.01
DAILY AVG.       0.07              0.08   -0.01     0.03
DAYS >= .01        12                MM      MM        8
DAYS >= .10         7                MM      MM        3
DAYS >= .50         1                MM      MM        1
DAYS >= 1.00        0                MM      MM        0
GREATEST
 24 HR. TOTAL    0.57   05/15 TO 05/15

SNOWFALL (INCHES)
TOTALS            0.0                MM      MM      0.0
SINCE 7/1         3.8                MM      MM      0.0
DAYS >= TRACE       0                MM      MM
DAYS >= 1.0         0                MM      MM        0
GREATEST
 SNOW DEPTH         0   MM
 24 HR TOTAL      0.0   05/31 TO 05/31

DEGREE_DAYS
HEATING TOTAL     102                96       6      134
 SINCE 7/1       3669              4449    -780     3784
COOLING TOTAL      59                93     -34       70
 SINCE 1/1        124               108      16       90
.................................................................

WIND (MPH)
AVERAGE WIND SPEED              11.4
HIGHEST WIND SPEED/DIRECTION    45/320    DATE  05/02
HIGHEST GUST SPEED/DIRECTION    57/320    DATE  05/02

SKY COVER
POSSIBLE SUNSHINE (PERCENT)   MM
NUMBER OF DAYS FAIR           22
NUMBER OF DAYS PC              8
NUMBER OF DAYS CLOUDY          1

AVERAGE RH (PERCENT)     62

WEATHER CONDITIONS. NUMBER OF DAYS WITH
THUNDERSTORM              0     MIXED PRECIP               0
HEAVY RAIN                2     RAIN                       7
LIGHT RAIN               16     FREEZING RAIN              0
LT FREEZING RAIN          0     HEAVY SNOW                 0
SNOW                      0     LIGHT SNOW                 0
SLEET                     0     FOG                        7
FOG W/VIS <= 1/4 MILE     0     HAZE                       0

-  INDICATES NEGATIVE NUMBERS.
R  INDICATES RECORD WAS SET OR TIED.
MM INDICATES DATA IS MISSING.
T  INDICATES TRACE AMOUNT.

$$
