000
CXUS54 KJAN 021442
CLMGWO


CLIMATE REPORT
NATIONAL WEATHER SERVICE JACKSON MS
940 AM CDT TUE JUN 2 2015

...................................

...THE GREENWOOD CLIMATE SUMMARY FOR THE MONTH OF MAY 2015...

CLIMATE NORMAL PERIOD 1981 TO 2010
CLIMATE RECORD PERIOD 1948 TO 2015

WEATHER         OBSERVED          NORMAL  DEPART  LAST YEAR`S
                 VALUE   DATE(S)  VALUE   FROM    VALUE  DATE(S)
                                          NORMAL
................................................................
TEMPERATURE (F)
RECORD
 HIGH             100   05/31/1951
 LOW               35   05/04/2013
HIGHEST            89   05/15        MM      MM       90  05/23
                                                          05/12
LOWEST             46   05/22        MM      MM       43  05/01
                        05/02
AVG. MAXIMUM     82.9              82.8     0.1     82.4
AVG. MINIMUM     62.0              60.8     1.2     59.8
MEAN             72.5              71.8     0.7     71.1
DAYS MAX >= 90      0               3.1    -3.1        2
DAYS MAX <= 32      0               0.0     0.0        0
DAYS MIN <= 32      0               0.0     0.0        0
DAYS MIN <= 0       0               0.0     0.0        0

PRECIPITATION (INCHES)
RECORD
 MAXIMUM        14.18   1991
 MINIMUM         0.55   1977
TOTALS           7.00              4.95    2.05     3.14
DAILY AVG.       0.23              0.16    0.07     0.10
DAYS >= .01        11               9.7     1.3       10
DAYS >= .10        11               6.9     4.1        7
DAYS >= .50         5               3.3     1.7        2
DAYS >= 1.00        3               1.9     1.1        0
GREATEST
 24 HR. TOTAL    1.70   05/17 TO 05/18              1.45

SNOWFALL (INCHES)
TOTALS            0.0

DEGREE_DAYS
HEATING TOTAL      14                17      -3       34
 SINCE 7/1       2869              2688     181     3271
COOLING TOTAL     253               228      25      231
 SINCE 1/1        364               330      34      294
.................................................................

WIND (MPH)
AVERAGE WIND SPEED              6.4
HIGHEST WIND SPEED/DIRECTION    41/200    DATE  05/15
HIGHEST GUST SPEED/DIRECTION    50/200    DATE  05/15

SKY COVER
POSSIBLE SUNSHINE (PERCENT)   MM
AVERAGE SKY COVER           0.20
NUMBER OF DAYS FAIR           23
NUMBER OF DAYS PC              6
NUMBER OF DAYS CLOUDY          1

AVERAGE RH (PERCENT)     68

WEATHER CONDITIONS. NUMBER OF DAYS WITH
THUNDERSTORM             11     MIXED PRECIP               0
HEAVY RAIN               10     RAIN                      10
LIGHT RAIN               15     FREEZING RAIN              0
LT FREEZING RAIN          0     HAIL                       0
HEAVY SNOW                0     SNOW                       0
LIGHT SNOW                0     SLEET                      0
FOG                      14     FOG W/VIS <= 1/4 MILE      3
HAZE                      5

-  INDICATES NEGATIVE NUMBERS.
R  INDICATES RECORD WAS SET OR TIED.
MM INDICATES DATA IS MISSING.
T  INDICATES TRACE AMOUNT.

$$
