000
CXUS54 KJAN 012010
CLMGWO


CLIMATE REPORT
NATIONAL WEATHER SERVICE JACKSON MS
307 PM CDT TUE SEP 1 2015

...................................

...THE GREENWOOD CLIMATE SUMMARY FOR THE MONTH OF AUGUST 2015...

CLIMATE NORMAL PERIOD 1981 TO 2010
CLIMATE RECORD PERIOD 1948 TO 2015

WEATHER         OBSERVED          NORMAL  DEPART  LAST YEAR`S
                 VALUE   DATE(S)  VALUE   FROM    VALUE  DATE(S)
                                          NORMAL
................................................................
TEMPERATURE (F)
RECORD
 HIGH             106   08/15/2007
                        08/30/2000
 LOW               52   08/14/2004
                        08/13/2004
                        08/29/1986
HIGHEST           100   08/10        MM      MM       96  08/24
                                                          08/23
LOWEST             54   08/27        MM      MM       59  08/14
                        08/26
AVG. MAXIMUM     92.2              92.2     0.0     90.3
AVG. MINIMUM     68.4              69.7    -1.3     69.2
MEAN             80.3              81.0    -0.7     79.7
DAYS MAX >= 90     22              22.3    -0.3       19
DAYS MAX <= 32      0               0.0     0.0        0
DAYS MIN <= 32      0               0.0     0.0        0
DAYS MIN <= 0       0               0.0     0.0        0

PRECIPITATION (INCHES)
RECORD
 MAXIMUM         7.69   1964
 MINIMUM         0.09   1990
TOTALS           1.76              2.83   -1.07     3.02
DAILY AVG.       0.06              0.09   -0.03     0.10
DAYS >= .01         8               7.1     0.9       11
DAYS >= .10         3               4.5    -1.5        6
DAYS >= .50         1               1.8    -0.8        3
DAYS >= 1.00        1               0.8     0.2        0
GREATEST
 24 HR. TOTAL    1.19   08/16 TO 08/16              1.39
                        08/15 TO 08/16
                        08/16 TO 08/16

SNOWFALL (INCHES)
TOTALS            0.0

DEGREE_DAYS
HEATING TOTAL       0                 0       0        0
 SINCE 7/1          0                 0       0        0
COOLING TOTAL     483               494     -11      466
 SINCE 1/1       1849              1742     107     1556
.................................................................

WIND (MPH)
AVERAGE WIND SPEED              4.8
HIGHEST WIND SPEED/DIRECTION    33/120    DATE  08/16
HIGHEST GUST SPEED/DIRECTION    41/120    DATE  08/16

SKY COVER
POSSIBLE SUNSHINE (PERCENT)   MM
AVERAGE SKY COVER           0.20
NUMBER OF DAYS FAIR           27
NUMBER OF DAYS PC              3
NUMBER OF DAYS CLOUDY          1

AVERAGE RH (PERCENT)     67

WEATHER CONDITIONS. NUMBER OF DAYS WITH
THUNDERSTORM              6     MIXED PRECIP               0
HEAVY RAIN                3     RAIN                       3
LIGHT RAIN               11     FREEZING RAIN              0
LT FREEZING RAIN          0     HAIL                       0
HEAVY SNOW                0     SNOW                       0
LIGHT SNOW                0     SLEET                      0
FOG                      17     FOG W/VIS <= 1/4 MILE      0
HAZE                      2

-  INDICATES NEGATIVE NUMBERS.
R  INDICATES RECORD WAS SET OR TIED.
MM INDICATES DATA IS MISSING.
T  INDICATES TRACE AMOUNT.

$$
