709
CXUS54 KJAN 021919
CLMHBG


CLIMATE REPORT
NATIONAL WEATHER SERVICE JACKSON MS
206 PM CDT SAT APR 2 2016

...................................

...THE HATTIESBURG CLIMATE SUMMARY FOR THE MONTH OF MARCH 2016...

CLIMATE NORMAL PERIOD 1981 TO 2010
CLIMATE RECORD PERIOD 1948 TO 2016

WEATHER         OBSERVED          NORMAL  DEPART  LAST YEAR`S
                 VALUE   DATE(S)  VALUE   FROM    VALUE  DATE(S)
                                          NORMAL
................................................................
TEMPERATURE (F)
RECORD
 HIGH              89   03/15/2008
                        03/17/2002
                        03/19/1982
 LOW               17   03/03/1980
HIGHEST            85   03/14        MM      MM       85  03/20
                                                          03/17
LOWEST             34   03/21        MM      MM       26  03/07
                                                          03/06
AVG. MAXIMUM     74.2              71.3     2.9     74.8
AVG. MINIMUM     52.3              46.8     5.5     53.3
MEAN             63.2              59.0     4.2     64.0
DAYS MAX >= 90      0               0.2    -0.2        0
DAYS MAX <= 32      0               0.0     0.0        0
DAYS MIN <= 32      0               1.5    -1.5        3
DAYS MIN <= 0       0               0.0     0.0        0

PRECIPITATION (INCHES)
RECORD
 MAXIMUM        13.94   1961
 MINIMUM         0.34   1955
TOTALS          13.32              5.50    7.82     5.71
DAILY AVG.       0.43              0.18    0.25     0.18
DAYS >= .01        13                MM      MM       14
DAYS >= .10         9                MM      MM        8
DAYS >= .50         8                MM      MM        4
DAYS >= 1.00        3                MM      MM        2
GREATEST
 24 HR. TOTAL    7.61   03/10 TO 03/11              1.78

SNOWFALL (INCHES)
TOTALS            0.0
SINCE 7/1         0.0
DAYS >= TRACE       0
DAYS >= 1.0         0
GREATEST
 24 HR TOTAL      0.0   03/31 TO 03/31

DEGREE_DAYS
HEATING TOTAL     113               217    -104      116
 SINCE 7/1       1351              1895    -544     1897
COOLING TOTAL      66                33      33       92
 SINCE 1/1         91                48      43       98
.................................................................

WIND (MPH)
AVERAGE WIND SPEED              7.3
HIGHEST WIND SPEED/DIRECTION    31/140    DATE  03/09
HIGHEST GUST SPEED/DIRECTION    39/140    DATE  03/09

SKY COVER
POSSIBLE SUNSHINE (PERCENT)   MM
AVERAGE SKY COVER           0.50
NUMBER OF DAYS FAIR           12
NUMBER OF DAYS PC             10
NUMBER OF DAYS CLOUDY          9

AVERAGE RH (PERCENT)     71

WEATHER CONDITIONS. NUMBER OF DAYS WITH
THUNDERSTORM             10     MIXED PRECIP               0
HEAVY RAIN               10     RAIN                      12
LIGHT RAIN               16     FREEZING RAIN              0
LT FREEZING RAIN          0     HAIL                       0
HEAVY SNOW                0     SNOW                       0
LIGHT SNOW                0     SLEET                      0
FOG                      20     FOG W/VIS <= 1/4 MILE      2
HAZE                      6

-  INDICATES NEGATIVE NUMBERS.
R  INDICATES RECORD WAS SET OR TIED.
MM INDICATES DATA IS MISSING.
T  INDICATES TRACE AMOUNT.

$$
