000
CXUS56 KPQR 011532
CLMHIO


CLIMATE REPORT
NATIONAL WEATHER SERVICE PORTLAND OREGON
831 AM PDT THU SEP 1 2016

...................................

...THE HILLSBORO OR CLIMATE SUMMARY FOR THE MONTH OF AUGUST 2016...

CLIMATE NORMAL PERIOD 1981 TO 2010
CLIMATE RECORD PERIOD 1929 TO 2016

WEATHER         OBSERVED          NORMAL  DEPART  LAST YEAR`S
                 VALUE   DATE(S)  VALUE   FROM    VALUE  DATE(S)
                                          NORMAL
................................................................
TEMPERATURE (F)
HIGHEST           102                                100  08/01
LOWEST             46                                 46  08/25
AVG. MAXIMUM     85.1              81.4     3.7     84.1
AVG. MINIMUM     53.0              50.3     2.7     54.1
MEAN             69.0              65.9     3.1     69.1
DAYS MAX >= 90     11               4.9     6.1        6
DAYS MAX <= 32      0               0.0     0.0        0
DAYS MIN <= 32      0               0.0     0.0        0
DAYS MIN <= 0       0               0.0     0.0        0

PRECIPITATION (INCHES)
RECORD
 MAXIMUM         3.84   1968
 MINIMUM         0.00   1998
                        1958
                        1955
TOTALS           0.25              0.63   -0.38     0.55
DAYS >= .01         2                MM      MM        3
DAYS >= .10         1                MM      MM        2
DAYS >= .50         0                MM      MM        0
DAYS >= 1.00        0                MM      MM        0
GREATEST
 24 HR. TOTAL    0.21   08/30 TO 08/31
                        08/31 TO 08/31

DEGREE_DAYS
HEATING TOTAL      23                51     -28        1
 SINCE 7/1         44               107     -63       13
COOLING TOTAL     156                77      79      137
 SINCE 1/1        326               178     148      478
.................................................................

WIND (MPH)
AVERAGE WIND SPEED              5.1
RESULTANT WIND SPEED/DIRECTION   3/335
HIGHEST WIND SPEED/DIRECTION    21/330    DATE  08/21
HIGHEST GUST SPEED/DIRECTION    27/320    DATE  08/21

SKY COVER
POSSIBLE SUNSHINE (PERCENT)   MM
AVERAGE SKY COVER           0.20

AVERAGE RH (PERCENT)     60

WEATHER CONDITIONS. NUMBER OF DAYS WITH
THUNDERSTORM              0     MIXED PRECIP               0
HEAVY RAIN                0     RAIN                       1
LIGHT RAIN                2     FREEZING RAIN              0
LT FREEZING RAIN          0     HAIL                       0
HEAVY SNOW                0     SNOW                       0
LIGHT SNOW                0     SLEET                      0
FOG                       1     FOG W/VIS <= 1/4 MILE      0
HAZE                      1

-  INDICATES NEGATIVE NUMBERS.
R  INDICATES RECORD WAS SET OR TIED.
MM INDICATES DATA IS MISSING.
T  INDICATES TRACE AMOUNT.

$$
