000
CXUS56 KHNX 011250
CLMHJO


CLIMATE REPORT
NATIONAL WEATHER SERVICE SAN JOAQUIN VALLEY, CA
538 AM PDT WED JUL 1 2015

...................................

...THE HANFORD CA AIRPORT CLIMATE SUMMARY FOR THE MONTH OF JUNE 2015...

CLIMATE NORMAL PERIOD 1981 TO 2010
CLIMATE RECORD PERIOD 1998 TO 2015

WEATHER         OBSERVED          NORMAL  DEPART  LAST YEAR`S
                 VALUE   DATE(S)  VALUE   FROM    VALUE  DATE(S)
                                          NORMAL
................................................................
TEMPERATURE (F)
RECORD
 HIGH             108   06/09/2014
                        06/30/2013
                        06/21/2008
 LOW               45   06/06/2005
HIGHEST           106   06/30        MM      MM      108  06/09
                        06/13
                        06/08
LOWEST             54   06/05        MM      MM       51  06/17
                        06/04
AVG. MAXIMUM     97.4              90.7     6.7     95.3
AVG. MINIMUM     63.5              58.5     5.0     59.7
MEAN             80.4              74.6     5.8     77.5
DAYS MAX >= 90     25              16.8     8.2       27
DAYS MIN <= 32      0               0.0     0.0        0

PRECIPITATION (INCHES)
RECORD
 MAXIMUM         0.91   2011
TOTALS              T              0.15   -0.15     0.00
DAYS >= .01         0                MM      MM        0
DAYS >= .10         0                MM      MM        0
DAYS >= .50         0                MM      MM        0
DAYS >= 1.00        0                MM      MM        0
GREATEST
 24 HR. TOTAL       T   06/28 TO 06/28
                        06/10 TO 06/10

SNOWFALL (INCHES)
RECORDS
 TOTAL             MM   MM
TOTALS            0.0                MM

DEGREE_DAYS
HEATING TOTAL       0                 3      -3        0
 SINCE 7/1       1711              2655    -944     2048
COOLING TOTAL     469               291     178      381
 SINCE 1/1        775               480     295      669
.................................................................

WIND (MPH)
AVERAGE WIND SPEED              7.2
HIGHEST WIND SPEED/DIRECTION    24/190    DATE  06/09
HIGHEST GUST SPEED/DIRECTION    30/310    DATE  06/02

AVERAGE RH (PERCENT)     41

WEATHER CONDITIONS. NUMBER OF DAYS WITH
THUNDERSTORM              0     RAIN                       2
HAIL                      0     FOG                        0
FOG W/VIS <= 1/4 MILE     0     HAZE                       7

-  INDICATES NEGATIVE NUMBERS.
R  INDICATES RECORD WAS SET OR TIED.
MM INDICATES DATA IS MISSING.
T  INDICATES TRACE AMOUNT.

$$

SANGER/OCHS

WEATHER.GOV/HANFORD
