000
CXUS56 KHNX 011612
CLMHJO


CLIMATE REPORT
NATIONAL WEATHER SERVICE SAN JOAQUIN VALLEY, CA
759 AM PST WED FEB 1 2017

...................................

...THE HANFORD CA AIRPORT CLIMATE SUMMARY FOR THE MONTH OF JANUARY 2017...

CLIMATE NORMAL PERIOD 1981 TO 2010
CLIMATE RECORD PERIOD 1998 TO 2017

WEATHER         OBSERVED          NORMAL  DEPART  LAST YEAR`S
                 VALUE   DATE(S)  VALUE   FROM    VALUE  DATE(S)
                                          NORMAL
................................................................
TEMPERATURE (F)
RECORD
 HIGH              77   01/24/2014
 LOW               19   01/17/2012
                        01/15/2007
                        01/14/2007
HIGHEST            73   01/08        MM      MM       65  01/13
LOWEST             30   01/28        MM      MM       27  01/01
                        01/06
AVG. MAXIMUM     56.0              54.3     1.7     57.6
AVG. MINIMUM     39.8              36.3     3.5     40.3
MEAN             47.9              45.3     2.6     49.0
DAYS MAX >= 90      0               0.0     0.0        0
DAYS MIN <= 32      6               9.3    -3.3        1

PRECIPITATION (INCHES)
RECORD
 MAXIMUM         3.29   2006
TOTALS           3.37R             2.04    1.33     2.87
DAYS >= .01        14                MM      MM       11
DAYS >= .10        10                MM      MM        9
DAYS >= .50         2                MM      MM        2
DAYS >= 1.00        0                MM      MM        0
GREATEST
 24 HR. TOTAL    0.74   01/08 TO 01/09

SNOWFALL (INCHES)
RECORDS
 TOTAL            0.0
TOTALS            0.0               0.0

DEGREE_DAYS
HEATING TOTAL     522               611     -89      489
 SINCE 7/1       1404              1743    -339     1562
COOLING TOTAL       0                 0       0        0
 SINCE 1/1          0                 0       0        0
.................................................................

WIND (MPH)
AVERAGE WIND SPEED              4.0
HIGHEST WIND SPEED/DIRECTION    18/170    DATE  01/20
HIGHEST GUST SPEED/DIRECTION    26/110    DATE  01/20

AVERAGE RH (PERCENT)     83

WEATHER CONDITIONS. NUMBER OF DAYS WITH
THUNDERSTORM              0     RAIN                       9
HAIL                      0     FOG                       30
FOG W/VIS <= 1/4 MILE    10     HAZE                       9

-  INDICATES NEGATIVE NUMBERS.
R  INDICATES RECORD WAS SET OR TIED.
MM INDICATES DATA IS MISSING.
T  INDICATES TRACE AMOUNT.

$$
