000
CXUS56 KHNX 010842
CLMHJO


CLIMATE REPORT
NATIONAL WEATHER SERVICE SAN JOAQUIN VALLEY, CA
1234 AM PST MON JAN 1 2018

...................................

...THE HANFORD CA AIRPORT CLIMATE SUMMARY FOR THE MONTH OF DECEMBER 2017...

CLIMATE NORMAL PERIOD 1981 TO 2010
CLIMATE RECORD PERIOD 1998 TO 2017

WEATHER         OBSERVED          NORMAL  DEPART  LAST YEAR`S
                 VALUE   DATE(S)  VALUE   FROM    VALUE  DATE(S)
                                          NORMAL
................................................................
TEMPERATURE (F)
RECORD
 HIGH              80   12/08/2006
 LOW               18   12/25/1998
                        12/22/1998
HIGHEST            69   12/08        MM      MM       69  12/14
                                                          12/10
                                                          12/09
LOWEST             25   12/22        MM      MM       27  12/20
                                                          12/19
AVG. MAXIMUM     62.0              54.3     7.7     56.5
AVG. MINIMUM     31.2              34.7    -3.5     35.8
MEAN             46.6              44.5     2.1     46.2
DAYS MAX >= 90      0               0.0     0.0        0
DAYS MIN <= 32     23              11.8    11.2       15

PRECIPITATION (INCHES)
RECORD
 MAXIMUM         5.29   2010
TOTALS           0.04              1.63   -1.59     1.87
DAYS >= .01         1                MM      MM        6
DAYS >= .10         0                MM      MM        4
DAYS >= .50         0                MM      MM        2
DAYS >= 1.00        0                MM      MM        0
GREATEST
 24 HR. TOTAL    0.04   12/20 TO 12/20

SNOWFALL (INCHES)
RECORDS
 TOTAL            0.0
TOTALS            0.0                MM

DEGREE_DAYS
HEATING TOTAL     562               635     -73      576
 SINCE 7/1        867              1132    -265      882
COOLING TOTAL       0                 0       0        0
 SINCE 1/1       2184              1643     541     1966
.................................................................

WIND (MPH)
AVERAGE WIND SPEED              2.0
HIGHEST WIND SPEED/DIRECTION    26/310    DATE  12/20
HIGHEST GUST SPEED/DIRECTION    34/330    DATE  12/20

AVERAGE RH (PERCENT)     68

WEATHER CONDITIONS. NUMBER OF DAYS WITH
THUNDERSTORM              0     RAIN                       0
HAIL                      0     FOG                       31
FOG W/VIS <= 1/4 MILE    14     HAZE                      31

-  INDICATES NEGATIVE NUMBERS.
R  INDICATES RECORD WAS SET OR TIED.
MM INDICATES DATA IS MISSING.
T  INDICATES TRACE AMOUNT.

$$
