000
CXUS53 KGLD 051016
CLMHLC

CLIMATE REPORT
NATIONAL WEATHER SERVICE GOODLAND
412 AM MDT THU OCT 5 2017

...................................

...THE HILL CITY CLIMATE SUMMARY FOR THE MONTH OF SEPTEMBER 2017...

CLIMATE NORMAL PERIOD 1981 TO 2010
CLIMATE RECORD PERIOD 1896 TO 2017

WEATHER         OBSERVED          NORMAL  DEPART  LAST YEAR`S
                 VALUE   DATE(S)  VALUE   FROM    VALUE  DATE(S)
                                          NORMAL
................................................................
TEMPERATURE (F)
RECORD
 HIGH             112   09/02/1939
 LOW               19   09/20/1910
HIGHEST           101   09/21        99       2       95  09/20
LOWEST             41   09/06        36       5       39  09/29
                                                          09/26
AVG. MAXIMUM     85.7              81.6     4.1     82.6
AVG. MINIMUM     56.6              53.2     3.4     55.5
MEAN             71.1              67.4     3.7     69.1
DAYS MAX >= 90     15               6.8     8.2        6
DAYS MAX <= 32      0               0.0     0.0        0
DAYS MIN <= 32      0               0.3    -0.3        0
DAYS MIN <= 0       0               0.0     0.0        0

PRECIPITATION (INCHES)
RECORD
 MAXIMUM         8.75   2016
 MINIMUM         0.05   1947
TOTALS           1.38              1.88   -0.50     8.75
DAILY AVG.       0.05              0.06   -0.01     0.29
DAYS >= .01         3                MM      MM        8
DAYS >= .10         2                MM      MM        5
DAYS >= .50         1                MM      MM        4
DAYS >= 1.00        0                MM      MM        4
GREATEST
 24 HR. TOTAL    0.91   09/24 TO 09/24              4.03


.................................................................



-  INDICATES NEGATIVE NUMBERS.
R  INDICATES RECORD WAS SET OR TIED.
MM INDICATES DATA IS MISSING.
T  INDICATES TRACE AMOUNT.

$$
