000
CXHW50 PHFO 011623
CLMHNL


CLIMATE REPORT
NATIONAL WEATHER SERVICE HONOLULU HI
623 AM HST WED JUL 1 2015

...................................

...THE HONOLULU HI CLIMATE SUMMARY FOR THE MONTH OF JUNE 2015...

CLIMATE NORMAL PERIOD 1981 TO 2010
CLIMATE RECORD PERIOD 1946 TO 2015

WEATHER         OBSERVED          NORMAL  DEPART  LAST YEAR`S
                 VALUE   DATE(S)  VALUE   FROM    VALUE  DATE(S)
                                          NORMAL
................................................................
TEMPERATURE (F)
RECORD
 HIGH              92   06/11/1996
                        06/28/1995
                        06/04/1992
 LOW               65   06/02/1982
                        06/07/1979
                        06/16/1971
HIGHEST            90   06/27        87       3       89  06/29
                        06/22                             06/11
                        06/17
LOWEST             70   06/13        72      -2       70  06/20
AVG. MAXIMUM     87.7              87.0     0.7     86.5
AVG. MINIMUM     73.8              73.4     0.4     73.7
MEAN             80.8              80.2     0.6     80.1
DAYS MAX >= 90      4               1.0     3.0        0
DAYS MAX <= 32      0               0.0     0.0        0
DAYS MIN <= 32      0               0.0     0.0        0
DAYS MIN <= 0       0               0.0     0.0        0

PRECIPITATION (INCHES)
RECORD
 MAXIMUM         2.46   1971
 MINIMUM            T   1959
TOTALS           0.23              0.26   -0.03     0.58
DAILY AVG.       0.01              0.01    0.00     0.02
DAYS >= .01         5               5.7    -0.7        9
DAYS >= .10         1               0.5     0.5        2
DAYS >= .50         0               0.0     0.0        0
DAYS >= 1.00        0               0.0     0.0        0
GREATEST
 24 HR. TOTAL    0.12   06/24 TO 06/24              0.19
                        06/23 TO 06/24
                        06/24 TO 06/24

SNOWFALL (INCHES)
RECORDS
 TOTAL             MM   0
TOTALS            0.0               0.0     0.0      0.0
SINCE 7/1         0.0               0.0     0.0      0.0
SNOWDEPTH AVG.      0                MM      MM        0
DAYS >= 1.0         0               0.0     0.0        0
GREATEST
 SNOW DEPTH         0   MM                             0  MM
 24 HR TOTAL      0.0   06/30 TO 06/30               0.0

DEGREE_DAYS
HEATING TOTAL       0                 0       0        0
 SINCE 7/1          0                 0       0        0
COOLING TOTAL     480               456      24      463
 SINCE 1/1       1955              1958      -3     2072
.................................................................

WIND (MPH)
AVERAGE WIND SPEED              9.4
HIGHEST WIND SPEED/DIRECTION    24/070    DATE  06/18
HIGHEST GUST SPEED/DIRECTION    33/060    DATE  06/16

SKY COVER
POSSIBLE SUNSHINE (PERCENT)   MM
AVERAGE SKY COVER           0.50
NUMBER OF DAYS FAIR            2
NUMBER OF DAYS PC             28
NUMBER OF DAYS CLOUDY          0

AVERAGE RH (PERCENT)     65

WEATHER CONDITIONS. NUMBER OF DAYS WITH
THUNDERSTORM              0     MIXED PRECIP               0
HEAVY RAIN                0     RAIN                       0
LIGHT RAIN               10     FREEZING RAIN              0
LT FREEZING RAIN          0     HAIL                       0
HEAVY SNOW                0     SNOW                       0
LIGHT SNOW                0     SLEET                      0
FOG                       3     FOG W/VIS <= 1/4 MILE      0
HAZE                      1

-  INDICATES NEGATIVE NUMBERS.
R  INDICATES RECORD WAS SET OR TIED.
MM INDICATES DATA IS MISSING.
T  INDICATES TRACE AMOUNT.

$$
