000
CXUS56 KSEW 011044
CLMHQM


CLIMATE REPORT
NATIONAL WEATHER SERVICE SEATTLE WA
244 AM PST WED MAR 1 2017

...................................

...THE HOQUIAM WA AIRPORT CLIMATE SUMMARY FOR THE MONTH OF FEBRUARY 2017...

CLIMATE NORMAL PERIOD 1981 TO 2010
CLIMATE RECORD PERIOD 1953 TO 2017

WEATHER         OBSERVED          NORMAL  DEPART  LAST YEAR`S
                 VALUE   DATE(S)  VALUE   FROM    VALUE  DATE(S)
                                          NORMAL
................................................................
TEMPERATURE (F)
RECORD
 HIGH              72   02/26/1992
 LOW                9   02/22/1974
HIGHEST            57   02/13        MM      MM       66  02/09
LOWEST             27   02/25        MM      MM       32  02/01
                        02/23
AVG. MAXIMUM     47.2              49.7    -2.5     53.2
AVG. MINIMUM     36.0              37.7    -1.7     42.7
MEAN             41.6              43.7    -2.1     47.9
DAYS MAX >= 90      0               0.0     0.0        0
DAYS MAX <= 32      0               0.1    -0.1        0
DAYS MIN <= 32      4               5.7    -1.7        1
DAYS MIN <= 0       0               0.0     0.0        0

PRECIPITATION (INCHES)
RECORD
 MAXIMUM        19.04   1961
 MINIMUM         0.82   1993
TOTALS           7.70              7.21    0.49     8.19
DAILY AVG.       0.28              0.26    0.02     0.28
DAYS >= .01        22              17.8     4.2       23
DAYS >= .10        15              13.0     2.0       18
DAYS >= .50         4               4.7    -0.7        7
DAYS >= 1.00        2               1.7     0.3        1
GREATEST
 24 HR. TOTAL    1.98   02/08 TO 02/09

DEGREE_DAYS
HEATING TOTAL     648               596      52      487
COOLING TOTAL       0                 0       0        0
 SINCE 1/1          0                 0       0        0
.................................................................

WIND (MPH)
AVERAGE WIND SPEED              10.6
HIGHEST WIND SPEED/DIRECTION    46/160    DATE  02/15
HIGHEST GUST SPEED/DIRECTION    61/160    DATE  02/15

SKY COVER
POSSIBLE SUNSHINE (PERCENT)   MM
AVERAGE SKY COVER           0.60
NUMBER OF DAYS FAIR            6
NUMBER OF DAYS PC              7
NUMBER OF DAYS CLOUDY         15

AVERAGE RH (PERCENT)     84

WEATHER CONDITIONS. NUMBER OF DAYS WITH
THUNDERSTORM              0     MIXED PRECIP               1
HEAVY RAIN                2     RAIN                       7
LIGHT RAIN               23     FREEZING RAIN              0
LT FREEZING RAIN          0     HAIL                       0
HEAVY SNOW                0     SNOW                       0
LIGHT SNOW                3     SLEET                      0
FOG                      24     FOG W/VIS <= 1/4 MILE      2
HAZE                      0

-  INDICATES NEGATIVE NUMBERS.
R  INDICATES RECORD WAS SET OR TIED.
MM INDICATES DATA IS MISSING.
T  INDICATES TRACE AMOUNT.

$$
