000
CXUS54 KLZK 011759
CLMHRO

CLIMATE REPORT
NATIONAL WEATHER SERVICE LITTLE ROCK AR
1258 PM CDT SAT AUG 1 2015

...................................

...THE HARRISON CLIMATE SUMMARY FOR THE MONTH OF JULY 2015...

CLIMATE NORMAL PERIOD 1981 TO 2010
CLIMATE RECORD PERIOD 1891 TO 2015

WEATHER         OBSERVED          NORMAL  DEPART  LAST YEAR`S
                 VALUE   DATE(S)  VALUE   FROM    VALUE  DATE(S)
                                          NORMAL
................................................................
TEMPERATURE (F)
RECORD
 HIGH             112   07/18/1936
 LOW               42   07/04/1924
HIGHEST            94   07/27        89       5       95  07/23
                        07/15
                        07/13
LOWEST             62   07/31        69      -7       54  07/03
AVG. MAXIMUM     88.7              89.0    -0.3     83.7
AVG. MINIMUM     70.8              67.7     3.1     63.4
MEAN             79.8              78.4     1.4     73.6
DAYS MAX >= 90     16              14.4     1.6        7
DAYS MAX <= 32      0               0.0     0.0        0
DAYS MIN <= 32      0               0.0     0.0        0
DAYS MIN <= 0       0               0.0     0.0        0

PRECIPITATION (INCHES)
RECORD
 MAXIMUM        13.75   1905
 MINIMUM         0.33   1923
TOTALS           6.62              3.14    3.48     5.34
DAILY AVG.       0.21              0.10    0.11     0.17
DAYS >= .01        12              10.4     1.6        6
DAYS >= .10         9                                  3
DAYS >= .50         3                                  2
DAYS >= 1.00        2               0.8     1.2        2
GREATEST
 24 HR. TOTAL    2.26   07/02 TO 07/02
 STORM TOTAL       MM
 (MM/DD(HH))            MM

SNOWFALL (INCHES)
RECORDS
 TOTAL             MM   MM
 24 HR TOTAL       MM
 SNOW DEPTH        MM   MM
TOTALS            0.0               0.0     0.0      0.0
 LIQUID EQUIV    0.00              0.00    0.00     0.00
SINCE 7/1         0.0               0.0     0.0      0.0
 LIQUID 7/1      0.00              0.00    0.00     0.00
SNOWDEPTH AVG.      0
DAYS >= TRACE       0               0.0     0.0        0
DAYS >= 1.0         0                                  0
GREATEST
 SNOW DEPTH         0   MM
 24 HR TOTAL      0.0   07/31 TO 07/31           07/31 TO 07/31
                                                          07/31 TO 07/31
                                                          07/31 TO 07/31

DEGREE_DAYS
HEATING TOTAL       0                 0       0        0
 SINCE 7/1          0                 0       0        0
COOLING TOTAL     465               414      51      273
 SINCE 1/1        918               818     100      735

FREEZE DATES
RECORD
 EARLIEST     09/13/1902
 LATEST       05/17/1912
EARLIEST                        10/29
LATEST                          04/04
..................................................

WIND (MPH)
AVERAGE WIND SPEED              4.9
HIGHEST WIND SPEED/DIRECTION    38/030    DATE  07/24
HIGHEST GUST SPEED/DIRECTION    55/030    DATE  07/24

SKY COVER
POSSIBLE SUNSHINE (PERCENT)   MM
AVERAGE SKY COVER           0.20
NUMBER OF DAYS FAIR           22
NUMBER OF DAYS PC              9
NUMBER OF DAYS CLOUDY          0

AVERAGE RH (PERCENT)     78

WEATHER CONDITIONS. NUMBER OF DAYS WITH
THUNDERSTORM              0     MIXED PRECIP               0
HEAVY RAIN                7     RAIN                       6
LIGHT RAIN               12     FREEZING RAIN              0
LT FREEZING RAIN          0     HAIL                       0
HEAVY SNOW                0     SNOW                       0
LIGHT SNOW                0     SLEET                      0
FOG                      17     FOG W/VIS <= 1/4 MILE      3
HAZE                      4

-  INDICATES NEGATIVE NUMBERS.
R  INDICATES RECORD WAS SET OR TIED.
MM INDICATES DATA IS MISSING.
T  INDICATES TRACE AMOUNT.

$$

..DATA FOR HARRISON FOR JULY 2015...

.SUMMARY...

ALTHOUGH NO 100 DEGREE DAYS OCCURRED IN JULY...THE PERSISTENT HIGH
PRESSURE KEPT DAILY TEMPERATURES ABOVE AVERAGE FOR MOST OF THE
MONTH.

HOWEVER...THE HIGH PRESSURE RETREATED JUST FAR ENOUGH TO THE SOUTH
AND WEST TO ALLOW A COLD FRONT INTO NORTHERN ARKANSAS DURING THE MID
TO LATE PART OF JULY. THE FRONTAL BOUNDARY STALLED...PRODUCING A
TOTAL OF 2.28" OF RAINFALL FROM JULY 20TH THROUGH THE 24TH. THIS
BROUGHT THE RAINFALL TOTALS ABOVE NORMAL FOR THE MONTH BEFORE THE
PRECIPITATION SHUT OFF THROUGH THE END OF JULY

.MONTHLY TEMPERATURES...

THE AVERAGE HIGH TEMPERATURE WAS THE WARMEST SINCE AUGUST 2012. THE
AVERAGE LOW AND THE AVERAGE MONTHLY TEMPERATURES WERE THE WARMEST
SINCE JULY 2012.

.TEMPERATURE RECORDS TIED OR BROKEN DURING THE MONTH...

THE AVERAGE MONTHLY LOW TEMPERATURE FOR JULY 2015 WAS THE 9TH
WARMEST FOR ANY JULY ON RECORD.

A WARMEST LOW TEMPERATURE WAS SET ON THE 27TH WITH A LOW OF 76
DEGREES. THIS TIED THE OLD RECORD SET IN 1976.

.DAILY RAINFALL RECORDS TIED OR BROKEN...

A RECORD RAINFALL AMOUNT OF 1.38" FELL ON THE 22ND...WHICH BROKE THE
OLD RECORD OF 1.31" SET IN 1950.

.MISCELLANEOUS PHENOMENA...

A WIND GUST OF 55 MPH WAS RECORD WITH THE PASSAGE OF A THUNDERSTORM
ON THE 25TH. THIS WAS THE STRONGEST WIND GUST OF 55 MPH OR GREATER
RECORDED AT HARRISON SINCE JULY 20TH OF 2000.

$$

224
