000
CXUS52 KMHX 050400
CLMHSE


CLIMATE REPORT
NATIONAL WEATHER SERVICE NEWPORT/MOREHEAD CITY NC
1100 PM EST SUN JAN 4 2015

...................................

...THE CAPE HATTERAS NC CLIMATE SUMMARY FOR THE MONTH OF DECEMBER 2014...

CLIMATE NORMAL PERIOD 1981 TO 2010
CLIMATE RECORD PERIOD 1874 TO 2014

WEATHER         OBSERVED          NORMAL  DEPART  LAST YEAR`S
                 VALUE   DATE(S)  VALUE   FROM    VALUE  DATE(S)
                                          NORMAL
................................................................
TEMPERATURE (F)
RECORD
 HIGH              78   12/03/1991
 LOW                8   12/30/1880
HIGHEST            68   12/06                         73
LOWEST             33   12/19                         27
                        12/18
                        12/15
AVG. MAXIMUM     56.2              55.9     0.3     60.3
AVG. MINIMUM     43.5              42.7     0.8     44.8
MEAN             49.8              49.3     0.5     52.5
DAYS MAX >= 90      0               0.0     0.0        0
DAYS MAX <= 32      0               0.2    -0.2        0
DAYS MIN <= 32      0               3.8    -3.8        3
DAYS MIN <= 0       0               0.0     0.0        0

PRECIPITATION (INCHES)
RECORD
 MAXIMUM         8.91   1948
 MINIMUM           MM   MM
TOTALS           2.45              4.27   -1.82     3.90
DAYS >= .01        14              10.4     3.6       13
DAYS >= .10         6               6.5    -0.5       12
DAYS >= .50         0               3.0    -3.0        2
DAYS >= 1.00        0               1.3    -1.3        1

SNOWFALL (INCHES)
RECORDS
 TOTAL             MM   5
 SNOW DEPTH        MM   MM
TOTALS            0.0               1.3    -1.3      0.0
 LIQUID EQUIV    0.00              0.10   -0.10     0.00
SINCE 7/1         0.0               1.3    -1.3      0.0
 LIQUID 7/1      0.00              0.10   -0.10     0.00
SNOWDEPTH AVG.      0                MM      MM        0
DAYS >= TRACE       0               0.3    -0.3        0
DAYS >= 1.0         0               0.2    -0.2        0
GREATEST
 SNOW DEPTH         0   MM                             0  MM
 STORM TOTAL       MM
 (MM/DD(HH))            MM

DEGREE_DAYS
HEATING TOTAL     462               489     -27      387
 SINCE 7/1        863               807      56      702
.................................................................

WIND (MPH)
AVERAGE WIND SPEED              7.7
HIGHEST WIND SPEED/DIRECTION    25/250    DATE  12/24
HIGHEST GUST SPEED/DIRECTION    41/020    DATE  12/07

SKY COVER
POSSIBLE SUNSHINE (PERCENT)   MM
AVERAGE SKY COVER           0.40
NUMBER OF DAYS FAIR           16
NUMBER OF DAYS PC              7
NUMBER OF DAYS CLOUDY          8

AVERAGE RH (PERCENT)     83

WEATHER CONDITIONS. NUMBER OF DAYS WITH
THUNDERSTORM              0     MIXED PRECIP               0
HEAVY RAIN                7     RAIN                       7
LIGHT RAIN               14     FREEZING RAIN              0
LT FREEZING RAIN          0     HAIL                       0
HEAVY SNOW                0     SNOW                       0
LIGHT SNOW                0     SLEET                      0
FOG                      22     FOG W/VIS <= 1/4 MILE      4
HAZE                      2

-  INDICATES NEGATIVE NUMBERS.
R  INDICATES RECORD WAS SET OR TIED.
MM INDICATES DATA IS MISSING.
T  INDICATES TRACE AMOUNT.

$$
