102
CXUS53 KGID 011510
CLMHSI


CLIMATE REPORT
NATIONAL WEATHER SERVICE HASTINGS NE
1010 AM CDT FRI MAY 1 2015

...................................

...THE HASTINGS NE CLIMATE SUMMARY FOR THE MONTH OF APRIL 2015...

CLIMATE NORMAL PERIOD 1981 TO 2010
CLIMATE RECORD PERIOD 1894 TO 2015

WEATHER         OBSERVED          NORMAL  DEPART  LAST YEAR`S
                 VALUE   DATE(S)  VALUE   FROM    VALUE  DATE(S)
                                          NORMAL
................................................................
TEMPERATURE (F)
RECORD
 HIGH              96   04/23/1989
 LOW                5   04/03/1936
HIGHEST            85   04/01        85       0       84  04/09
LOWEST             29   04/22        23       6       20  04/01
AVG. MAXIMUM     64.8              62.9     1.9     63.9
AVG. MINIMUM     41.3              38.6     2.7     39.2
MEAN             53.1              50.7     2.4     51.6
DAYS MAX >= 90      0               0.0     0.0        0
DAYS MAX <= 32      0               0.3    -0.3        0
DAYS MIN <= 32      3               6.7    -3.7        8
DAYS MIN <= 0       0               0.0     0.0        0

PRECIPITATION (INCHES)
RECORD
 MAXIMUM         9.26   1896
 MINIMUM         0.03   1989
TOTALS           3.55              2.56    0.99     3.93
DAILY AVG.       0.12              0.09    0.03     0.13
DAYS >= .01        12                MM      MM       10
DAYS >= .10         8                MM      MM        7
DAYS >= .50         3                MM      MM        2
DAYS >= 1.00        0                MM      MM        1
GREATEST
 24 HR. TOTAL    1.43   04/24 TO 04/25

SNOWFALL (INCHES)
RECORDS
 TOTAL           13.0   1944
TOTALS              T               1.2    -1.2      2.2
SINCE 7/1        17.0              28.8   -11.8     21.7
SNOWDEPTH AVG.      0                MM      MM        0
DAYS >= 1.0         0                MM      MM        1
GREATEST
 SNOW DEPTH         0   MM                             1  04/14
                                                          04/04

DEGREE_DAYS
HEATING TOTAL     357               432     -75      404
 SINCE 7/1       5614              5839    -225     6143
COOLING TOTAL       4                 5      -1        8
 SINCE 1/1          4                 5      -1        8
.................................................................

WIND (MPH)
AVERAGE WIND SPEED              11.7
HIGHEST WIND SPEED/DIRECTION    38/360    DATE  04/02
HIGHEST GUST SPEED/DIRECTION    46/360    DATE  04/19

SKY COVER
POSSIBLE SUNSHINE (PERCENT)   MM
AVERAGE SKY COVER           0.40
NUMBER OF DAYS FAIR           17
NUMBER OF DAYS PC              5
NUMBER OF DAYS CLOUDY          8

AVERAGE RH (PERCENT)     63

WEATHER CONDITIONS. NUMBER OF DAYS WITH
THUNDERSTORM              7     MIXED PRECIP               0
HEAVY RAIN                4     RAIN                       7
LIGHT RAIN               11     FREEZING RAIN              0
LT FREEZING RAIN          0     HAIL                       1
HEAVY SNOW                0     SNOW                       0
LIGHT SNOW                2     SLEET                      0
FOG                      12     FOG W/VIS <= 1/4 MILE      1
HAZE                      6

-  INDICATES NEGATIVE NUMBERS.
R  INDICATES RECORD WAS SET OR TIED.
MM INDICATES DATA IS MISSING.
T  INDICATES TRACE AMOUNT.

$$
