000
CXUS51 KRLX 061628
CLMHTS


CLIMATE REPORT
NATIONAL WEATHER SERVICE CHARLESTON WV
1228 PM EDT SAT AUG 6 2016

...................................

...THE HUNTINGTON CLIMATE SUMMARY FOR THE MONTH OF JULY 2016...

CLIMATE NORMAL PERIOD 1981 TO 2010
CLIMATE RECORD PERIOD 1897 TO 2016

WEATHER         OBSERVED          NORMAL  DEPART  LAST YEAR`S
                 VALUE   DATE(S)  VALUE   FROM    VALUE  DATE(S)
                                          NORMAL
................................................................
TEMPERATURE (F)
RECORD
 HIGH             108   07/28/1930
 LOW               46   07/05/1968
HIGHEST            95   07/24        MM      MM       91  07/29
                                                          07/28
LOWEST             59   07/01        MM      MM       59  07/31
                                                          07/01
AVG. MAXIMUM     86.8              86.0     0.8     83.3
AVG. MINIMUM     67.9              65.4     2.5     65.2
MEAN             77.4              75.7     1.7     74.3
DAYS MAX >= 90     11               7.9     3.1        3
DAYS MAX <= 32      0               0.0     0.0        0
DAYS MIN <= 32      0               0.0     0.0        0
DAYS MIN <= 0       0               0.0     0.0        0

PRECIPITATION (INCHES)
RECORD
 MAXIMUM         9.90   1961
 MINIMUM         0.07   2013
TOTALS           5.93              4.55    1.38     7.97
DAILY AVG.       0.19              0.15    0.04     0.26
DAYS >= .01        18              11.1     6.9       17
DAYS >= .10        13               7.5     5.5       11
DAYS >= .50         5               2.9     2.1        6
DAYS >= 1.00        1               1.3    -0.3        4
GREATEST
 24 HR. TOTAL    1.24   07/27 TO 07/28              1.83

SNOWFALL (INCHES)
RECORDS
 TOTAL             MM   MM
TOTALS            0.0               0.0     0.0      0.0
SINCE 7/1         0.0               0.0     0.0      0.0
DAYS >= 1.0         0               0.0     0.0        0
GREATEST
 SNOW DEPTH         0   MM                             0  MM
 24 HR TOTAL      0.0   07/31 TO 07/31           07/31 TO 07/31
                                                          07/31 TO 07/31
                                                          07/31 TO 07/31

DEGREE_DAYS
HEATING TOTAL       0                 0       0        0
 SINCE 7/1          0                 0       0        0
COOLING TOTAL     392               332      60      297
 SINCE 1/1        812               670     142      736
..................................................

WIND (MPH)
AVERAGE WIND SPEED              3.8
HIGHEST WIND SPEED/DIRECTION    26/310    DATE  07/14
HIGHEST GUST SPEED/DIRECTION    39/320    DATE  07/14

SKY COVER
POSSIBLE SUNSHINE (PERCENT)   MM
AVERAGE SKY COVER           0.40
NUMBER OF DAYS FAIR           15
NUMBER OF DAYS PC             13
NUMBER OF DAYS CLOUDY          3

AVERAGE RH (PERCENT)     76

WEATHER CONDITIONS. NUMBER OF DAYS WITH
THUNDERSTORM              0     MIXED PRECIP               0
HEAVY RAIN               11     RAIN                      10
LIGHT RAIN               17     FREEZING RAIN              0
LT FREEZING RAIN          0     HAIL                       0
HEAVY SNOW                0     SNOW                       0
LIGHT SNOW                0     SLEET                      0
FOG                      29     FOG W/VIS <= 1/4 MILE      9
HAZE                      6

-  INDICATES NEGATIVE NUMBERS.
R  INDICATES RECORD WAS SET OR TIED.
MM INDICATES DATA IS MISSING.
T  INDICATES TRACE AMOUNT.

$$
