000
CXUS55 KTFX 011004
CLMHVR


CLIMATE REPORT
NATIONAL WEATHER SERVICE GREAT FALLS MT
404 AM MDT SUN MAY 1 2016

...................................

...THE HAVRE MT CLIMATE SUMMARY FOR THE MONTH OF APRIL 2016...

CLIMATE NORMAL PERIOD 1981 TO 2010
CLIMATE RECORD PERIOD 1880 TO 2016

WEATHER         OBSERVED          NORMAL  DEPART  LAST YEAR`S
                 VALUE   DATE(S)  VALUE   FROM    VALUE
                                          NORMAL
.............................................................
TEMPERATURE (F)
RECORD
 HIGH              95   04/29/1939
 LOW              -14   04/06/1975
                        04/22/1967
HIGHEST            79   04/21        64      15       82
LOWEST             22   04/11        25      -3       21
AVG. MAXIMUM     60.9              58.0     2.9     60.3
AVG. MINIMUM     34.2              30.8     3.4     28.6
MEAN             47.6              44.4     3.2     44.5
DAYS MAX >= 90      0               0.0     0.0        0
DAYS MAX <= 32      0               0.6    -0.6        0
DAYS MIN <= 32     14              16.3    -2.3       23
DAYS MIN <= 0       0               0.0     0.0        0

PRECIPITATION (INCHES)
RECORD
 MAXIMUM           MM   MM
 MINIMUM           MM   MM
TOTALS           3.55              0.84    2.71     0.33
DAYS >= .01        10               7.2     2.8
DAYS >= .10         9               2.3     6.7
DAYS >= .50         2               0.3     1.7
DAYS >= 1.00        1               0.0     1.0
GREATEST
 24 HR. TOTAL    2.04   04/14 TO 04/15

SNOWFALL (INCHES)
RECORDS
 TOTAL             MM   5
 24 HR TOTAL       MM
 SNOW DEPTH         3   04/20/2008
                        04/03/2007
TOTALS              T               3.0    -3.0      0.2
SNOWDEPTH AVG.      0
DAYS >= TRACE       2               2.2    -0.2
DAYS >= 1.0         0               1.2    -1.2
GREATEST
 SNOW DEPTH         2   04/24                         -1
 24 HR TOTAL        T   04/26 TO 04/26

DEGREE_DAYS
HEATING TOTAL     515               619    -104      608
 SINCE 7/1       6719              7737   -1018     7008
COOLING TOTAL       0                 1      -1        0
 SINCE 1/1          0                 1      -1        0
..............................................................

WIND (MPH)
AVERAGE WIND SPEED              10.1
HIGHEST WIND SPEED/DIRECTION    41/220    DATE  04/04
HIGHEST GUST SPEED/DIRECTION    52/270    DATE  04/02

SKY COVER
AVERAGE SKY COVER           0.40

AVERAGE RH (PERCENT)     63

WEATHER CONDITIONS. NUMBER OF DAYS WITH
THUNDERSTORM              0     MIXED PRECIP               0
HEAVY RAIN                0     RAIN                       3
LIGHT RAIN               10     FREEZING RAIN              0
LT FREEZING RAIN          0     HAIL                       0
HEAVY SNOW                0     SNOW                       0
LIGHT SNOW                4     SLEET                      0
FOG                      10     FOG W/VIS <= 1/4 MILE      1
HAZE                      0

-  INDICATES NEGATIVE NUMBERS.
R  INDICATES RECORD WAS SET OR TIED.
MM INDICATES DATA IS MISSING.
T  INDICATES TRACE AMOUNT.

$$
