000
CXUS51 KLWX 082023
CLMIAD

CLIMATE REPORT
NATIONAL WEATHER SERVICE BALTIMORE MD/WASHINGTON DC
423 PM EDT FRI MAY 8 2015

...................................

...THE WASHINGTON DULLES DC CLIMATE SUMMARY FOR THE MONTH OF APRIL 2015...

CLIMATE NORMAL PERIOD 1981 TO 2010
CLIMATE RECORD PERIOD 1962 TO 2015

WEATHER         OBSERVED          NORMAL  DEPART  LAST YEAR`S
                 VALUE   DATE(S)  VALUE   FROM    VALUE
                                          NORMAL
.............................................................
TEMPERATURE (F)
RECORD
 HIGH              93   04/06/2010
                        04/17/2002
 LOW               17   04/01/1969
HIGHEST            80   04/18        85      -5
LOWEST             31   04/01        25       6
AVG. MAXIMUM     66.9              66.7     0.2     64.0
AVG. MINIMUM     42.5              42.1     0.4     40.3
MEAN             54.7              54.4     0.3
DAYS MAX >= 90      0               0.3    -0.3
DAYS MAX <= 32      0               0.0     0.0
DAYS MIN <= 32      2               3.9    -1.9
DAYS MIN <= 0       0               0.0     0.0

PRECIPITATION (INCHES)
RECORD
 MAXIMUM         7.41   2014
 MINIMUM         0.33   1985
TOTALS           2.46              3.47   -1.01     7.41
DAILY AVG.       0.08              0.12   -0.04
DAYS >= .01        12              10.7     1.3
DAYS >= .10         6               6.8    -0.8
DAYS >= .50         2               2.0     0.0
DAYS >= 1.00        0               0.8    -0.8
GREATEST
 24 HR. TOTAL    0.89   04/19 TO 04/20

SNOWFALL (INCHES)
RECORDS
 TOTAL            4.0   1990
TOTALS              T               0.3    -0.3
SINCE 7/1        36.9              22.0    14.9
SNOWDEPTH AVG.      0
DAYS >= TRACE       1               0.3     0.7
DAYS >= 1.0         0               0.1    -0.1
GREATEST
 SNOW DEPTH         0   MM
 24 HR TOTAL        T

DEGREE_DAYS
HEATING TOTAL     305               335     -30      390
 SINCE 7/1       5067              4572     495     5070
COOLING TOTAL       3                17     -14       11
 SINCE 1/1          3                20     -17       11
..............................................................

WIND (MPH)
AVERAGE WIND SPEED              8.3
HIGHEST WIND SPEED/DIRECTION    38/300    DATE  04/04
HIGHEST GUST SPEED/DIRECTION    49/290    DATE  04/04

SKY COVER
POSSIBLE SUNSHINE (PERCENT)   MM
AVERAGE SKY COVER           0.60
NUMBER OF DAYS FAIR            7
NUMBER OF DAYS PC             14
NUMBER OF DAYS CLOUDY          9

AVERAGE RH (PERCENT)     59

WEATHER CONDITIONS. NUMBER OF DAYS WITH
THUNDERSTORM              3     MIXED PRECIP               0
HEAVY RAIN                1     RAIN                       6
LIGHT RAIN               17     FREEZING RAIN              0
LT FREEZING RAIN          0     HAIL                       0
HEAVY SNOW                0     SNOW                       0
LIGHT SNOW                0     SLEET                      0
FOG                      13     FOG W/VIS <= 1/4 MILE      0
HAZE                      4

-  INDICATES NEGATIVE NUMBERS.
R  INDICATES RECORD WAS SET OR TIED.
MM INDICATES DATA IS MISSING.
T  INDICATES TRACE AMOUNT.

&&

DULLES INTERNATIONAL AIRPORT...

THE MONTHLY AVERAGE TEMPERATURE WAS SLIGHTLY ABOVE NORMAL. MONTHLY
PRECIPITATION WAS BELOW NORMAL.

A RECORD DAILY HIGH MINIMUM TEMPERATURE OF 59 DEGREES WAS SET ON THE
3RD...BREAKING THE OLD RECORD OF 58 SET IN 2000.

THIS WAS THE FIRST MONTH OF 2015 TO HAVE AN ABOVE NORMAL MONTHLY
AVERAGE TEMPERATURE.

ON THE 18TH...DULLES AIRPORT HAD A HIGH OF 80 DEGREES. THIS WAS THE
WARMEST TEMPERATURE OBSERVED SINCE OCTOBER 28TH 2014.

DESPITE THE MILDER WEATHER THE TEMPERATURE ONLY REACHED 80 DEGREES
THE ONE TIME. THIS WAS THE FEWEST DAYS OF 80 DEGREE OR HIGHER
TEMPERATURES IN APRIL SINCE 1998.

A BRIEF PERIOD OF SLEET RESULTED IN A TRACE OF SNOWFALL BEING
RECORDED ON THE 25TH. THIS IS THE FIRST TIME SNOW OR SLEET HAS BEEN
RECORDED ON THIS PARTICULAR DAY SINCE RECORDS BEGAN AT THE AIRPORT
IN 1962.

$$
