000
CXUS53 KLBF 011050
CLMIML


CLIMATE REPORT
NATIONAL WEATHER SERVICE NORTH PLATTE
542 AM CDT TUE JUL 1 2014

...................................

...THE IMPERIAL NE CLIMATE SUMMARY FOR THE MONTH OF JUNE 2014...

CLIMATE NORMAL PERIOD 1981 TO 2010
CLIMATE RECORD PERIOD 1893 TO 2014

WEATHER         OBSERVED          NORMAL  DEPART  LAST YEAR`S
                 VALUE   DATE(S)  VALUE   FROM    VALUE  DATE(S)
                                          NORMAL
................................................................
TEMPERATURE (F)
RECORD
 HIGH             110   06/26/2012
 LOW               29   MM
HIGHEST           100   06/03        98       2      102  06/10
LOWEST             43   06/10        45      -2       40  06/02
AVG. MAXIMUM     82.8              84.0    -1.2     87.1
AVG. MINIMUM     56.0              56.0     0.0     56.2
MEAN             69.4              70.0    -0.6     71.6
DAYS MAX >= 90      5               8.7    -3.7       12
DAYS MAX <= 32      0               0.0     0.0        0
DAYS MIN <= 32      0               0.0     0.0        0
DAYS MIN <= 0       0               0.0     0.0        0

PRECIPITATION (INCHES)
RECORD
 MAXIMUM         8.75   1962
 MINIMUM         0.07   1952
TOTALS           7.05              3.17    3.88     1.44
DAILY AVG.       0.23              0.11    0.12     0.05
DAYS >= .01        13                MM      MM        8
DAYS >= .10        11                MM      MM        3
DAYS >= .50         7                MM      MM        1
DAYS >= 1.00        1                MM      MM        0
GREATEST
 24 HR. TOTAL    2.12   06/08 TO 06/09           06/23 TO 06/23
                                                          06/23 TO 06/23
                                                          06/23 TO 06/23

SNOWFALL (INCHES)
TOTALS             MM

DEGREE_DAYS
HEATING TOTAL      29                34      -5       24
 SINCE 7/1       6260              6101     159     6161
COOLING TOTAL     167               184     -17      231
 SINCE 1/1        228               228       0      299
....................................................

WIND (MPH)
HIGHEST WIND SPEED/DIRECTION    54/350    DATE  06/18
HIGHEST GUST SPEED/DIRECTION    65/340    DATE  06/18

AVERAGE RH (PERCENT)     64

WEATHER CONDITIONS. NUMBER OF DAYS WITH
THUNDERSTORM              0     MIXED PRECIP               0
HEAVY RAIN                5     RAIN                       8
LIGHT RAIN               14     FREEZING RAIN              0
LT FREEZING RAIN          0     HAIL                       0
HEAVY SNOW                0     SNOW                       0
LIGHT SNOW                0     SLEET                      0
FOG                      14     FOG W/VIS <= 1/4 MILE      1
HAZE                      8

-  INDICATES NEGATIVE NUMBERS.
R  INDICATES RECORD WAS SET OR TIED.
MM INDICATES DATA IS MISSING.
T  INDICATES TRACE AMOUNT.

$$
