000
CXUS53 KLBF 011305
CLMIML

CLIMATE REPORT
NATIONAL WEATHER SERVICE NORTH PLATTE
747 AM CDT SAT NOV 1 2014

...................................

...THE IMPERIAL NE CLIMATE SUMMARY FOR THE MONTH OF OCTOBER 2014...

CLIMATE NORMAL PERIOD 1981 TO 2010
CLIMATE RECORD PERIOD 1893 TO 2014

WEATHER         OBSERVED          NORMAL  DEPART  LAST YEAR`S
                 VALUE   DATE(S)  VALUE   FROM    VALUE  DATE(S)
                                          NORMAL
................................................................
TEMPERATURE (F)
RECORD
 HIGH              96   10/05/1947
 LOW               -3   10/22/1917
HIGHEST            85   10/24        87      -2       85  10/02
LOWEST             24   10/31        21       3       28  10/24
                                                          10/16
AVG. MAXIMUM     70.7              65.1     5.6     63.2
AVG. MINIMUM     38.3              36.5     1.8     35.9
MEAN             54.5              50.8     3.7     49.6
DAYS MAX >= 90      0               0.6    -0.6        0
DAYS MAX <= 32      0               0.5    -0.5        0
DAYS MIN <= 32      5               8.1    -3.1        7
DAYS MIN <= 0       0               0.0     0.0        0

PRECIPITATION (INCHES)
RECORD
 MAXIMUM         4.22   1930
 MINIMUM         0.00   1933
TOTALS           0.40              1.34   -0.94     1.41
DAILY AVG.       0.01              0.04   -0.03     0.05
DAYS >= .01         3                MM      MM        9
DAYS >= .10         1                MM      MM        2
DAYS >= .50         0                MM      MM        1
DAYS >= 1.00        0                MM      MM        0
GREATEST
 24 HR. TOTAL    0.39   10/01 TO 10/02           10/14 TO 10/14
                                                          10/14 TO 10/14
                                                          10/14 TO 10/14

SNOWFALL (INCHES)
TOTALS             MM

DEGREE_DAYS
HEATING TOTAL     317               446    -129      471
 SINCE 7/1        419               562    -143      539
COOLING TOTAL       0                 6      -6        0
 SINCE 1/1        955               963      -8     1166
.....................................................

WIND (MPH)
HIGHEST WIND SPEED/DIRECTION    39/010    DATE  10/02
HIGHEST GUST SPEED/DIRECTION    55/310    DATE  10/01

AVERAGE RH (PERCENT)     55

WEATHER CONDITIONS. NUMBER OF DAYS WITH
THUNDERSTORM              0     MIXED PRECIP               0
HEAVY RAIN                1     RAIN                       1
LIGHT RAIN                4     FREEZING RAIN              0
LT FREEZING RAIN          0     HAIL                       0
HEAVY SNOW                0     SNOW                       0
LIGHT SNOW                0     SLEET                      0
FOG                       5     FOG W/VIS <= 1/4 MILE      3
HAZE                     10

-  INDICATES NEGATIVE NUMBERS.
R  INDICATES RECORD WAS SET OR TIED.
MM INDICATES DATA IS MISSING.
T  INDICATES TRACE AMOUNT.

&&

...SNOWFALL AND SNOW DEPTH ARE UNAVAILABLE FOR THIS LOCATION...

$$
