000
CXUS53 KLBF 011522
CLMIML


CLIMATE REPORT
NATIONAL WEATHER SERVICE NORTH PLATTE
1018 AM CDT FRI SEP 1 2017

...................................

...THE IMPERIAL NE CLIMATE SUMMARY FOR THE MONTH OF AUGUST 2017...

CLIMATE NORMAL PERIOD 1981 TO 2010
CLIMATE RECORD PERIOD 1893 TO 2017

WEATHER         OBSERVED          NORMAL  DEPART  LAST YEAR`S
                 VALUE   DATE(S)  VALUE   FROM    VALUE  DATE(S)
                                          NORMAL
................................................................
TEMPERATURE (F)
RECORD
 HIGH             111   08/02/2008
 LOW               34   08/25/1910
HIGHEST            97   08/19        99      -2       98  08/09
LOWEST             49   08/11        50      -1       45  08/21
AVG. MAXIMUM     86.8              87.8    -1.0     85.5
AVG. MINIMUM     56.4              59.9    -3.5     59.0
MEAN             71.6              73.8    -2.2     72.2
DAYS MAX >= 90     11              13.2    -2.2       14
DAYS MAX <= 32      0               0.0     0.0        0
DAYS MIN <= 32      0               0.0     0.0        0
DAYS MIN <= 0       0               0.0     0.0        0

PRECIPITATION (INCHES)
RECORD
 MAXIMUM         9.59   1933
 MINIMUM         0.12   1995
TOTALS           2.11              2.59   -0.48     1.60
DAILY AVG.       0.07              0.08   -0.01     0.05
DAYS >= .01        10                MM      MM        8
DAYS >= .10         8                MM      MM        3
DAYS >= .50         2                MM      MM        2
DAYS >= 1.00        0                MM      MM        0
GREATEST
 24 HR. TOTAL    0.54   08/02 TO 08/02           08/31 TO 08/31
                                                          08/30 TO 08/31
                                                          08/31 TO 08/31

SNOWFALL (INCHES)
TOTALS            MM

DEGREE_DAYS
HEATING TOTAL       0                 7      -7        6
 SINCE 7/1          0                 9      -9        7
COOLING TOTAL     214               282     -68      237
 SINCE 1/1        889               866      23      912
..................................................

WIND (MPH)
HIGHEST WIND SPEED/DIRECTION    60/020    DATE  08/02
HIGHEST GUST SPEED/DIRECTION    76/020    DATE  08/02

AVERAGE RH (PERCENT)     63

WEATHER CONDITIONS. NUMBER OF DAYS WITH
THUNDERSTORM              0     MIXED PRECIP               0
HEAVY RAIN                2     RAIN                       4
LIGHT RAIN               13     FREEZING RAIN              0
LT FREEZING RAIN          0     HAIL                       0
HEAVY SNOW                0     SNOW                       0
LIGHT SNOW                0     SLEET                      0
FOG                       7     FOG W/VIS <= 1/4 MILE      3
HAZE                      1

-  INDICATES NEGATIVE NUMBERS.
R  INDICATES RECORD WAS SET OR TIED.
MM INDICATES DATA IS MISSING.
T  INDICATES TRACE AMOUNT.

$$
