000
CXUS53 KIND 011726 CCA
CLMIND

CLIMATE REPORT...CORRECTED
NATIONAL WEATHER SERVICE INDIANAPOLIS IN
1115 AM EDT FRI APR 1 2016

CORRECTED GREATEST 24 HR SNOWFALL DATES

...................................

...THE INDIANAPOLIS IN CLIMATE SUMMARY FOR THE MONTH OF MARCH 2016...

CLIMATE NORMAL PERIOD 1981 TO 2010
CLIMATE RECORD PERIOD 1871 TO 2016

WEATHER         OBSERVED          NORMAL  DEPART  LAST YEAR`S
                 VALUE   DATE(S)  VALUE   FROM    VALUE  DATE(S)
                                          NORMAL
................................................................
TEMPERATURE (F)
RECORD
 HIGH              85   03/31/1981
 LOW               -7   03/02/1980
HIGHEST            76   03/27                         74  03/16
LOWEST             18   03/02                          2  03/06
AVG. MAXIMUM     58.7              51.7     7.0     48.7
AVG. MINIMUM     39.7              32.8     6.9     29.8
MEAN             49.2              42.2     7.0     39.2
DAYS MAX >= 90      0               0.0     0.0        0
DAYS MAX <= 32      0               1.3    -1.3        3
DAYS MIN <= 32      8              15.3    -7.3       16
DAYS MIN <= 0       0               0.0     0.0        0

PRECIPITATION (INCHES)
RECORD
 MAXIMUM        10.95   1904
 MINIMUM         0.07   1910
TOTALS           4.20              3.56    0.64     3.53
DAILY AVG.       0.14              0.11    0.03     0.11
DAYS >= .01        13              11.9     1.1       13
DAYS >= .10         8               6.7     1.3        7
DAYS >= .50         3               2.4     0.6        4
DAYS >= 1.00        0               0.8    -0.8        0
GREATEST
 24 HR. TOTAL    1.10   03/30 TO 03/31

SNOWFALL (INCHES)
RECORDS
 TOTAL           30.4   1906
 SNOW DEPTH        15   03/19/1906
TOTALS            1.2               2.6    -1.4      5.9
SINCE 7/1        13.3              25.7   -12.4     25.6
SNOWDEPTH AVG.      0
DAYS >= 1.0         1               0.7     0.3        1
DAYS >= 0.1         1                                  1
GREATEST
 SNOW DEPTH         1   03/03                         11  03/02
                                                          03/01
 24 HR TOTAL      1.2   03/03 TO 03/03               5.9  03/01 TO 03/01

DEGREE_DAYS
HEATING TOTAL     482               707    -225      790
 SINCE 7/1       3935              4850    -915     5516
COOLING TOTAL       0                 2      -2        0
 SINCE 1/1          0                 2      -2        0
..................................................

WIND (MPH)
AVERAGE WIND SPEED              11.1
HIGHEST WIND SPEED/DIRECTION    36/250    DATE  03/16
HIGHEST GUST SPEED/DIRECTION    47/270    DATE  03/16

SKY COVER
POSSIBLE SUNSHINE (PERCENT)   MM
AVERAGE SKY COVER           0.70
NUMBER OF DAYS FAIR            3
NUMBER OF DAYS PC              9
NUMBER OF DAYS CLOUDY         19

AVERAGE RH (PERCENT)     64

WEATHER CONDITIONS. NUMBER OF DAYS WITH
THUNDERSTORM              4     MIXED PRECIP               1
HEAVY RAIN                3     RAIN                       9
LIGHT RAIN               17     FREEZING RAIN              0
LT FREEZING RAIN          0     HAIL                       0
HEAVY SNOW                0     SNOW                       0
LIGHT SNOW                4     SLEET                      0
FOG                      15     FOG W/VIS <= 1/4 MILE      1
HAZE                      2

-  INDICATES NEGATIVE NUMBERS.
R  INDICATES RECORD WAS SET OR TIED.
MM INDICATES DATA IS MISSING.
T  INDICATES TRACE AMOUNT.

$$
