000
CXUS53 KDLH 031322
CLMINL

CLIMATE REPORT
NATIONAL WEATHER SERVICE DULUTH MN
821 AM CDT WED SEP 3 2014

...................................

...THE INTERNATIONAL FALLS MN CLIMATE SUMMARY FOR THE MONTH OF AUGUST 2014...

CLIMATE NORMAL PERIOD 1981 TO 2010
CLIMATE RECORD PERIOD 1895 TO 2014

WEATHER         OBSERVED          NORMAL  DEPART  LAST YEAR`S
                 VALUE   DATE(S)  VALUE   FROM    VALUE  DATE(S)
                                          NORMAL
................................................................
TEMPERATURE (F)
RECORD
 HIGH              96   08/09/1920
 LOW               27   08/31/1906
HIGHEST            84   08/15        MM      MM       89  08/28
                                                          08/20
LOWEST             35   08/27        MM      MM       35  08/14
AVG. MAXIMUM     74.5              75.9    -1.4     76.8
AVG. MINIMUM     48.9              50.7    -1.8     49.4
MEAN             61.7              63.3    -1.6     63.1
DAYS MAX >= 90      0               0.8    -0.8        0
DAYS MAX <= 32      0               0.0     0.0        0
DAYS MIN <= 32      0               0.2    -0.2        0
DAYS MIN <= 0       0               0.0     0.0        0

PRECIPITATION (INCHES)
RECORD
 MAXIMUM        11.26   1942
 MINIMUM         0.54   1906
TOTALS           0.90              2.81   -1.91     3.73
DAILY AVG.       0.03              0.09   -0.06     0.12
DAYS >= .01        10              11.0    -1.0       10
DAYS >= .10         3               5.8    -2.8        7
DAYS >= .50         0               1.9    -1.9        2
DAYS >= 1.00        0               0.5    -0.5        1
GREATEST
 24 HR. TOTAL    0.32   08/24 TO 08/24

DEGREE_DAYS
HEATING TOTAL     111               111       0      135
 SINCE 7/1        214               181      33      220
COOLING TOTAL      16                58     -42       86
 SINCE 1/1        111               181     -70      213
.................................................................

WIND (MPH)
AVERAGE WIND SPEED              4.9
HIGHEST WIND SPEED/DIRECTION    25/140    DATE  08/31
HIGHEST GUST SPEED/DIRECTION    35/240    DATE  08/25

SKY COVER
POSSIBLE SUNSHINE (PERCENT)   MM
AVERAGE SKY COVER           0.40
NUMBER OF DAYS FAIR           15
NUMBER OF DAYS PC              8
NUMBER OF DAYS CLOUDY          8

AVERAGE RH (PERCENT)     77

WEATHER CONDITIONS. NUMBER OF DAYS WITH
THUNDERSTORM              0     MIXED PRECIP               0
HEAVY RAIN                2     RAIN                       3
LIGHT RAIN               11     FREEZING RAIN              0
LT FREEZING RAIN          0     HAIL                       0
HEAVY SNOW                0     SNOW                       0
LIGHT SNOW                0     SLEET                      0
FOG                      21     FOG W/VIS <= 1/4 MILE      6
HAZE                      5

-  INDICATES NEGATIVE NUMBERS.
R  INDICATES RECORD WAS SET OR TIED.
MM INDICATES DATA IS MISSING.
T  INDICATES TRACE AMOUNT.

$$

.AUGUST 2014 WAS COOLER AND DRIER THAN NORMAL AT INTERNATIONAL FALLS
MN...

THE AVERAGE TEMPERATURE FOR AUGUST WAS 61.7 DEGREES WHICH WAS 1.6
DEGREES COOLER THAN THE NORMAL OF 63.3 DEGREES TYING THIS FOR THE
22ND COOLEST AUGUST IN STATION HISTORY. THE HIGHEST TEMPERATURE FOR
THE MONTH WAS 84 DEGREES ON THE 15TH. THE LOWEST TEMPERATURE WAS 35
DEGREES ON THE 27TH. NO DAILY TEMPERATURE RECORDS WERE SET FOR
THE MONTH.

AUGUST 2014 HAD BELOW NORMAL PRECIPITATION WITH A TOTAL OF 0.90
INCHES WHICH WAS 1.91 INCHES BELOW THE NORMAL OF 2.81 INCHES MAKING
THIS THE 5TH DRIEST AUGUST IN RECORDED HISTORY. THE GREATEST AMOUNT
OF PRECIPITATION IN A 24 HOUR PERIOD OCCURRED ON THE 24TH WHEN 0.32
INCHES WAS RECORDED. AT LEAST A TRACE OF PRECIPITATION WAS REPORTED
ON 12 DAYS. AT LEAST 0.01 INCHES OF PRECIPITATION FELL ON 10 DAYS.
AT LEAST 0.10 INCHES OF PRECIPITATION FELL ON 3 DAYS. NO DAILY
PRECIPITATION RECORDS WERE SET FOR THE MONTH.

THE AVERAGE WIND SPEED FOR THE MONTH WAS 4.9 MPH. THE WINDIEST DAY
FOR THE MONTH WAS ON THE 24TH WITH AN AVERAGE WIND SPEED OF 10.4 MPH.
THE GREATEST SUSTAINED WINDS OCCURRED ON THE 31ST WITH A WIND FROM
THE SOUTHEAST AT 25 MPH. A PEAK GUST OF 35 MPH FROM THE SOUTHWEST WAS
RECORDED ON THE 25TH. THERE WERE 111 HEATING DEGREE DAYS FOR THE
MONTH WHICH WAS NORMAL. THIS BROUGHT THE SEASONAL TOTAL OF HEATING
DEGREE DAYS TO 214 WHICH IS 33 ABOVE THE NORMAL OF 181. THERE WERE
16 COOLING DEGREE DAYS FOR THE MONTH WHICH WAS 42 BELOW THE NORMAL
OF 48. THIS BRINGS THE SEASONAL TOTAL OF COOLING DEGREE DAYS TO 111
WHICH IS 70 BELOW THE NORMAL OF 181. THE HIGHEST BAROMETRIC PRESSURE
READING FOR THE MONTH WAS 30.22 INCHES REACHED ON THE 27TH. THE
LOWEST BAROMETRIC WAS 29.53 INCHES REACHED ON THE 31ST.

THE OUTLOOK FOR SEPTEMBER...NORMAL HIGHS START IN THE LOWER 70S AND
COOL TO THE UPPER 50S AT THE END OF THE MONTH. NORMAL LOWS FOR THE
MONTH START IN THE MID 40S AND COOL TO THE MID 30S AT THE END OF THE
MONTH. NORMAL PRECIPITATION FOR SEPTEMBER IS 2.99 INCHES. NORMAL
SNOWFALL FOR SEPTEMBER IS 0.1 INCHES. NEAR NORMAL TEMPERATURES AND
ABOVE NORMAL PRECIPITATION ARE FORECASTED FOR SEPTEMBER.

$$
