000
CXUS53 KDLH 031427 CCA
CLMINL


CLIMATE REPORT...CORRECTED
NATIONAL WEATHER SERVICE DULUTH MN
927 AM CDT MON APR 3 2017

...................................

...THE INTERNATIONAL FALLS MN CLIMATE SUMMARY FOR THE MONTH OF MARCH 2017...

CLIMATE NORMAL PERIOD 1981 TO 2010
CLIMATE RECORD PERIOD 1895 TO 2017

WEATHER         OBSERVED          NORMAL  DEPART  LAST YEAR`S
                 VALUE   DATE(S)  VALUE   FROM    VALUE  DATE(S)
                                          NORMAL
................................................................
TEMPERATURE (F)
RECORD
 HIGH              79   03/18/2012
 LOW              -38   03/01/1962
HIGHEST            58   03/31        MM      MM       61  03/11
LOWEST            -15   03/03        MM      MM      -17  03/01
AVG. MAXIMUM     34.9              34.7     0.2     40.9
AVG. MINIMUM     13.5              12.5     1.0     17.5
MEAN             24.2              23.6     0.6     29.2
DAYS MAX >= 90      0               0.0     0.0        0
DAYS MAX <= 32     12              11.7     0.3        7
DAYS MIN <= 32     29              29.4    -0.4       28
DAYS MIN <= 0       8               6.2     1.8        4

PRECIPITATION (INCHES)
RECORD
 MAXIMUM         3.75   2009
 MINIMUM         0.00   2001
TOTALS           0.68              0.95   -0.27     2.71
DAILY AVG.       0.02              0.03   -0.01     0.09
DAYS >= .01         6               8.8    -2.8        8
DAYS >= .10         2               2.6    -0.6        7
DAYS >= .50         0               0.3    -0.3        2
DAYS >= 1.00        0               0.0     0.0        1
GREATEST
 24 HR. TOTAL    0.37   03/16 TO 03/17

SNOWFALL (INCHES)
RECORDS
 TOTAL           30.1   2009
TOTALS            4.5               7.6    -3.1      9.3
SINCE 7/1        67.8              64.4     3.4     42.8
SNOWDEPTH AVG.      6                10      -4        6
DAYS >= 1.0         2               2.7    -0.7        2
GREATEST
 SNOW DEPTH        10   03/17                         13  03/05
                        03/05
                        03/04
 24 HR TOTAL      3.8   03/16 TO 03/17

DEGREE_DAYS
HEATING TOTAL    1257              1283     -26     1103
 SINCE 7/1       7731              8866   -1135     7635
COOLING TOTAL       0                 0       0        0
 SINCE 1/1          0                 0       0        0
.................................................................

WIND (MPH)
AVERAGE WIND SPEED              8.0
HIGHEST WIND SPEED/DIRECTION    32/240    DATE  03/07
HIGHEST GUST SPEED/DIRECTION    56/260    DATE  03/07

SKY COVER
POSSIBLE SUNSHINE (PERCENT)   MM
AVERAGE SKY COVER           0.30
NUMBER OF DAYS FAIR           18
NUMBER OF DAYS PC              8
NUMBER OF DAYS CLOUDY          5

AVERAGE RH (PERCENT)     62

WEATHER CONDITIONS. NUMBER OF DAYS WITH
THUNDERSTORM              0     MIXED PRECIP               1
HEAVY RAIN                0     RAIN                       0
LIGHT RAIN                4     FREEZING RAIN              0
LT FREEZING RAIN          0     HAIL                       0
HEAVY SNOW                2     SNOW                       1
LIGHT SNOW                8     SLEET                      0
FOG                       9     FOG W/VIS <= 1/4 MILE      1
HAZE                      7

-  INDICATES NEGATIVE NUMBERS.
R  INDICATES RECORD WAS SET OR TIED.
MM INDICATES DATA IS MISSING.
T  INDICATES TRACE AMOUNT.

$$

.MARCH 2017 WAS ABOVE NORMAL FOR TEMPERATURES WITH BELOW NORMAL
PRECIPITATION AT INTERNATIONAL FALLS MN...

THE AVERAGE TEMPERATURE FOR MARCH WAS 24.2 DEGREES WHICH WAS 0.6
DEGREES ABOVE THE NORMAL OF 23.6 DEGREES. THE HIGHEST TEMPERATURE
FOR THE MONTH WAS 58 DEGREES ON THE 31ST. THE LOWEST TEMPERATURE WAS
-15 DEGREES ON THE 3RD. NO DAILY TEMPERATURE RECORDS WERE BROKEN FOR
THE MONTH OF MARCH. FOURTEEN DAYS HAD AVERAGE TEMPERATURES BELOW
NORMAL.

MARCH 2017 WAS DRIER THAN NORMAL WITH A TOTAL OF 0.68 INCHES OF
PRECIPITATION RECORDED FOR THE MONTH. THIS WAS 0.27 INCHES BELOW THE
NORMAL OF 0.95 INCHES. THE GREATEST AMOUNT OF PRECIPITATION IN A 24
HOUR PERIOD OCCURRED ON THE 16TH TO 17TH WHEN 0.37 INCHES WAS
RECORDED. AT LEAST A TRACE OF PRECIPITATION WAS RECORDED ON 11 DAYS.
AT LEAST 0.01 OF AN INCH OF PRECIPITATION FELL ON 6 DAYS. AT LEAST
0.10 OF AN INCH FELL ON 2 DAYS. THERE WAS 4.5 INCHES OF SNOW FOR THE
MONTH WHICH IS 3.1 INCHES BELOW THE NORMAL OF 7.6 INCHES. THE
GREATEST AMOUNT OF SNOWFALL IN A 24 HOUR PERIOD OCCURRED ON THE 16TH
TO THE 17TH WHERE 3.8 INCHES OF SNOW WAS RECORDED. NO DAILY
PRECIPITATION RECORDS WERE BROKEN FOR THE MONTH.

THE AVERAGE WIND SPEED FOR THE MONTH WAS 8.0 MPH. THE WINDIEST DAY
FOR THE MONTH WAS ON THE 8TH WITH AN AVERAGE WIND OF 19.2 MPH. THE
HIGHEST SUSTAINED WIND OCCURRED ON THE 7TH WITH A SPEED OF 32 MPH
OUT OF THE WEST SOUTHWEST. A PEAK GUST OF 56 MPH FROM THE WEST WAS
RECORDED ON THE 7TH. THERE WERE 1257 HEATING DEGREE DAYS FOR THE
MONTH WHICH WAS 26 BELOW THE NORMAL OF 1283. THIS BROUGHT THE
SEASONAL TOTAL TO 7731 WHICH WAS 1135 BELOW THE NORMAL OF 8866.
THERE WERE 0 COOLING DEGREE DAYS FOR THE MONTH WHICH WAS NORMAL. THE
SEASONAL TOTAL COOLING DEGREE DAYS STANDS AT 0 WHICH WAS NORMAL. THE
HIGHEST SEA LEVEL PRESSURE READING FOR THE MONTH WAS 30.78 INCHES
REACHED ON THE 10TH AND THE LOWEST SEA LEVEL PRESSURE READING WAS
29.02 INCHES REACHED ON THE 6TH.

THE OUTLOOK FOR APRIL...NORMAL HIGHS BEGIN THE MONTH IN THE LOW TO
MID 40S AND WARM TO THE UPPER 50S AT THE END OF THE MONTH. NORMAL
LOWS FOR THE MONTH START IN THE LOW 20S AND WARM TO THE LOW TO MID
30S AT THE END OF THE MONTH. NORMAL PRECIPITATION FOR APRIL IS 1.53
INCHES. NORMAL SNOWFALL FOR APRIL IS 6.4 INCHES. THE LATEST CLIMATE
PREDICTION CENTER OUTLOOK INDICATES THAT ODDS ARE SLIGHTLY TILTED
TOWARDS ABOVE NORMAL TEMPERATURES AND PRECIPITATION FOR APRIL.

$$

WL
