109
CXUS53 KDLH 021312
CLMINL


CLIMATE REPORT
NATIONAL WEATHER SERVICE DULUTH MN
711 AM CST TUE JAN 2 2018

...................................

...THE INTERNATIONAL FALLS MN CLIMATE SUMMARY FOR THE MONTH OF DECEMBER 2017...

CLIMATE NORMAL PERIOD 1981 TO 2010
CLIMATE RECORD PERIOD 1895 TO 2018

WEATHER         OBSERVED          NORMAL  DEPART  LAST YEAR`S
                 VALUE   DATE(S)  VALUE   FROM    VALUE  DATE(S)
                                          NORMAL
................................................................
TEMPERATURE (F)
RECORD
 HIGH              57   12/07/1939
 LOW              -41   12/19/1955
HIGHEST            40   12/03        MM      MM       41  12/23
                        12/02
                        12/01
LOWEST            -37   12/27        MM      MM      -30  12/18
AVG. MAXIMUM     14.7              19.0    -4.3     19.5
AVG. MINIMUM     -3.0               0.4    -3.4      2.4
MEAN              5.9               9.7    -3.8     11.0
DAYS MAX >= 90      0               0.0     0.0        0
DAYS MAX <= 32     26              25.7     0.3       26
DAYS MIN <= 32     31              30.8     0.2       31
DAYS MIN <= 0      17              14.4     2.6       13

PRECIPITATION (INCHES)
RECORD
 MAXIMUM         2.19   2016
 MINIMUM         0.07   1913
TOTALS           1.16              0.81    0.35     2.19
DAILY AVG.       0.04              0.03    0.01     0.07
DAYS >= .01        16              10.7     5.3       17
DAYS >= .10         3               2.5     0.5        8
DAYS >= .50         0               0.1    -0.1        1
DAYS >= 1.00        0               0.0     0.0        0
GREATEST
 24 HR. TOTAL    0.42   12/04 TO 12/04

SNOWFALL (INCHES)
RECORDS
 TOTAL           43.9   5
                        0
                        -26215
TOTALS           16.4              15.0     1.4     25.5
SINCE 7/1        30.4              31.0    -0.6     33.9
SNOWDEPTH AVG.      4                 7      -3        6
DAYS >= 1.0         7               4.8     2.2        8
GREATEST
 SNOW DEPTH         9   12/19                         13  12/31
 24 HR TOTAL      4.8   12/18 TO 12/18

DEGREE_DAYS
HEATING TOTAL    1827              1714     113     1666
 SINCE 7/1       4221              4175      46     3472
COOLING TOTAL       0                 0       0        0
 SINCE 1/1         86               192    -106      155
.................................................................

WIND (MPH)
AVERAGE WIND SPEED              6.9
HIGHEST WIND SPEED/DIRECTION    30/290    DATE  12/05
HIGHEST GUST SPEED/DIRECTION    39/290    DATE  12/05

SKY COVER
POSSIBLE SUNSHINE (PERCENT)   MM
AVERAGE SKY COVER           0.60
NUMBER OF DAYS FAIR            7
NUMBER OF DAYS PC             10
NUMBER OF DAYS CLOUDY         14

AVERAGE RH (PERCENT)     76

WEATHER CONDITIONS. NUMBER OF DAYS WITH
THUNDERSTORM              0     MIXED PRECIP               0
HEAVY RAIN                0     RAIN                       1
LIGHT RAIN                2     FREEZING RAIN              0
LT FREEZING RAIN          0     HAIL                       0
HEAVY SNOW                8     SNOW                      11
LIGHT SNOW               22     SLEET                      0
FOG                      22     FOG W/VIS <= 1/4 MILE      2
HAZE                     28

-  INDICATES NEGATIVE NUMBERS.
R  INDICATES RECORD WAS SET OR TIED.
MM INDICATES DATA IS MISSING.
T  INDICATES TRACE AMOUNT.

.DECEMBER 2017 WAS COLDER THAN NORMAL WITH ABOVE NORMAL
PRECIPITATION AT INTERNATIONAL FALLS MN...

THE AVERAGE TEMPERATURE FOR DECEMBER WAS 5.9 DEGREES WHICH WAS 3.8
DEGREES BELOW THE NORMAL OF 9.7. THE HIGHEST TEMPERATURE FOR THE
MONTH WAS 40 DEGREES ON THE 2ND AND 3RD. THE LOWEST TEMPERATURE WAS
37 DEGREES BELOW ZERO ON THE 27TH. TWO DAILY TEMPERATURE RECORDS
WERE BROKEN FOR THE MONTH. A NEW RECORD WAS SET ON THE 26TH FOR A
LOW MAXIMUM TEMPERATURE OF 12 DEGREES BELOW ZERO. THIS TIED THE
PREVIOUS RECORD OF 12 DEGREES BELOW ZERO IN 1993. ANOTHER RECORD WAS
SET ON THE 27TH FOR A NEW LOW TEMPERATURE OF 37 DEGREES BELOW ZERO.
THIS BROKE THE PREVIOUS RECORD OF 32 DEGREES BELOW ZERO IN 1924. 17
DAYS HAD AVERAGE TEMPERATURES BELOW NORMAL.

DECEMBER 2017 WAS ABOVE NORMAL FOR PRECIPITATION WITH A TOTAL OF
1.16 INCHES OF PRECIPITATION RECORDED FOR THE MONTH. THIS WAS 0.35
INCHES ABOVE THE NORMAL OF 0.81 INCHES. THE GREATEST AMOUNT OF
PRECIPITATION IN A 24 HOUR PERIOD OCCURRED ON THE 4TH WHEN 0.42
INCHES WAS RECORDED. AT LEAST A TRACE OF PRECIPITATION WAS RECORDED
ON 26 DAYS. AT LEAST 0.01 INCHES FELL ON 16 DAYS. AT LEAST 0.10
INCHES FELL ON 3 DAYS. ONE DAILY PRECIPITATION RECORD WAS BROKEN FOR
THE MONTH. ON DECEMBER 18TH A TOTAL OF 0.25 INCHES OF PRECIPITATION
WAS RECORDED. THIS BROKE THE PREVIOUS RECORD OF 0.20 INCHES SET IN
2002.

DECEMBER 2017 WAS ABOVE NORMAL FOR SNOWFALL WITH A TOTAL OF 16.4
INCHES OF SNOW FOR THE MONTH. THIS WAS 1.4 INCHES ABOVE THE NORMAL
OF 15.0 INCHES. THE GREATEST AMOUNT OF SNOWFALL IN A 24 HOUR PERIOD
OCCURRED ON THE 18TH WHEN 4.8 INCHES WAS RECORDED. ONE DAILY
SNOWFALL RECORD WAS BROKEN FOR THE MONTH. ON DECEMBER 18TH A TOTAL
OF 4.8 INCHES OF SNOW WAS RECORDED. THIS BROKE THE PREVIOUS RECORD
OF 3.0 INCHES SET IN 1992.

THE AVERAGE WIND SPEED FOR THE MONTH WAS 6.9 MPH. THE WINDIEST DAY
OF THE MONTH WAS ON THE 5TH WITH AN AVERAGE WIND OF 18.1 MPH. THE
HIGHEST SUSTAINED WIND OCCURRED ON THE 4TH AND 5TH WITH A SPEED OF
30 MPH. A PEAK GUST OF 39 MPH WAS RECORDED ON THE 5TH OUT OF THE
WEST.

THERE WERE 1827 HEATING DEGREE DAYS FOR THE MONTH WHICH WAS 113
ABOVE THE NORMAL OF 1714. THIS BROUGHT THE SEASONAL TOTAL TO 4221
WHICH WAS 46 ABOVE THE NORMAL OF 4175. THERE WERE 0 COOLING DEGREE
DAYS FOR THE MONTH WHICH WAS NORMAL. THE SEASONAL TOTAL COOLING
DEGREE DAYS STANDS AT 86 WHICH IS 106 BELOW THE NORMAL OF 192. THE
HIGHEST SEA LEVEL PRESSURE READING FOR THE MONTH WAS 30.78 INCHES
REACHED ON THE 31ST AND THE LOWEST SEA LEVEL PRESSURE READING WAS
29.31 INCHES REACHED ON THE 4TH.

THE OUTLOOK FOR JANUARY...NORMAL HIGHS ARE IN THE MID TEENS. NORMAL
LOWS ARE IN THE SINGLE DIGITS BELOW ZERO. NORMAL PRECIPITATION FOR
JANUARY IS 0.62 INCHES. NORMAL SNOWFALL FOR JANUARY IS 15.0 INCHES.
THE LATEST CLIMATE PREDICTION CENTER OUTLOOK INDICATES THAT THERE IS
A 40% CHANCE FOR BELOW NORMAL TEMPERATURES AND A 33% CHANCE FOR
BELOW NORMAL PRECIPICATION.

$$
