000
CXUS51 KOKX 011507
CLMISP

CLIMATE REPORT
NATIONAL WEATHER SERVICE NEW YORK NY
1107 AM EDT FRI AUG 1 2014

...................................

...THE ISLIP NY CLIMATE SUMMARY FOR THE MONTH OF JULY 2014...

CLIMATE NORMAL PERIOD 1981 TO 2010
CLIMATE RECORD PERIOD 1986 TO 2014

WEATHER         OBSERVED          NORMAL  DEPART  LAST YEAR`S
                 VALUE   DATE(S)  VALUE   FROM    VALUE  DATE(S)
                                          NORMAL
................................................................
TEMPERATURE (F)
RECORD
 HIGH             102   07/05/1999
 LOW               50   07/01/1988
HIGHEST            87   07/09        MM      MM       95  07/18
                        07/08
LOWEST             61   07/30        MM      MM       62  07/30
                                                          07/26
                                                          07/25
AVG. MAXIMUM     82.7              81.7     1.0     85.0
AVG. MINIMUM     67.7              66.0     1.7     70.9
MEAN             75.2              73.9     1.3     78.0
DAYS MAX >= 90      0               2.2    -2.2        8
DAYS MAX <= 32      0               0.0     0.0        0
DAYS MIN <= 32      0               0.0     0.0        0
DAYS MIN <= 0       0               0.0     0.0        0

PRECIPITATION (INCHES)
RECORD
 MAXIMUM         8.36   1984
 MINIMUM         0.92   1999
TOTALS           2.96              3.43   -0.47     2.34
DAILY AVG.       0.10              0.11   -0.01     0.08
DAYS >= .01         9               9.1    -0.1       13
DAYS >= .10         6               5.7     0.3        7
DAYS >= .50         3               2.3     0.7        1
DAYS >= 1.00        0               0.9    -0.9        0
GREATEST
 24 HR. TOTAL    1.28   07/14 TO 07/15           07/12 TO 07/13
                                                          07/31 TO 07/31
                                                          07/31 TO 07/31
 STORM TOTAL       MM                                 MM
 (MM/DD(HH))            MM                    07/13(00) TO 07/13(00)
                                                 07/31(00) TO 07/31(00)1
                                                 07/31(00) TO 07/31(00)1

SNOWFALL (INCHES)
RECORDS
 TOTAL             MM   0
 24 HR TOTAL       MM
TOTALS            0.0               0.0     0.0      0.0
 LIQUID EQUIV    0.00              0.00    0.00     0.00
SINCE 7/1         0.0               0.0     0.0      0.0
 LIQUID 7/1      0.00              0.00    0.00     0.00
DAYS >= TRACE       0               0.0     0.0        0
DAYS >= 1.0         0               0.0     0.0        0
GREATEST
 SNOW DEPTH         0   MM                             0  MM
 24 HR TOTAL      0.0   07/31 TO 07/31           07/31 TO 07/31
                                                          07/31 TO 07/31
                                                          07/31 TO 07/31
 STORM TOTAL       MM                                 MM
 (MM/DD(HH))            MM                    07/31(00) TO 07/31(00)
                                                 07/31(00) TO 07/31(00)1
                                                 07/31(00) TO 07/31(00)1

DEGREE_DAYS
HEATING TOTAL       0                 2      -2        0
 SINCE 7/1          0                 2      -2        0
COOLING TOTAL     324               276      48      409
 SINCE 1/1        524               440      84      610
..................................................

WIND (MPH)
AVERAGE WIND SPEED              8.8
HIGHEST WIND SPEED/DIRECTION    26/330    DATE  07/04
HIGHEST GUST SPEED/DIRECTION    33/340    DATE  07/04

SKY COVER
POSSIBLE SUNSHINE (PERCENT)   MM
AVERAGE SKY COVER           0.50
NUMBER OF DAYS FAIR            7
NUMBER OF DAYS PC             18
NUMBER OF DAYS CLOUDY          6

AVERAGE RH (PERCENT)     67

WEATHER CONDITIONS. NUMBER OF DAYS WITH
THUNDERSTORM              0     MIXED PRECIP               0
HEAVY RAIN                2     RAIN                       5
LIGHT RAIN               10     FREEZING RAIN              0
LT FREEZING RAIN          0     HAIL                       0
HEAVY SNOW                0     SNOW                       0
LIGHT SNOW                0     SLEET                      0
FOG                       7     FOG W/VIS <= 1/4 MILE      1
HAZE                      5

-  INDICATES NEGATIVE NUMBERS.
R  INDICATES RECORD WAS SET OR TIED.
MM INDICATES DATA IS MISSING.
T  INDICATES TRACE AMOUNT.

$$
