394
CXCA52 TJSJ 010443 RRB
CLMISX

CLIMATE REPORT
NATIONAL WEATHER SERVICE SAN JUAN, PR
1228 AM AST SUN JAN 1 2017

...................................

...THE HENRY E. ROHLSEN AP/ST CROIX CLIMATE SUMMARY FOR THE YEAR OF 2016...

CLIMATE NORMAL PERIOD 1981 TO 2010
CLIMATE RECORD PERIOD 1951 TO 2016

WEATHER         OBSERVED          NORMAL  DEPART  LAST YEAR`S
                 VALUE   DATE(S)  VALUE   FROM    VALUE  DATE(S)
                                          NORMAL
................................................................
TEMPERATURE (F)
RECORD
 HIGH              98   10/01/1972
 LOW               60   03/29/1977
HIGHEST            94   08/30        95      -1       93  10/06
                                                          08/26
                                                          08/24
LOWEST             66   02/03        65       1       68  03/21
                                                          03/17
                                                          02/07
AVG. MAXIMUM     87.7              86.6     1.1     87.8
AVG. MINIMUM     75.6              75.4     0.2     75.4
MEAN             81.6              81.0     0.6     81.6
DAYS MAX >= 90     88              38.8    49.2      117
DAYS MAX <= 32      0               0.0     0.0        0
DAYS MIN <= 32      0               0.0     0.0        0
DAYS MIN <= 0       0               0.0     0.0        0

PRECIPITATION (INCHES)
RECORD
 MAXIMUM        61.10   1979
 MINIMUM        21.61   2002
TOTALS          35.22             38.67   -3.45    23.07
DAILY AVG.       0.10              0.11   -0.01     0.06
DAYS >= .01       164             174.0   -10.0      138
DAYS >= .10        72              82.0   -10.0       55
DAYS >= .50        17              18.8    -1.8        9
DAYS >= 1.00        7               6.8     0.2        4


SNOWFALL (INCHES)
TOTALS            0.0               0.0     0.0      0.0

DEGREE_DAYS
HEATING TOTAL       0                 0       0        0
COOLING TOTAL    6020              5833     187     6148
.................................................................

WIND (MPH)
AVERAGE WIND SPEED              9.8
HIGHEST WIND SPEED/DIRECTION    40/070    DATE  09/28
HIGHEST GUST SPEED/DIRECTION    52/340    DATE  12/23

SKY COVER
AVERAGE SKY COVER           0.40

AVERAGE RH (PERCENT)     77

WEATHER CONDITIONS. NUMBER OF DAYS WITH
THUNDERSTORM              0     MIXED PRECIP               0
HEAVY RAIN               41     RAIN                      42
LIGHT RAIN              180     FREEZING RAIN              0
LT FREEZING RAIN          0     HAIL                       0
HEAVY SNOW                0     SNOW                       0
LIGHT SNOW                0     SLEET                      0
FOG                     117     FOG W/VIS <= 1/4 MILE      0
HAZE                     45

-  INDICATES NEGATIVE NUMBERS.
R  INDICATES RECORD WAS SET OR TIED.
MM INDICATES DATA IS MISSING.
T  INDICATES TRACE AMOUNT.

$$
