386
CXCA52 TJSJ 011044
CLMISX


CLIMATE REPORT
NATIONAL WEATHER SERVICE SAN JUAN, PR
643 AM AST SUN MAY 1 2016

...................................

...THE HENRY E. ROHLSEN AP/ST CROIX CLIMATE SUMMARY FOR THE MONTH OF APRIL 2016...

CLIMATE NORMAL PERIOD 1981 TO 2010
CLIMATE RECORD PERIOD 1951 TO 2016

WEATHER         OBSERVED          NORMAL  DEPART  LAST YEAR`S
                 VALUE   DATE(S)  VALUE   FROM    VALUE  DATE(S)
                                          NORMAL
................................................................
TEMPERATURE (F)
RECORD
 HIGH              93   04/30/1973
                        04/21/1961
 LOW               62   04/03/1982
                        04/02/1982
                        04/15/1974
HIGHEST            90   04/27        89       1       90  04/29
LOWEST             69   04/16        79     -10       71  04/23
                                                          04/05
AVG. MAXIMUM     86.6              85.7     0.9     87.2
AVG. MINIMUM     74.7              74.2     0.5     74.3
MEAN             80.6              80.0     0.6     80.8
DAYS MAX >= 90      1               0.1     0.9        1
DAYS MAX <= 32      0               0.0     0.0        0
DAYS MIN <= 32      0               0.0     0.0        0
DAYS MIN <= 0       0               0.0     0.0        0

PRECIPITATION (INCHES)
RECORD
 MAXIMUM         8.53   2003
 MINIMUM         0.00   1988
TOTALS           3.22              2.13    1.09     0.59
DAILY AVG.       0.11              0.08    0.03     0.02
DAYS >= .01         9              10.6    -1.6        6
DAYS >= .10         4               4.5    -0.5        2
DAYS >= .50         1               1.0     0.0        0
DAYS >= 1.00        1               0.4     0.6        0
GREATEST
 24 HR. TOTAL    2.33   04/29 TO 04/30
                        04/30 TO 04/30

SNOWFALL (INCHES)
TOTALS            0.0               0.0     0.0      0.0

DEGREE_DAYS
HEATING TOTAL       0                 0       0        0
COOLING TOTAL     476               448      28      479
.................................................................

WIND (MPH)
AVERAGE WIND SPEED              8.4
HIGHEST WIND SPEED/DIRECTION    23/360    DATE  04/30
HIGHEST GUST SPEED/DIRECTION    36/360    DATE  04/30

SKY COVER
AVERAGE SKY COVER           0.40

AVERAGE RH (PERCENT)     75

WEATHER CONDITIONS. NUMBER OF DAYS WITH
THUNDERSTORM              0     MIXED PRECIP               0
HEAVY RAIN                1     RAIN                       3
LIGHT RAIN               13     FREEZING RAIN              0
LT FREEZING RAIN          0     HAIL                       0
HEAVY SNOW                0     SNOW                       0
LIGHT SNOW                0     SLEET                      0
FOG                       5     FOG W/VIS <= 1/4 MILE      0
HAZE                      2

-  INDICATES NEGATIVE NUMBERS.
R  INDICATES RECORD WAS SET OR TIED.
MM INDICATES DATA IS MISSING.
T  INDICATES TRACE AMOUNT.

$$
