000
CXUS53 KGLD 052038 RRA
CLMITR

CLIMATE REPORT
NATIONAL WEATHER SERVICE GOODLAND
136 PM MST TUE DEC 5 2017

...................................

...THE BURLINGTON CLIMATE SUMMARY FOR THE MONTH OF NOVEMBER 2017...

CLIMATE NORMAL PERIOD 1981 TO 2010
CLIMATE RECORD PERIOD 1896 TO 2017

WEATHER         OBSERVED          NORMAL  DEPART  LAST YEAR`S
                 VALUE   DATE(S)  VALUE   FROM    VALUE  DATE(S)
                                          NORMAL
................................................................
TEMPERATURE (F)
RECORD
 HIGH              84   11/10/1927
 LOW              -10   11/13/2014
HIGHEST            82   11/27        75       7       80  11/16
LOWEST             16   11/19         9       7       13  11/18
                        11/18
AVG. MAXIMUM     59.1              52.4     6.7     60.6
AVG. MINIMUM     27.5              24.0     3.5     29.7
MEAN             43.3              38.2     5.1     45.2
DAYS MAX >= 90      0               0.0     0.0        0
DAYS MAX <= 32      0               2.4    -2.4        0
DAYS MIN <= 32     24              25.3    -1.3       20
DAYS MIN <= 0       0               0.2    -0.2        0

PRECIPITATION (INCHES)
RECORD
 MAXIMUM         3.02   1946
 MINIMUM            T   2012
                        2006
TOTALS           0.02              0.59   -0.57     0.26
DAILY AVG.       0.00              0.02   -0.02     0.01
DAYS >= .01         1                MM      MM        3
DAYS >= .10         0                MM      MM        1
DAYS >= .50         0                MM      MM        0
DAYS >= 1.00        0                MM      MM        0
GREATEST
 24 HR. TOTAL    0.02   11/17 TO 11/17              0.16


.................................................................



-  INDICATES NEGATIVE NUMBERS.
R  INDICATES RECORD WAS SET OR TIED.
MM INDICATES DATA IS MISSING.
T  INDICATES TRACE AMOUNT.

$$
