000
CXUS51 KOKX 011326 RRA
CLMJFK
CLIMATE REPORT
NATIONAL WEATHER SERVICE NEW YORK, NY
923 AM EDT MON APR 01 2024
...................................
...THE KENNEDY NY CLIMATE SUMMARY FOR THE MONTH OF MARCH 2024...
CLIMATE NORMAL PERIOD 1991 TO 2020
CLIMATE RECORD PERIOD 1948 TO 2024
WEATHER OBSERVED NORMAL DEPART LAST YEAR`S
VALUE DATE(S) VALUE FROM VALUE DATE(S)
NORMAL
................................................................
TEMPERATURE (F)
RECORD
HIGH 85 03/13/1990
LOW 7 03/19/1967
HIGHEST 72 03/15 MM MM 62 03/26
LOWEST 28 03/01 MM MM 29 03/01
03/22
03/31
AVG. MAXIMUM 54.5 48.7 5.8 50.1
AVG. MINIMUM 39.3 33.6 5.7 35.3
MEAN 46.9 41.1 5.8 42.7
DAYS MAX >= 90 0 0.0 0.0 0
DAYS MAX <= 32 0 0.8 -0.8 0
DAYS MIN <= 32 4 12.0 -8.0 11
DAYS MIN <= 0 0 0.0 0.0 0
PRECIPITATION (INCHES)
RECORD
MAXIMUM 8.62 2010
MINIMUM 0.95 1981
TOTALS 9.88 3.94 5.94 3.46
DAILY AVG. 0.32 0.13 0.19 0.11
DAYS >= .01 11 10.8 0.2 15
DAYS >= .10 8 7.0 1.0 7
DAYS >= .50 5 2.7 2.3 2
DAYS >= 1.00 4 1.0 3.0 1
GREATEST
24 HR. TOTAL 3.13 03/23 TO 03/23 1.14 03/13 TO 03/14
STORM TOTAL 3.13 1.10
(MM/DD(HH)) MM
SNOWFALL (INCHES)
RECORDS
TOTAL 21.1 1960
24 HR TOTAL MM
TOTALS T 4.3 -4.3 0.4
LIQUID EQUIV T 0.40 -0.40 0.00
SINCE 7/1 12.8 25.3 -12.5
LIQUID 7/1 1.28 2.50 MM
DAYS >= TRACE 1 2.5 -1.5 2
DAYS >= 1.0 0 1.2 -1.2 0
GREATEST
SNOW DEPTH 0 MM 03/28
03/07
03/01
24 HR TOTAL MM MM
STORM TOTAL 0.0 0.3
(MM/DD(HH)) MM
DEGREE DAYS
HEATING TOTAL 553 739 -186 683
SINCE 7/1 3716 4252 -536 MM
COOLING TOTAL 0 0 0 0
SINCE 1/1 0 0 0 MM
................................................................
WIND (MPH)
AVERAGE WIND SPEED 13.0
HIGHEST WIND SPEED/DIRECTION 39/320 DATE 03/11
HIGHEST GUST SPEED/DIRECTION 55/310 DATE 03/11
55/340 03/23
SKY COVER
POSSIBLE SUNSHINE (PERCENT) MM
AVERAGE SKY COVER 0.66
NUMBER OF DAYS FAIR 4
NUMBER OF DAYS PC 14
NUMBER OF DAYS CLOUDY 13
AVERAGE RH (PERCENT) 66
WEATHER CONDITIONS. NUMBER OF DAYS WITH
THUNDERSTORM 0 MIXED PRECIP 0
HEAVY RAIN 7 RAIN 8
LIGHT RAIN 15 FREEZING RAIN 0
LT FREEZING RAIN 0 HAIL 0
HEAVY SNOW 0 SNOW 0
LIGHT SNOW 1 SLEET 0
FOG 12 FOG W/VIS <= 1/4 MILE 5
HAZE 0
- INDICATES NEGATIVE NUMBERS.
R INDICATES RECORD WAS SET OR TIED.
MM INDICATES DATA IS MISSING.
T INDICATES TRACE AMOUNT.
$$