000
CXUS51 KOKX 011709
CLMJFK

NYCCLMJFK 000
TTAA00 KOKX 011705


CLIMATE REPORT
NATIONAL WEATHER SERVICE NEW YORK NY
1205 PM EST WED MAR 1 2017

...................................

...THE KENNEDY NY CLIMATE SUMMARY FOR THE MONTH OF FEBRUARY 2017...

CLIMATE NORMAL PERIOD 1981 TO 2010
CLIMATE RECORD PERIOD 1948 TO 2017

WEATHER         OBSERVED          NORMAL  DEPART  LAST YEAR`S
                 VALUE   DATE(S)  VALUE   FROM    VALUE  DATE(S)
                                          NORMAL
................................................................
TEMPERATURE (F)
RECORD
 HIGH              71   02/27/1997
 LOW               -2   02/08/1963
HIGHEST            68   02/19        MM      MM       62  02/29
LOWEST             19   02/09        MM      MM        1  02/14
AVG. MAXIMUM     47.8              41.8     6.0     45.1
AVG. MINIMUM     32.9              28.1     4.8     30.1
MEAN             40.3              34.9     5.4     37.6
DAYS MAX >= 90      0               0.0     0.0        0
DAYS MAX <= 32      1               3.3    -2.3        4
DAYS MIN <= 32     17              19.5    -2.5       15
DAYS MIN <= 0       0               0.0     0.0        0

PRECIPITATION (INCHES)
RECORD
 MAXIMUM         6.02   2010
 MINIMUM         0.46   2002
TOTALS           1.58              2.59   -1.01     4.05
DAILY AVG.       0.06              0.09   -0.03     0.14
DAYS >= .01         4               9.6    -5.6       12
DAYS >= .10         4               5.6    -1.6        7
DAYS >= .50         1               1.6    -0.6        3
DAYS >= 1.00        0               0.6    -0.6        1
GREATEST
 24 HR. TOTAL    0.74   02/09 TO 02/09           02/14 TO 02/15
                                                          02/15 TO 02/15
                                                          02/15 TO 02/15
 STORM TOTAL       MM                                 MM
 (MM/DD(HH))            MM                    02/15(00) TO 02/15(00)
                                                 02/15(00) TO 02/15(00)5
                                                 02/15(00) TO 02/15(00)5

SNOWFALL (INCHES)
RECORDS
 TOTAL           32.1   2003
                        0
                        0
 24 HR TOTAL       MM
TOTALS            8.4               8.3     0.1      8.1
 LIQUID EQUIV    0.84              0.80    0.04     0.81
SINCE 7/1        23.4              19.5     3.9
 LIQUID 7/1      2.34              2.00             3.95
DAYS >= TRACE       4               3.4     0.6        7
DAYS >= 1.0         1               1.7    -0.7        3
GREATEST
 SNOW DEPTH         8   02/10                          4  02/06
 24 HR TOTAL      8.3   02/09 TO 02/09           02/15 TO 02/15
                                                          02/15 TO 02/15
                                                          02/15 TO 02/15
 STORM TOTAL       MM                                 MM
 (MM/DD(HH))            MM                    02/15(00) TO 02/15(00)
                                                 02/15(00) TO 02/15(00)5
                                                 02/15(00) TO 02/15(00)5

DEGREE_DAYS
HEATING TOTAL     684               841    -157      786
 SINCE 7/1       2918              3511    -593     2754
COOLING TOTAL       0                 0       0        0
 SINCE 1/1          0                 0       0        0
......................................................

WIND (MPH)
AVERAGE WIND SPEED              12.3
HIGHEST WIND SPEED/DIRECTION    44/300    DATE  02/13
HIGHEST GUST SPEED/DIRECTION    62/300    DATE  02/13

SKY COVER
POSSIBLE SUNSHINE (PERCENT)   MM
AVERAGE SKY COVER           0.60
NUMBER OF DAYS FAIR            1
NUMBER OF DAYS PC             16
NUMBER OF DAYS CLOUDY         11

AVERAGE RH (PERCENT)     66

WEATHER CONDITIONS. NUMBER OF DAYS WITH
THUNDERSTORM              0     MIXED PRECIP               0
HEAVY RAIN                1     RAIN                       4
LIGHT RAIN                7     FREEZING RAIN              1
LT FREEZING RAIN          1     HAIL                       0
HEAVY SNOW                0     SNOW                       1
LIGHT SNOW                4     SLEET                      2
FOG                       9     FOG W/VIS <= 1/4 MILE      4
HAZE                      4

-  INDICATES NEGATIVE NUMBERS.
R  INDICATES RECORD WAS SET OR TIED.
MM INDICATES DATA IS MISSING.
T  INDICATES TRACE AMOUNT.

$$
