000
CXUS51 KOKX 012245
CLMJFK

CLIMATE REPORT
NATIONAL WEATHER SERVICE NEW YORK NY
645 PM EDT SUN MAY 1 2016

...................................

...THE KENNEDY NY CLIMATE SUMMARY FOR THE MONTH OF APRIL 2016...

CLIMATE NORMAL PERIOD 1981 TO 2010
CLIMATE RECORD PERIOD 1949 TO 2016

WEATHER         OBSERVED          NORMAL  DEPART  LAST YEAR`S
                 VALUE   DATE(S)  VALUE   FROM    VALUE  DATE(S)
                                          NORMAL
................................................................
TEMPERATURE (F)
RECORD
 HIGH              90   04/17/2002
                        04/12/1977
 LOW               20   04/07/1982
                        04/06/1982
HIGHEST            78   04/18        MM      MM       77  04/29
LOWEST             26   04/05        MM      MM       33  04/02
AVG. MAXIMUM     59.4              59.0     0.4     61.0
AVG. MINIMUM     42.6              43.5    -0.9     44.2
MEAN             51.0              51.3    -0.3     52.6
DAYS MAX >= 90      0               0.0     0.0        0
DAYS MAX <= 32      0               0.0     0.0        0
DAYS MIN <= 32      4               0.9     3.1        0
DAYS MIN <= 0       0               0.0     0.0        0

PRECIPITATION (INCHES)
RECORD
 MAXIMUM         9.51   1983
 MINIMUM         1.12   1961
TOTALS           1.24              3.87   -2.63     1.61
DAILY AVG.       0.04              0.13   -0.09     0.05
DAYS >= .01        11              11.4    -0.4        9
DAYS >= .10         5               6.6    -1.6        5
DAYS >= .50         0               2.5    -2.5        1
DAYS >= 1.00        0               1.1    -1.1        0
GREATEST
 24 HR. TOTAL    0.37   04/02 TO 04/03           04/20 TO 04/21
                                                          04/30 TO 04/30
                                                          04/30 TO 04/30
 STORM TOTAL       MM                                 MM
 (MM/DD(HH))            MM                    04/21(00) TO 04/21(00)
                                                 04/30(00) TO 04/30(00)0
                                                 04/30(00) TO 04/30(00)0

SNOWFALL (INCHES)
RECORDS
 TOTAL             MM   5
 24 HR TOTAL       MM
TOTALS              T               0.8    -0.8      0.0
 LIQUID EQUIV      MM              0.10      MM     0.00
SINCE 7/1        41.4              23.8    17.6
 LIQUID 7/1      4.14              2.40             4.42
DAYS >= TRACE       3               0.3     2.7        0
DAYS >= 1.0         0               0.2    -0.2        0
GREATEST
 SNOW DEPTH         0   MM                             0  MM
 24 HR TOTAL        T   04/09 TO 04/09           04/30 TO 04/30
                                                          04/30 TO 04/30
                                                          04/30 TO 04/30
 STORM TOTAL       MM                                 MM
 (MM/DD(HH))            MM                    04/30(00) TO 04/30(00)
                                                 04/30(00) TO 04/30(00)0
                                                 04/30(00) TO 04/30(00)0

DEGREE_DAYS
HEATING TOTAL     411               415      -4      365
 SINCE 7/1       3698              4651    -953     4894
COOLING TOTAL       0                 3      -3        0
 SINCE 1/1          0                 3      -3        0
.................................................

WIND (MPH)
AVERAGE WIND SPEED              12.0
HIGHEST WIND SPEED/DIRECTION    49/290    DATE  04/03
HIGHEST GUST SPEED/DIRECTION    64/290    DATE  04/03

SKY COVER
POSSIBLE SUNSHINE (PERCENT)   MM
AVERAGE SKY COVER           0.60
NUMBER OF DAYS FAIR            7
NUMBER OF DAYS PC             12
NUMBER OF DAYS CLOUDY         11

AVERAGE RH (PERCENT)     59

WEATHER CONDITIONS. NUMBER OF DAYS WITH
THUNDERSTORM              0     MIXED PRECIP               0
HEAVY RAIN                1     RAIN                       4
LIGHT RAIN               14     FREEZING RAIN              0
LT FREEZING RAIN          0     HAIL                       0
HEAVY SNOW                0     SNOW                       2
LIGHT SNOW                2     SLEET                      0
FOG                      10     FOG W/VIS <= 1/4 MILE      1
HAZE                      1

-  INDICATES NEGATIVE NUMBERS.
R  INDICATES RECORD WAS SET OR TIED.
MM INDICATES DATA IS MISSING.
T  INDICATES TRACE AMOUNT.

$$
