000
CXUS53 KLBF 011141
CLMLBF


CLIMATE REPORT
NATIONAL WEATHER SERVICE NORTH PLATTE
541 AM CST THU JAN 1 2015

...................................

...THE NORTH PLATTE NE CLIMATE SUMMARY FOR THE MONTH OF DECEMBER 2014...

CLIMATE NORMAL PERIOD 1981 TO 2010
CLIMATE RECORD PERIOD 1874 TO 2014

WEATHER         OBSERVED          NORMAL  DEPART  LAST YEAR`S
                 VALUE   DATE(S)  VALUE   FROM    VALUE  DATE(S)
                                          NORMAL
................................................................
TEMPERATURE (F)
RECORD
 HIGH              76   12/06/1939
 LOW              -34   12/22/1989
                        12/22/1983
HIGHEST            60   12/07        62      -2       68  12/18
                        12/02
LOWEST            -17   12/31        -8      -9       -8  12/09
AVG. MAXIMUM     39.0              39.1    -0.1     39.1
AVG. MINIMUM     15.1              11.6     3.5      8.5
MEAN             27.1              25.4     1.7     23.8
DAYS MAX >= 90      0               0.0     0.0        0
DAYS MAX <= 32     12               9.1     2.9       11
DAYS MIN <= 32     29              30.9    -1.9       31
DAYS MIN <= 0       4               3.8     0.2        6

PRECIPITATION (INCHES)
RECORD
 MAXIMUM         3.86   1877
 MINIMUM            T   2002
                        1988
                        1905
TOTALS           1.04              0.41    0.63     0.16
DAILY AVG.       0.03              0.01    0.02     0.01
DAYS >= .01         5               3.6     1.4        3
DAYS >= .10         3               1.2     1.8        0
DAYS >= .50         0               0.1    -0.1        0
DAYS >= 1.00        0               0.0     0.0        0
GREATEST
 24 HR. TOTAL    0.62   12/14 TO 12/15           12/22 TO 12/23
                                                          12/23 TO 12/23
                                                          12/23 TO 12/23

SNOWFALL (INCHES)
RECORDS
 TOTAL           16.8   1924
TOTALS            8.7               4.6     4.1      3.6
SINCE 7/1         9.1              10.8    -1.7      6.7
SNOWDEPTH AVG.      1                 2      -1        0
DAYS >= 1.0         3               1.3     1.7        1
GREATEST
 SNOW DEPTH         4   12/31                          2  12/23
                        12/30
                        12/27
 24 HR TOTAL      4.7   12/26 TO 12/26

DEGREE_DAYS
HEATING TOTAL    1167              1229     -62     1267
 SINCE 7/1       2687              2780     -93     2752
COOLING TOTAL       0                 0       0        0
 SINCE 1/1        744               768     -24      998
....................................................

WIND (MPH)
AVERAGE WIND SPEED              8.5
HIGHEST WIND SPEED/DIRECTION    37/340    DATE  12/15
HIGHEST GUST SPEED/DIRECTION    45/340    DATE  12/15

SKY COVER
POSSIBLE SUNSHINE (PERCENT)   MM
AVERAGE SKY COVER           0.40
NUMBER OF DAYS FAIR           14
NUMBER OF DAYS PC              7
NUMBER OF DAYS CLOUDY         10

AVERAGE RH (PERCENT)     73

WEATHER CONDITIONS. NUMBER OF DAYS WITH
THUNDERSTORM              0     MIXED PRECIP               0
HEAVY RAIN                1     RAIN                       1
LIGHT RAIN                1     FREEZING RAIN              0
LT FREEZING RAIN          2     HAIL                       0
HEAVY SNOW                0     SNOW                       2
LIGHT SNOW                9     SLEET                      0
FOG                      18     FOG W/VIS <= 1/4 MILE      5
HAZE                      8

-  INDICATES NEGATIVE NUMBERS.
R  INDICATES RECORD WAS SET OR TIED.
MM INDICATES DATA IS MISSING.
T  INDICATES TRACE AMOUNT.

$$
