968
CXUS53 KLBF 011046
CLMLBF


CLIMATE REPORT
NATIONAL WEATHER SERVICE NORTH PLATTE
545 AM CDT MON AUG 1 2016

...................................

...THE NORTH PLATTE NE CLIMATE SUMMARY FOR THE MONTH OF JULY 2016...

CLIMATE NORMAL PERIOD 1981 TO 2010
CLIMATE RECORD PERIOD 1874 TO 2016

WEATHER         OBSERVED          NORMAL  DEPART  LAST YEAR`S
                 VALUE   DATE(S)  VALUE   FROM    VALUE  DATE(S)
                                          NORMAL
................................................................
TEMPERATURE (F)
RECORD
 HIGH             112   07/11/1954
 LOW               39   07/04/1997
HIGHEST            98   07/21       100      -2       98  07/17
                                                          07/14
                                                          07/12
LOWEST             53   07/12        48       5       49  07/07
AVG. MAXIMUM     86.7              88.2    -1.5     87.9
AVG. MINIMUM     62.0              60.4     1.6     60.4
MEAN             74.4              74.3     0.1     74.2
DAYS MAX >= 90     11              13.0    -2.0       12
DAYS MAX <= 32      0               0.0     0.0        0
DAYS MIN <= 32      0               0.0     0.0        0
DAYS MIN <= 0       0               0.0     0.0        0

PRECIPITATION (INCHES)
RECORD
 MAXIMUM         8.47   1879
 MINIMUM         0.14   2014
TOTALS           3.84              3.07    0.77     2.55
DAILY AVG.       0.12              0.10    0.02     0.08
DAYS >= .01        11              10.3     0.7       10
DAYS >= .10         6               6.0     0.0        5
DAYS >= .50         3               2.3     0.7        1
DAYS >= 1.00        2               0.8     1.2        1
GREATEST
 24 HR. TOTAL    1.36   07/18 TO 07/19           07/15 TO 07/15
                                                          07/14 TO 07/15
                                                          07/15 TO 07/15

SNOWFALL (INCHES)
RECORDS
 TOTAL              T   2010
                        2009
                        2008
TOTALS            0.0               0.0     0.0      0.0
SINCE 7/1         0.0               0.0     0.0      0.0
SNOWDEPTH AVG.      0                MM      MM        0
DAYS >= 1.0         0               0.0     0.0        0
GREATEST
 SNOW DEPTH         0   MM                             0  MM
 24 HR TOTAL      0.0   07/31 TO 07/31

DEGREE_DAYS
HEATING TOTAL       6                 5       1        6
 SINCE 7/1          6                 5       1        6
COOLING TOTAL     304               293      11      298
 SINCE 1/1        562               459     103      478
......................................................

WIND (MPH)
AVERAGE WIND SPEED              8.0
HIGHEST WIND SPEED/DIRECTION    39/030    DATE  07/26
HIGHEST GUST SPEED/DIRECTION    57/020    DATE  07/26

SKY COVER
POSSIBLE SUNSHINE (PERCENT)   MM
AVERAGE SKY COVER           0.20
NUMBER OF DAYS FAIR           22
NUMBER OF DAYS PC              6
NUMBER OF DAYS CLOUDY          1

AVERAGE RH (PERCENT)     72

WEATHER CONDITIONS. NUMBER OF DAYS WITH
THUNDERSTORM              0     MIXED PRECIP               0
HEAVY RAIN                5     RAIN                       6
LIGHT RAIN               12     FREEZING RAIN              0
LT FREEZING RAIN          0     HAIL                       0
HEAVY SNOW                0     SNOW                       0
LIGHT SNOW                0     SLEET                      0
FOG                      16     FOG W/VIS <= 1/4 MILE      2
HAZE                      1

-  INDICATES NEGATIVE NUMBERS.
R  INDICATES RECORD WAS SET OR TIED.
MM INDICATES DATA IS MISSING.
T  INDICATES TRACE AMOUNT.

$$
