000
CXUS53 KLBF 011330
CLMLBF


CLIMATE REPORT
NATIONAL WEATHER SERVICE NORTH PLATTE
830 AM CDT FRI JUL 1 2016

...................................

...THE NORTH PLATTE NE CLIMATE SUMMARY FOR THE MONTH OF JUNE 2016...

CLIMATE NORMAL PERIOD 1981 TO 2010
CLIMATE RECORD PERIOD 1874 TO 2016

WEATHER         OBSERVED          NORMAL  DEPART  LAST YEAR`S
                 VALUE   DATE(S)  VALUE   FROM    VALUE  DATE(S)
                                          NORMAL
................................................................
TEMPERATURE (F)
RECORD
 HIGH             107   06/26/2012
                        06/15/1952
                        54/01/2206
 LOW               29   06/02/1969
HIGHEST            96   06/16        96       0       97  06/30
LOWEST             42   06/05        41       1       52  06/27
AVG. MAXIMUM     87.4              81.8     5.6     83.1
AVG. MINIMUM     57.9              54.0     3.9     58.0
MEAN             72.6              67.9     4.7     70.6
DAYS MAX >= 90     12               5.4     6.6        5
DAYS MAX <= 32      0               0.0     0.0        0
DAYS MIN <= 32      0               0.0     0.0        0
DAYS MIN <= 0       0               0.0     0.0        0

PRECIPITATION (INCHES)
RECORD
 MAXIMUM        10.47   1951
 MINIMUM         0.33   1952
TOTALS           3.26              3.42   -0.16     2.73
DAILY AVG.       0.11              0.11    0.00     0.09
DAYS >= .01        10              10.5    -0.5       11
DAYS >= .10        10               6.6     3.4        7
DAYS >= .50         1               2.6    -1.6        1
DAYS >= 1.00        0               0.6    -0.6        0
GREATEST
 24 HR. TOTAL    0.73   06/08 TO 06/09           06/10 TO 06/11
                                                          06/30 TO 06/30
                                                          06/30 TO 06/30

SNOWFALL (INCHES)
RECORDS
 TOTAL              T   2014
                        2013
                        2009
TOTALS            0.0               0.0     0.0      0.0
SINCE 7/1        32.4              28.5     3.9     21.3
SNOWDEPTH AVG.      0                MM      MM        0
DAYS >= 1.0         0               0.0     0.0        0
GREATEST
 SNOW DEPTH         0   MM                             0  MM
 24 HR TOTAL      0.0   06/30 TO 06/30

DEGREE_DAYS
HEATING TOTAL      10                51     -41        5
 SINCE 7/1       5716              6686    -970     6275
COOLING TOTAL     248               138     110      178
 SINCE 1/1        258               166      92      180
.................................................

WIND (MPH)
AVERAGE WIND SPEED              8.2
HIGHEST WIND SPEED/DIRECTION    39/310    DATE  06/28
HIGHEST GUST SPEED/DIRECTION    49/310    DATE  06/28

SKY COVER
POSSIBLE SUNSHINE (PERCENT)   MM
AVERAGE SKY COVER           0.10
NUMBER OF DAYS FAIR           29
NUMBER OF DAYS PC              1
NUMBER OF DAYS CLOUDY          0

AVERAGE RH (PERCENT)     64

WEATHER CONDITIONS. NUMBER OF DAYS WITH
THUNDERSTORM              0     MIXED PRECIP               0
HEAVY RAIN                7     RAIN                       6
LIGHT RAIN               12     FREEZING RAIN              0
LT FREEZING RAIN          0     HAIL                       0
HEAVY SNOW                0     SNOW                       0
LIGHT SNOW                0     SLEET                      0
FOG                       7     FOG W/VIS <= 1/4 MILE      0
HAZE                      4

-  INDICATES NEGATIVE NUMBERS.
R  INDICATES RECORD WAS SET OR TIED.
MM INDICATES DATA IS MISSING.
T  INDICATES TRACE AMOUNT.

$$
