000
CXUS52 KILM 021137
CLMLBT


CLIMATE REPORT
NATIONAL WEATHER SERVICE WILMINGTON NC
734 AM EDT WED AUG 2 2017

...................................

...THE LUMBERTON NC CLIMATE SUMMARY FOR THE MONTH OF JULY 2017...

CLIMATE NORMAL PERIOD 1981 TO 2010
CLIMATE RECORD PERIOD 9999 TO 9999

WEATHER         OBSERVED          NORMAL  DEPART  LAST YEAR`S
                 VALUE   DATE(S)  VALUE   FROM    VALUE  DATE(S)
                                          NORMAL
................................................................
TEMPERATURE (F)
HIGHEST            96   07/23                         97
LOWEST             57R  07/31                         68
AVG. MAXIMUM     90.6              91.0    -0.4     93.0
AVG. MINIMUM     71.1              71.3    -0.2     73.2
MEAN             80.8              81.1    -0.3     83.1
DAYS MAX >= 90     20              18.5     1.5       29
DAYS MAX <= 32      0               0.0     0.0        0
DAYS MIN <= 32      0               0.0     0.0        0
DAYS MIN <= 0       0               0.0     0.0        0

PRECIPITATION (INCHES)
RECORD
 MAXIMUM        14.16   1916
 MINIMUM         0.21   2007
TOTALS           3.74              5.48   -1.74     7.66
DAILY AVG.       0.12              0.18   -0.06     0.25
DAYS >= .01        12                                 14
DAYS >= .10         9                                  9
DAYS >= .50         3                                  3
DAYS >= 1.00        0                                  2
GREATEST
 24 HR. TOTAL    0.90   07/10 TO 07/10

DEGREE_DAYS
HEATING TOTAL       0                 0       0        0
COOLING TOTAL     497               500      -3      569
...................................................

WIND (MPH)
AVERAGE WIND SPEED              5.8
RESULTANT WIND SPEED/DIRECTION   3/217
HIGHEST WIND SPEED/DIRECTION    38/250    DATE  07/07
HIGHEST GUST SPEED/DIRECTION    50/260    DATE  07/07

SKY COVER
POSSIBLE SUNSHINE (PERCENT)   MM
AVERAGE SKY COVER           0.20
NUMBER OF DAYS FAIR           23
NUMBER OF DAYS PC              8
NUMBER OF DAYS CLOUDY          0

AVERAGE RH (PERCENT)     77

WEATHER CONDITIONS. NUMBER OF DAYS WITH
THUNDERSTORM             10     MIXED PRECIP              MM
HEAVY RAIN               10     RAIN                       9
LIGHT RAIN               15     FREEZING RAIN              0
LT FREEZING RAIN          0     HAIL                      MM
HEAVY SNOW                0     SNOW                       0
LIGHT SNOW                0     SLEET                     MM
FOG                      16     FOG W/VIS <= 1/4 MILE      1
HAZE                      1

-  INDICATES NEGATIVE NUMBERS.
R  INDICATES RECORD WAS SET OR TIED.
MM INDICATES DATA IS MISSING.
T  INDICATES TRACE AMOUNT.

LBT ASOS RAIN GAUGE BECAME CLOGGED ON JULY 10TH. DAILY RAINFALL TOTAL WAS
MEASURED BY THE TECHNICIAN WHO REPAIRED THE GAUGE.

$$
