000
CXHW51 PHFO 011621
CLMLIH


CLIMATE REPORT
NATIONAL WEATHER SERVICE HONOLULU HI
612 AM HST THU SEP 1 2016

...................................

...THE LIHUE HI CLIMATE SUMMARY FOR THE MONTH OF AUGUST 2016...

CLIMATE NORMAL PERIOD 1981 TO 2010
CLIMATE RECORD PERIOD 1946 TO 2016

WEATHER         OBSERVED          NORMAL  DEPART  LAST YEAR`S
                 VALUE   DATE(S)  VALUE   FROM    VALUE  DATE(S)
                                          NORMAL
................................................................
TEMPERATURE (F)
RECORD
 HIGH              90   08/23/2015
                        08/30/1996
                        08/21/1987
 LOW               66   08/09/1979
                        08/08/1979
                        08/10/1957
HIGHEST            89   08/24        85       4       MM  MM
LOWEST             73   08/21        75      -2       MM  MM
                        08/01
AVG. MAXIMUM     85.7              84.7     1.0       MM
AVG. MINIMUM     75.5              74.6     0.9       MM
MEAN             80.6              79.7     0.9       MM
DAYS MAX >= 90      0               0.1    -0.1       MM
DAYS MAX <= 32      0               0.0     0.0       MM
DAYS MIN <= 32      0               0.0     0.0       MM
DAYS MIN <= 0       0               0.0     0.0       MM

PRECIPITATION (INCHES)
RECORD
 MAXIMUM         8.13   1959
 MINIMUM         0.44   2007
TOTALS           1.52              2.13   -0.61       MM
DAILY AVG.       0.05              0.07   -0.02       MM
DAYS >= .01        22              18.3     3.7       MM
DAYS >= .10         7               5.7     1.3       MM
DAYS >= .50         0               0.8    -0.8       MM
DAYS >= 1.00        0               0.3    -0.3       MM
GREATEST
 24 HR. TOTAL    0.36   07/31 TO 08/01                MM

SNOWFALL (INCHES)
RECORDS
 TOTAL             MM   5
TOTALS            0.0               0.0     0.0       MM
SINCE 7/1         0.0               0.0     0.0       MM
SNOWDEPTH AVG.      0                MM      MM       MM
DAYS >= 1.0         0               0.0     0.0       MM
GREATEST
 SNOW DEPTH         0   MM                            MM  MM
 24 HR TOTAL      0.0   08/31 TO 08/31                MM

DEGREE_DAYS
HEATING TOTAL       0                 0       0       MM
 SINCE 7/1          0                 0       0       MM
COOLING TOTAL     493               454      39       MM
 SINCE 1/1       2659              2526     133       MM
.................................................................

WIND (MPH)
AVERAGE WIND SPEED              14.0
HIGHEST WIND SPEED/DIRECTION    28/060    DATE  08/27
HIGHEST GUST SPEED/DIRECTION    33/060    DATE  08/27

SKY COVER
POSSIBLE SUNSHINE (PERCENT)   MM
AVERAGE SKY COVER           0.60
NUMBER OF DAYS FAIR            1
NUMBER OF DAYS PC             24
NUMBER OF DAYS CLOUDY          6

AVERAGE RH (PERCENT)     75

WEATHER CONDITIONS. NUMBER OF DAYS WITH
THUNDERSTORM              0     MIXED PRECIP               0
HEAVY RAIN                5     RAIN                      11
LIGHT RAIN               24     FREEZING RAIN              0
LT FREEZING RAIN          0     HAIL                       0
HEAVY SNOW                0     SNOW                       0
LIGHT SNOW                0     SLEET                      0
FOG                      16     FOG W/VIS <= 1/4 MILE      0
HAZE                     12

-  INDICATES NEGATIVE NUMBERS.
R  INDICATES RECORD WAS SET OR TIED.
MM INDICATES DATA IS MISSING.
T  INDICATES TRACE AMOUNT.

$$
