000
CXUS54 KLZK 021337
CLMLIT


CLIMATE REPORT
NATIONAL WEATHER SERVICE LITTLE ROCK AR
832 AM CDT THU OCT 2 2014

...................................

...THE LITTLE ROCK ADAMS FIELD CLIMATE SUMMARY FOR THE MONTH OF SEPTEMBER 2014...

CLIMATE NORMAL PERIOD 1981 TO 2010
CLIMATE RECORD PERIOD 1874 TO 2014

WEATHER         OBSERVED          NORMAL  DEPART  LAST YEAR`S
                 VALUE   DATE(S)  VALUE   FROM    VALUE  DATE(S)
                                          NORMAL
................................................................
TEMPERATURE (F)
RECORD
 HIGH             106   09/01/1947
 LOW               37   09/27/1942
HIGHEST            95   09/05        85      10      101  09/08
LOWEST             53   09/23        64     -11       54  09/15
AVG. MAXIMUM     85.8              85.6     0.2     89.9
AVG. MINIMUM     65.5              64.5     1.0     66.4
MEAN             75.6              75.0     0.6     78.1
DAYS MAX >= 90      9               9.1    -0.1       17
DAYS MAX <= 32      0               0.0     0.0        0
DAYS MIN <= 32      0               0.0     0.0        0
DAYS MIN <= 0       0               0.0     0.0        0

PRECIPITATION (INCHES)
RECORD
 MAXIMUM        10.23   1898
 MINIMUM         0.27   1917
TOTALS           2.01              3.18   -1.17     3.21
DAILY AVG.       0.07              0.11   -0.04     0.11
DAYS >= .01         3               7.3    -4.3        6
DAYS >= .10         3                                  3
DAYS >= .50         2                                  2
DAYS >= 1.00        1               0.8     0.2        1
GREATEST
 24 HR. TOTAL    1.00   09/05 TO 09/05

SNOWFALL (INCHES)
TOTALS            0.0               0.0     0.0      0.0
 LIQUID EQUIV    0.00              0.00    0.00     0.00
SINCE 7/1         0.0               0.0     0.0      0.0
 LIQUID 7/1      0.00              0.00    0.00     0.00
SNOWDEPTH AVG.      0
DAYS >= TRACE       0               0.0     0.0        0
DAYS >= 1.0         0                                  0
GREATEST
 SNOW DEPTH         0   MM
 24 HR TOTAL      0.0

DEGREE_DAYS
HEATING TOTAL       4                11      -7        0
 SINCE 7/1          4                11      -7        0
COOLING TOTAL     330               312      18      404
 SINCE 1/1       1940              2113    -173     2110

FREEZE DATES
RECORD
 EARLIEST     10/20/1989
 LATEST       04/19/1983
EARLIEST                        11/13
LATEST                          03/19
.................................................

WIND (MPH)
AVERAGE WIND SPEED              5.1
HIGHEST WIND SPEED/DIRECTION    21/330    DATE  09/02
HIGHEST GUST SPEED/DIRECTION    29/300    DATE  09/05

SKY COVER
POSSIBLE SUNSHINE (PERCENT)   MM
AVERAGE SKY COVER           0.50
NUMBER OF DAYS FAIR           10
NUMBER OF DAYS PC             16
NUMBER OF DAYS CLOUDY          4

AVERAGE RH (PERCENT)     66

WEATHER CONDITIONS. NUMBER OF DAYS WITH
THUNDERSTORM              0     MIXED PRECIP               0
HEAVY RAIN                1     RAIN                       2
LIGHT RAIN                8     FREEZING RAIN              0
LT FREEZING RAIN          0     HAIL                       0
HEAVY SNOW                0     SNOW                       0
LIGHT SNOW                0     SLEET                      0
FOG                       8     FOG W/VIS <= 1/4 MILE      1
HAZE                      3

-  INDICATES NEGATIVE NUMBERS.
R  INDICATES RECORD WAS SET OR TIED.
MM INDICATES DATA IS MISSING.
T  INDICATES TRACE AMOUNT.

&&

...DATA FOR LITTLE ROCK ADAMS FIELD FOR SEPTEMBER 2014...

.SUMMARY...
SEPTEMBER IN LITTLE ROCK WAS CLOSE TO AVERAGE IN TERMS OF MONTHLY
TEMPERATURES. HOWEVER...UNLIKE THE PREVIOUS 11 MONTHS...THIS WAS THE
FIRST MONTH WITH A POSITIVE DEPARTURE FROM NORMAL...ALBEIT ONLY 0.6
DEGREES.

THE COOLEST PERIOD WAS DURING THE MIDDLE OF THE MONTH...WHEN AVERAGE
TEMPERATURES WERE AS MUCH AS 10 TO 15 DEGREES BELOW NORMAL. THE
HOTTEST TEMPERATURES WERE AT THE BEGINNING OF THE MONTH...WITH HIGHS
IN THE MID 90S ON THE 4TH AND 5TH. THIS WAS THE FIRST SEPTEMBER
WITHOUT A TRIPLE-DIGIT TEMPERATURE SINCE 2011.

RAINFALL WAS A LITTLE OVER AN INCH BELOW THE 30-YEAR AVERAGE...AND
EXACTLY EQUAL TO THE AMOUNT OF AUGUST RAINFALL.

.MONTHLY TEMPERATURES...
THE AVERAGE HIGH...LOW AND MONTHLY TEMPERATURES WERE THE COOLEST
SINCE 2012.

.DAILY AVERAGE TEMPERATURES...

ABOVE NORMAL ON 18 DAYS...NORMAL ON THREE DAYS...AND BELOW NORMAL ON
NINE DAYS.

.NUMBER OF DAYS WITH TEMPERATURES...

AT OR ABOVE 100....0...LEAST SINCE 2011
AT OR ABOVE  90....9...LEAST SINCE 2012
AT OR BELOW  60....7...MOST SINCE 2012

.DAILY TEMPERATURE RECORDS TIED OR BROKEN DURING THE MONTH...

NONE.

.RAINFALL...

IT WAS THE DRIEST SEPTEMBER SINCE 2011.

.DAILY RAINFALL RECORDS TIED OR BROKEN DURING THE MONTH...

NONE.

$$

57
