000
CXUS54 KCRP 011728
CLMLRD

CLIMATE REPORT
NATIONAL WEATHER SERVICE CORPUS CHRISTI TX
1147 AM CDT FRI SEP 1 2017

...................................

...THE LAREDO CLIMATE SUMMARY FOR THE MONTH OF AUGUST 2017...

CLIMATE NORMAL PERIOD 1981 TO 2010
CLIMATE RECORD PERIOD 1900 TO 2017

WEATHER         OBSERVED          NORMAL  DEPART  LAST YEAR`S
                 VALUE   DATE(S)  VALUE   FROM    VALUE  DATE(S)
                                          NORMAL
................................................................
TEMPERATURE (F)
RECORD
 HIGH             113   08/11/1936
 LOW               60   08/13/1918
                        08/12/1918
                        08/11/1918
HIGHEST           106   08/06       102       4      108  08/12
                                                          08/11
LOWEST             71   08/30        74      -3       73  08/21
AVG. MAXIMUM    100.1              99.9     0.2     98.6
AVG. MINIMUM     77.4              77.0     0.4     76.9
MEAN             88.8              88.4     0.4     87.8
DAYS MAX >= 90     31              29.9     1.1       28
DAYS MAX <= 32      0               0.0     0.0        0
DAYS MIN <= 32      0               0.0     0.0        0
DAYS MIN <= 0       0               0.0     0.0        0

PRECIPITATION (INCHES)
RECORD
 MAXIMUM        10.00   1971
 MINIMUM         0.00   1952
                1929
            1924
TOTALS           0.81              1.88   -1.07     3.31
DAILY AVG.       0.03              0.06   -0.03     0.11
DAYS >= .01         6               5.1     0.9        8
DAYS >= .10         2               2.8    -0.8        6
DAYS >= .50         0               1.2    -1.2        3
DAYS >= 1.00        0               0.6    -0.6        1
GREATEST
 24 HR. TOTAL    0.39   08/07 TO 08/07           08/20 TO 08/21

SNOWFALL (INCHES)
RECORDS
 TOTAL            0.0   MM
 24 HR TOTAL      0.0   MM
TOTALS            0.0                MM      MM      0.0
SINCE 7/1         0.0               0.0     0.0      0.0
SNOWDEPTH AVG.      0                MM      MM        0
DAYS >= 1.0         0                MM      MM
GREATEST
 SNOW DEPTH         0   MM                             0
 24 HR TOTAL      0.0   MM                           0.0

DEGREE_DAYS
HEATING TOTAL       0                 0       0        0
 SINCE 7/1          0                 0       0        0
COOLING TOTAL     745               727      18      715
 SINCE 1/1       3725              3243     482     3419
..................................................

WIND (MPH)
AVERAGE WIND SPEED              11.9
HIGHEST WIND SPEED/DIRECTION    30/340    DATE  08/27
HIGHEST GUST SPEED/DIRECTION    43/120    DATE  08/10

SKY COVER
AVERAGE SKY COVER        0.20

AVERAGE RH (PERCENT)     59

WEATHER CONDITIONS. NUMBER OF DAYS WITH
THUNDERSTORM              2     MIXED PRECIP               0
HEAVY RAIN                1     RAIN                       1
LIGHT RAIN                6     FREEZING RAIN              0
LT FREEZING RAIN          0     HAIL                       0
HEAVY SNOW                0     SNOW                       0
LIGHT SNOW                0     SLEET                      0
FOG                       2     FOG W/VIS <= 1/4 MILE      0
HAZE                      1

-  INDICATES NEGATIVE NUMBERS.
R  INDICATES RECORD WAS SET OR TIED.
MM INDICATES DATA IS MISSING.
T  INDICATES TRACE AMOUNT.

$$

KW
