000
CXUS54 KCRP 041716 CCA
CLMLRD

CLIMATE REPORT...CORRECTED
NATIONAL WEATHER SERVICE CORPUS CHRISTI TX
1115 AM CST THU JAN 4 2018

...................................

...THE LAREDO CLIMATE SUMMARY FOR THE MONTH OF DECEMBER 2017...

CLIMATE NORMAL PERIOD 1981 TO 2010
CLIMATE RECORD PERIOD 1900 TO 2017

WEATHER         OBSERVED          NORMAL  DEPART  LAST YEAR`S
                 VALUE   DATE(S)  VALUE   FROM    VALUE  DATE(S)
                                          NORMAL
................................................................
TEMPERATURE (F)
RECORD
 HIGH              95   12/04/1977
                        12/06/1951
                        12/03/1942
 LOW               11   12/30/1983
HIGHEST            86   12/04        72      14       87  12/25
LOWEST             32   12/08        43     -11       32  12/19
AVG. MAXIMUM     64.8              67.7    -2.9     68.5
AVG. MINIMUM     47.2              46.8     0.4     53.5
MEAN             56.0              57.3    -1.3     61.0
DAYS MAX >= 90      0               0.0     0.0        0
DAYS MAX <= 32      0               0.0     0.0        0
DAYS MIN <= 32      1               1.9    -0.9        1
DAYS MIN <= 0       0               0.0     0.0        0

PRECIPITATION (INCHES)
RECORD
 MAXIMUM         4.65   1960
 MINIMUM         0.00   2001
                        1973
                        1917
TOTALS           2.69              0.88    1.81     1.62
DAILY AVG.       0.09              0.03    0.06     0.05
DAYS >= .01         8               5.6     2.4       11
DAYS >= .10         4               1.7     2.3        3
DAYS >= .50         1               0.5     0.5        1
DAYS >= 1.00        1               0.2     0.8        0
GREATEST
 24 HR. TOTAL    1.55   12/07 TO 12/07           12/04 TO 12/04

SNOWFALL (INCHES)
RECORDS
 TOTAL             MM   MM
 24 HR TOTAL       MM
TOTALS            1.3                MM      MM      0.0
SINCE 7/1         1.3               0.0     1.3      0.0
SNOWDEPTH AVG.      0                MM      MM        0
DAYS >= 1.0         1                MM      MM
GREATEST
 SNOW DEPTH         1   12/08                          0
 24 HR TOTAL      1.2   12/08 TO 12/08               0.0

DEGREE_DAYS
HEATING TOTAL     313               275      38      179
 SINCE 7/1        382               390      -8      196
COOLING TOTAL      43                35       8       63
 SINCE 1/1       4877              4290     587     4789
.....................................................

WIND (MPH)
AVERAGE WIND SPEED              MM
HIGHEST WIND SPEED/DIRECTION    MM        DATE   MM
HIGHEST GUST SPEED/DIRECTION    MM        DATE   MM

SKY COVER
AVERAGE SKY COVER      0.50

AVERAGE RH (PERCENT)     75

WEATHER CONDITIONS. NUMBER OF DAYS WITH
THUNDERSTORM              0     MIXED PRECIP               0
HEAVY RAIN                0     RAIN                       2
LIGHT RAIN               15     FREEZING RAIN              0
LT FREEZING RAIN          0     HAIL                       0
HEAVY SNOW                0     SNOW                       1
LIGHT SNOW                2     SLEET                      0
FOG                      19     FOG W/VIS <= 1/4 MILE      2
HAZE                      0

-  INDICATES NEGATIVE NUMBERS.
R  INDICATES RECORD WAS SET OR TIED.
MM INDICATES DATA IS MISSING.
T  INDICATES TRACE AMOUNT.

$$

88...CORRECTED FOR PRECIP RECORDS.
