000
CXUS53 KTOP 011421
CLMLWC


CLIMATE REPORT
NATIONAL WEATHER SERVICE TOPEKA KS
916 AM CDT THU JUN 1 2017

...................................

...THE LAWRENCE KS CLIMATE SUMMARY FOR THE MONTH OF MAY 2017...

CLIMATE NORMAL PERIOD 1981 TO 2010
CLIMATE RECORD PERIOD 9999 TO 9999

WEATHER         OBSERVED          NORMAL  DEPART  LAST YEAR`S
                 VALUE   DATE(S)  VALUE   FROM    VALUE
                                          NORMAL
.............................................................
TEMPERATURE (F)
HIGHEST            89   05/15                         87
LOWEST             39   05/04                         37
                        05/01
AVG. MAXIMUM     76.7              76.4     0.3     73.8
AVG. MINIMUM     51.8              53.0    -1.2     50.5
MEAN             64.2              64.7    -0.5     62.1
DAYS MAX >= 90      0               1.3    -1.3        0
DAYS MAX <= 32      0               0.0     0.0        0
DAYS MIN <= 32      0               0.3    -0.3        0
DAYS MIN <= 0       0               0.0     0.0        0

PRECIPITATION (INCHES)
TOTALS           2.76              5.19   -2.43     7.38
DAILY AVG.       0.09                               0.24
DAYS >= .01        11                                 15
DAYS >= .10         5                                 11
DAYS >= .50         2                                  5
DAYS >= 1.00        0                                  2
GREATEST
 24 HR. TOTAL    0.93   05/19 TO 05/19              3.43

DEGREE_DAYS
HEATING TOTAL      91               105     -14      143
 SINCE 7/1       4148              5084    -936     4369
COOLING TOTAL      75                96     -21       62
 SINCE 1/1        107               119     -12       80
..............................................................

WIND (MPH)
AVERAGE WIND SPEED              9.0
HIGHEST WIND SPEED/DIRECTION    40/190    DATE  05/17
HIGHEST GUST SPEED/DIRECTION    50/180    DATE  05/17

SKY COVER
POSSIBLE SUNSHINE (PERCENT)   MM
AVERAGE SKY COVER           0.30
NUMBER OF DAYS FAIR           19
NUMBER OF DAYS PC              9
NUMBER OF DAYS CLOUDY          3

AVERAGE RH (PERCENT)     72

WEATHER CONDITIONS. NUMBER OF DAYS WITH
THUNDERSTORM              7     MIXED PRECIP               0
HEAVY RAIN                2     RAIN                       4
LIGHT RAIN               14     FREEZING RAIN              0
LT FREEZING RAIN          0     HEAVY SNOW                 0
SNOW                      0     LIGHT SNOW                 0
FOG                      13     FOG W/VIS <= 1/4 MILE      2
HAZE                      4

-  INDICATES NEGATIVE NUMBERS.
R  INDICATES RECORD WAS SET OR TIED.
MM INDICATES DATA IS MISSING.
T  INDICATES TRACE AMOUNT.

$$
