000
CXUS51 KRNK 010940
CLMLYH


CLIMATE REPORT
NATIONAL WEATHER SERVICE BLACKSBURG VA
537 AM EDT TUE JUL 1 2014

...................................

...THE LYNCHBURG VA CLIMATE SUMMARY FOR THE MONTH OF JUNE 2014...

CLIMATE NORMAL PERIOD 1981 TO 2010
CLIMATE RECORD PERIOD 1893 TO 2014

WEATHER         OBSERVED          NORMAL  DEPART  LAST YEAR`S
                 VALUE   DATE(S)  VALUE   FROM    VALUE
                                          NORMAL
.............................................................
TEMPERATURE (F)
RECORD
 HIGH             104   06/29/1934
 LOW               40   06/05/1997
                        06/08/1977
                        06/06/1945
HIGHEST            95   06/18                         92
LOWEST             50   06/02                         53
AVG. MAXIMUM     84.5              83.2     1.3     83.4
AVG. MINIMUM     62.0              60.1     1.9     63.1
MEAN             73.2              71.6     1.6     73.3
DAYS MAX >= 90      4               4.0     0.0
DAYS MAX <= 32      0               0.0     0.0
DAYS MIN <= 32      0               0.0     0.0
DAYS MIN <= 0       0               0.0     0.0

PRECIPITATION (INCHES)
RECORD
 MAXIMUM         9.97   1989
 MINIMUM         0.47   1986
TOTALS           2.40              3.62   -1.22     6.32
DAILY AVG.       0.08              0.12   -0.04     0.21
DAYS >= .01         8              10.0    -2.0
DAYS >= .10         6               6.1    -0.1
DAYS >= .50         1               2.4    -1.4
DAYS >= 1.00        0               0.9    -0.9
GREATEST
 24 HR. TOTAL    0.84   06/20 TO 06/20

SNOWFALL (INCHES)
TOTALS            0.0                                0.0
SINCE 7/1        21.4
SNOWDEPTH AVG.      0
DAYS >= 1.0         0
GREATEST
 SNOW DEPTH         0

DEGREE_DAYS
HEATING TOTAL       1                14     -13
 SINCE 7/1       4441              4459     -18
COOLING TOTAL     255               214      41
 SINCE 1/1        369               296      73
..............................................................

WIND (MPH)
AVERAGE WIND SPEED              3.5
HIGHEST WIND SPEED/DIRECTION    24/160    DATE  06/11
HIGHEST GUST SPEED/DIRECTION    46/150    DATE  06/11

SKY COVER
POSSIBLE SUNSHINE (PERCENT)   MM
AVERAGE SKY COVER           0.40
NUMBER OF DAYS FAIR           17
NUMBER OF DAYS PC             11
NUMBER OF DAYS CLOUDY          1

AVERAGE RH (PERCENT)     74

WEATHER CONDITIONS. NUMBER OF DAYS WITH
THUNDERSTORM              8     MIXED PRECIP               0
HEAVY RAIN                5     RAIN                       5
LIGHT RAIN               13     FREEZING RAIN              0
LT FREEZING RAIN          0     HAIL                       0
HEAVY SNOW                0     SNOW                       0
LIGHT SNOW                0     SLEET                      0
FOG                      16     FOG W/VIS <= 1/4 MILE      2
HAZE                      1

-  INDICATES NEGATIVE NUMBERS.
R  INDICATES RECORD WAS SET OR TIED.
MM INDICATES DATA IS MISSING.
T  INDICATES TRACE AMOUNT.

$$
