000
CXUS56 KHNX 020550
CLMMCE


CLIMATE REPORT
NATIONAL WEATHER SERVICE SAN JOAQUIN VALLEY, CA
1001 PM PDT SAT APR 1 2017

...................................

...THE MERCED CA AIRPORT CLIMATE SUMMARY FOR THE MONTH OF MARCH 2017...

CLIMATE NORMAL PERIOD 1981 TO 2010
CLIMATE RECORD PERIOD 1998 TO 2017

WEATHER         OBSERVED          NORMAL  DEPART  LAST YEAR`S
                 VALUE   DATE(S)  VALUE   FROM    VALUE  DATE(S)
                                          NORMAL
................................................................
TEMPERATURE (F)
RECORD
 HIGH              88   03/27/2015
                        03/15/2015
 LOW               27   03/10/2009
HIGHEST            81   03/15        MM      MM       77  03/18
                        03/14                             03/01
LOWEST             30   03/06        MM      MM       35  03/29
AVG. MAXIMUM     68.5              65.4     3.1     68.0
AVG. MINIMUM     42.5              41.8     0.7     44.8
MEAN             55.5              53.6     1.9     56.4
DAYS MAX >= 90      0               0.0     0.0        0
DAYS MIN <= 32      3               0.2     2.8        0

PRECIPITATION (INCHES)
RECORD
 MAXIMUM         4.14   2011
TOTALS           1.29              2.07   -0.78     2.35
DAYS >= .01         8                MM      MM        8
DAYS >= .10         5                MM      MM        6
DAYS >= .50         0                MM      MM        3
DAYS >= 1.00        0                MM      MM        0
GREATEST
 24 HR. TOTAL    0.43   03/22 TO 03/22

SNOWFALL (INCHES)
RECORDS
 TOTAL             MM   MM
TOTALS            0.0                MM

DEGREE_DAYS
HEATING TOTAL     290               354     -64      250
 SINCE 7/1       2160              2524    -364     2147
COOLING TOTAL       0                 0       0        0
 SINCE 1/1          0                 0       0        0
.................................................................

WIND (MPH)
AVERAGE WIND SPEED              5.3
HIGHEST WIND SPEED/DIRECTION    30/310    DATE  03/30
HIGHEST GUST SPEED/DIRECTION    39/320    DATE  03/31

AVERAGE RH (PERCENT)     69

WEATHER CONDITIONS. NUMBER OF DAYS WITH
THUNDERSTORM              0     RAIN                       6
HAIL                      0     FOG                       22
FOG W/VIS <= 1/4 MILE     2     HAZE                       7

-  INDICATES NEGATIVE NUMBERS.
R  INDICATES RECORD WAS SET OR TIED.
MM INDICATES DATA IS MISSING.
T  INDICATES TRACE AMOUNT.

$$
