000
CXUS56 KHNX 031650
CLMMCE


CLIMATE REPORT
NATIONAL WEATHER SERVICE SAN JOAQUIN VALLEY - HANFORD CA
850 AM PST TUE FEB 3 2015

...................................

...THE MERCED CA AIRPORT CLIMATE SUMMARY FOR THE MONTH OF JANUARY 2015...

CLIMATE NORMAL PERIOD 1981 TO 2010
CLIMATE RECORD PERIOD 1998 TO 2015

WEATHER         OBSERVED          NORMAL  DEPART  LAST YEAR`S
                 VALUE   DATE(S)  VALUE   FROM    VALUE  DATE(S)
                                          NORMAL
................................................................
TEMPERATURE (F)
RECORD
 HIGH              73   01/24/2014
 LOW               19   01/15/2007
HIGHEST            66   01/27        MM      MM       73  01/24
                        01/10
                        01/08
                        01/07
LOWEST             27   01/03        MM      MM       31  01/20
                                                          01/13
                                                          01/08
AVG. MAXIMUM     56.5              53.2     3.3     64.9
AVG. MINIMUM     38.7              36.7     2.0     34.9
MEAN             47.5              45.0     2.5     49.9
DAYS MAX >= 90      0               0.0     0.0        0
DAYS MIN <= 32      5               8.2    -3.2       13

PRECIPITATION (INCHES)
RECORD
 MAXIMUM         4.26   2008
TOTALS           0.02              2.61   -2.59     0.31
DAYS >= .01         1                MM      MM        1
DAYS >= .10         0                MM      MM        1
DAYS >= .50         0                MM      MM        0
DAYS >= 1.00        0                MM      MM        0
GREATEST
 24 HR. TOTAL    0.02   01/27 TO 01/27

SNOWFALL (INCHES)
RECORDS
 TOTAL             MM   MM
TOTALS            0.0                MM

DEGREE_DAYS
HEATING TOTAL     501               621    -120      460
 SINCE 7/1       1171              1740    -569     1563
COOLING TOTAL       0                 0       0        0
 SINCE 1/1          0                 0       0        0
.................................................................

WIND (MPH)
AVERAGE WIND SPEED              2.9
HIGHEST WIND SPEED/DIRECTION    31/210    DATE  01/03
HIGHEST GUST SPEED/DIRECTION    33/190    DATE  01/27

AVERAGE RH (PERCENT)     80

WEATHER CONDITIONS. NUMBER OF DAYS WITH
THUNDERSTORM              0     RAIN                       2
HAIL                      0     FOG                       30
FOG W/VIS <= 1/4 MILE    21     HAZE                      29

-  INDICATES NEGATIVE NUMBERS.
R  INDICATES RECORD WAS SET OR TIED.
MM INDICATES DATA IS MISSING.
T  INDICATES TRACE AMOUNT.

$$

SANGER/OCHS

WEATHER.GOV/HANFORD
