000
CXUS52 KMLB 011752
CLMMCO


CLIMATE REPORT
NATIONAL WEATHER SERVICE MELBOURNE FL
1237 PM EDT TUE JUL 1 2014

...................................

...THE ORLANDO  AREA CLIMATE SUMMARY FOR THE MONTH OF JUNE 2014...

CLIMATE NORMAL PERIOD 1981 TO 2010
CLIMATE RECORD PERIOD 1892 TO 2014

WEATHER         OBSERVED          NORMAL  DEPART  LAST YEAR`S
                 VALUE   DATE(S)  VALUE   FROM    VALUE  DATE(S)
                                          NORMAL
................................................................
TEMPERATURE (F)
MONTHLY RECORD
 HOTTEST         84.9   1998
 COLDEST         75.4   1930
DAILY RECORD
 HIGH             101   06/06/1927
                        06/18/1921
 LOW               53   06/01/1984
JUNE 2014
HIGHEST            96   06/29                         94
                        06/28
                        06/10
LOWEST             68   06/05                         71
                        06/04
                        06/03
AVG. MAXIMUM     91.2              90.7     0.5     90.3
AVG. MINIMUM     71.9              72.0    -0.1     73.0
MEAN             81.6              81.4     0.2     81.7
DAYS MAX >= 90     20              18.2     1.8       22
DAYS MAX <= 32      0               0.0     0.0        0
DAYS MIN <= 32      0               0.0     0.0        0
DAYS MIN <= 0       0               0.0     0.0        0

PRECIPITATION (INCHES)
MONTHLY RECORD
 MAXIMUM        18.28   1968
 MINIMUM         0.88   1931
DAILY RECORD
 MAXIMUM         6.05   06/04/1968
JUNE 2014
TOTALS           4.64              7.58   -2.94    10.10
DAYS >= .01        15              15.6    -0.6       19
DAYS >= .10         9              11.0    -2.0       12
DAYS >= .50         4               5.4    -1.4        4
DAYS >= 1.00        1               2.3    -1.3        4
GREATEST
 24 HR. TOTAL    1.38   06/26 TO 06/27

SNOWFALL (INCHES)
TOTALS            0.0               0.0     0.0      0.0
SINCE 7/1         0.0               0.0     0.0      0.0
DAYS >= TRACE       0                                  0

DEGREE_DAYS
HEATING TOTAL       0                 0       0        0
 SINCE 7/1        406               571    -165      461
COOLING TOTAL     503               490      13      509
 SINCE 1/1       1437              1291     146     1381
.................................................................

WIND (MPH)
AVERAGE WIND SPEED              6.1
HIGHEST WIND SPEED/DIRECTION    38/290    DATE  06/14
HIGHEST GUST SPEED/DIRECTION    51/290    DATE  06/14

SKY COVER
POSSIBLE SUNSHINE (PERCENT)   MM
AVERAGE SKY COVER           0.60
NUMBER OF DAYS FAIR            2
NUMBER OF DAYS PC             17
NUMBER OF DAYS CLOUDY         11

AVERAGE RH (PERCENT)     71

WEATHER CONDITIONS. NUMBER OF DAYS WITH
THUNDERSTORM             19     MIXED PRECIP               0
HEAVY RAIN                6     RAIN                       9
LIGHT RAIN               24     LT FREEZING RAIN           0
HAIL                      0     LIGHT SNOW                 0
SLEET                     0     FOG                       11
FOG W/VIS <= 1/4 MILE     0     HAZE                       3

-  INDICATES NEGATIVE NUMBERS.
R  INDICATES RECORD WAS SET OR TIED.
MM INDICATES DATA IS MISSING.
T  INDICATES TRACE AMOUNT.

$$
