000
CXUS51 KCTP 011223
CLMMDT

PHLCLMMDT 000
TTAA00 KCTP 011219


CLIMATE REPORT
NATIONAL WEATHER SERVICE STATE COLLEGE PA
819 AM EDT SAT AUG 1 2015

...................................

...THE HARRISBURG PA CLIMATE SUMMARY FOR THE MONTH OF JULY 2015...

CLIMATE NORMAL PERIOD 1981 TO 2010
CLIMATE RECORD PERIOD 1888 TO 2015

WEATHER         OBSERVED          NORMAL  DEPART  LAST YEAR`S
                 VALUE   DATE(S)  VALUE   FROM    VALUE  DATE(S)
                                          NORMAL
................................................................
TEMPERATURE (F)
RECORD
 HIGH             107   07/03/1966
 LOW               49   07/12/1945
HIGHEST            93   07/19                         94  07/23
                                                          07/02
LOWEST             58   07/16                         56  07/30
                                                          07/25
AVG. MAXIMUM     84.6              85.5    -0.9     85.3
AVG. MINIMUM     67.5              66.3     1.2     66.6
MEAN             76.1              75.9     0.2     76.0
DAYS MAX >= 90      4               6.7    -2.7        7
DAYS MAX <= 32      0               0.0     0.0        0
DAYS MIN <= 32      0               0.0     0.0        0
DAYS MIN <= 0       0               0.0     0.0        0

PRECIPITATION (INCHES)
RECORD
 MAXIMUM         9.72   1969
 MINIMUM         0.78   1955
TOTALS           2.69              4.61   -1.92     4.34
DAILY AVG.       0.09              0.15   -0.06     0.14
DAYS >= .01        11              10.7     0.3       12
DAYS >= .10         6               7.4    -1.4        7
DAYS >= .50         1               3.1    -2.1        3
DAYS >= 1.00        1               1.1    -0.1        1
GREATEST
 24 HR. TOTAL    1.06   07/14 TO 07/15           07/27 TO 07/28
                                                          07/31 TO 07/31
                                                          07/31 TO 07/31

SNOWFALL (INCHES)
RECORDS
 TOTAL            0.0   MM
TOTALS            0.0               0.0     0.0      0.0
SINCE 7/1         0.0               0.0     0.0      0.0
SNOWDEPTH AVG.      0                MM      MM        0
DAYS >= 1.0         0               0.0     0.0        0
GREATEST
 SNOW DEPTH         0   MM                             0  MM
 24 HR TOTAL      0.0   07/31 TO 07/31           07/31 TO 07/31
                                                          07/31 TO 07/31
                                                          07/31 TO 07/31

DEGREE_DAYS
HEATING TOTAL       0                 0       0        0
 SINCE 7/1          0                 0       0        0
COOLING TOTAL     348               338      10      350
 SINCE 1/1        783               616     167      657
..................................................

WIND (MPH)
AVERAGE WIND SPEED              4.8
HIGHEST WIND SPEED/DIRECTION    30/250    DATE  07/09
HIGHEST GUST SPEED/DIRECTION    48/260    DATE  07/09

SKY COVER
POSSIBLE SUNSHINE (PERCENT)   MM
AVERAGE SKY COVER           0.60
NUMBER OF DAYS FAIR            5
NUMBER OF DAYS PC             18
NUMBER OF DAYS CLOUDY          8

AVERAGE RH (PERCENT)     69

WEATHER CONDITIONS. NUMBER OF DAYS WITH
THUNDERSTORM              0     MIXED PRECIP               0
HEAVY RAIN                4     RAIN                       6
LIGHT RAIN               15     FREEZING RAIN              0
LT FREEZING RAIN          0     HAIL                       0
HEAVY SNOW                0     SNOW                       0
LIGHT SNOW                0     SLEET                      0
FOG                      18     FOG W/VIS <= 1/4 MILE      2
HAZE                     15

-  INDICATES NEGATIVE NUMBERS.
R  INDICATES RECORD WAS SET OR TIED.
MM INDICATES DATA IS MISSING.
T  INDICATES TRACE AMOUNT.

$$
