000
CXUS54 KMEG 020037
CLMMEM


CLIMATE REPORT
NATIONAL WEATHER SERVICE MEMPHIS TN
735 PM CDT FRI SEP 1 2017

...................................

...THE MEMPHIS CLIMATE SUMMARY FOR THE MONTH OF AUGUST 2017...

CLIMATE NORMAL PERIOD 1981 TO 2010
CLIMATE RECORD PERIOD 1872 TO 2017

WEATHER         OBSERVED          NORMAL  DEPART  LAST YEAR`S
                 VALUE   DATE(S)  VALUE   FROM    VALUE  DATE(S)
                                          NORMAL
................................................................
TEMPERATURE (F)
RECORD
 HIGH             107   08/30/2000
 LOW               48   08/31/1946
HIGHEST            95   08/21        91       4       99  08/05
                        08/20
LOWEST             65   08/24        71      -6       70  08/22
AVG. MAXIMUM     87.5              91.3    -3.8     92.5
AVG. MINIMUM     71.3              72.7    -1.4     76.7
MEAN             79.4              82.0    -2.6     84.6
DAYS MAX >= 90      8              19.2   -11.2       22
DAYS MAX <= 32      0               0.0     0.0        0
DAYS MIN <= 32      0               0.0     0.0        0
DAYS MIN <= 0       0               0.0     0.0        0

PRECIPITATION (INCHES)
RECORD
 MAXIMUM        10.60   1915
 MINIMUM         0.40   1936
TOTALS           9.29              2.88    6.41     5.53
DAILY AVG.       0.30              0.09    0.21     0.18
DAYS >= .01        13               6.8     6.2       10
DAYS >= .10        10               4.2     5.8        7
DAYS >= .50         4               1.9     2.1        4
DAYS >= 1.00        4               0.9     3.1        3
GREATEST
 24 HR. TOTAL    4.04   08/31 TO 08/31

SNOWFALL (INCHES)
RECORDS
 TOTAL            0.0   2002
                        2001
                        2000
TOTALS            0.0               0.0     0.0      0.0
SINCE 7/1         0.0               0.0     0.0      0.0
SNOWDEPTH AVG.      0                MM      MM        0
DAYS >= 1.0         0               0.0     0.0        0
GREATEST
 SNOW DEPTH         0   MM                             0  MM
 24 HR TOTAL      0.0   08/31 TO 08/31

DEGREE_DAYS
HEATING TOTAL       0                 0       0        0
 SINCE 7/1          0                 0       0        0
COOLING TOTAL     455               527     -72      615
 SINCE 1/1       1816              1835     -19     2101
.................................................................

WIND (MPH)
AVERAGE WIND SPEED              6.9
HIGHEST WIND SPEED/DIRECTION    39/020    DATE  08/31
HIGHEST GUST SPEED/DIRECTION    60/020    DATE  08/31

SKY COVER
POSSIBLE SUNSHINE (PERCENT)   MM
AVERAGE SKY COVER           0.60
NUMBER OF DAYS FAIR            7
NUMBER OF DAYS PC             16
NUMBER OF DAYS CLOUDY          8

AVERAGE RH (PERCENT)     74

WEATHER CONDITIONS. NUMBER OF DAYS WITH
THUNDERSTORM              0     MIXED PRECIP               0
HEAVY RAIN                7     RAIN                       5
LIGHT RAIN               16     FREEZING RAIN              0
LT FREEZING RAIN          0     HAIL                       0
HEAVY SNOW                0     SNOW                       0
LIGHT SNOW                0     SLEET                      0
FOG                      11     FOG W/VIS <= 1/4 MILE      3
HAZE                      3

-  INDICATES NEGATIVE NUMBERS.
R  INDICATES RECORD WAS SET OR TIED.
MM INDICATES DATA IS MISSING.
T  INDICATES TRACE AMOUNT.

$$
