000
CXUS56 KMFR 011501
CLMMFR

CLIMATE REPORT
NATIONAL WEATHER SERVICE MEDFORD, OR
133 AM PST MON DEC 1 2014

...................................

...THE MEDFORD OR CLIMATE SUMMARY FOR THE MONTH OF NOVEMBER 2014...

CLIMATE NORMAL PERIOD 1981 TO 2010
CLIMATE RECORD PERIOD 1911 TO 2014

WEATHER         OBSERVED          NORMAL  DEPART  LAST YEAR`S
                 VALUE   DATE(S)  VALUE   FROM    VALUE  DATE(S)
                                          NORMAL
................................................................
TEMPERATURE (F)
RECORD
 HIGH              80   11/03/1929
 LOW               10   11/13/1978
HIGHEST            65   11/05                         69  11/01
LOWEST             23   11/17                         19  11/22
AVG. MAXIMUM     56.6              53.0     3.6     54.1
AVG. MINIMUM     39.2              36.4     2.8     34.7
MEAN             47.9              44.7     3.2     44.4
DAYS MAX >= 90      0               0.0     0.0        0
DAYS MAX <= 32      0               0.0     0.0        0
DAYS MIN <= 32      6               7.6    -1.6       10
DAYS MIN <= 0       0               0.0     0.0        0

PRECIPITATION (INCHES)
RECORD
 MAXIMUM         8.62   1942
TOTALS           1.95              3.02   -1.07     1.12
DAILY AVG.       0.07              0.10   -0.03     0.04
DAYS >= .01        10              14.0    -4.0        8
DAYS >= .10         6               7.7    -1.7        4
DAYS >= .50         0               1.5    -1.5        1
DAYS >= 1.00        0               0.4    -0.4        0
GREATEST
 24 HR. TOTAL    0.75   11/28 TO 11/29

SNOWFALL (INCHES)
RECORDS
 TOTAL           11.4   1955
TOTALS            0.0               0.2    -0.2      0.0
SINCE 7/1         0.0               0.2    -0.2      0.0

DEGREE_DAYS
HEATING TOTAL     505               609    -104      609
 SINCE 7/1        674               969    -295     1051
COOLING TOTAL       0                 0       0        0
 SINCE 1/1       1238               829     409     1057

FREEZE DATES
RECORD
 EARLIEST     09/13/1921
 LATEST       06/12/1952
EARLIEST      11/11             10/18
LATEST                          04/29
.................................................................

WIND (MPH)
AVERAGE WIND SPEED              2.3
HIGHEST WIND SPEED/DIRECTION    24/150    DATE  11/28
HIGHEST GUST SPEED/DIRECTION    30/150    DATE  11/28

SKY COVER
POSSIBLE SUNSHINE (PERCENT)   MM
AVERAGE SKY COVER           0.60
NUMBER OF DAYS FAIR            3
NUMBER OF DAYS PC             13
NUMBER OF DAYS CLOUDY         14

AVERAGE RH (PERCENT)     77

WEATHER CONDITIONS. NUMBER OF DAYS WITH
THUNDERSTORM              0     MIXED PRECIP               0
HEAVY RAIN                4     RAIN                       4
LIGHT RAIN               11     FREEZING RAIN              0
LT FREEZING RAIN          0     HAIL                       0
HEAVY SNOW                0     SNOW                       0
LIGHT SNOW                0     SLEET                      0
FOG                      24     FOG W/VIS <= 1/4 MILE      8
HAZE                      6

-  INDICATES NEGATIVE NUMBERS.
R  INDICATES RECORD WAS SET OR TIED.
MM INDICATES DATA IS MISSING.
T  INDICATES TRACE AMOUNT.

NOVEMBER 2014 FEATURED DRIER, WARMER THAN NORMAL WEATHER ON AVERAGE,
MAINTAINING THE TREND THIS YEAR OF WARMER THAN NORMAL TEMPERATURES. THE ONLY
RECORD SET IN NOVEMBER WAS FOR LATEST FIRST FROST (FIRST DAY TEMPERATURE DROPS
TO 36 DEGREES OR BELOW), WHICH WAS SET ON THE 11TH, WHEN THE TEMPERATURE
DROPPED TO 30 DEGREES. THE PREVIOUS RECORD WAS NOVEMBER 5TH, 1944. THAT SAID,
DURING THE SECOND WEEK OF NOVEMBER, AN ARCTIC FRONT THAT AFFECTED MOST OF THE
CONUS DIPPED INTO THE NORTHERN ROCKIES AND SPREAD SOUTHWESTWARD TOWARD MEDFORD
OVER THE PERIOD OF SEVERAL DAYS, BRINGING FRIGID TEMPERATURES INCLUDING A LOW
OF 5 DEGREES ON THE 16TH IN LAKEVIEW, AND SET THE STAGE FOR SNOW IN THE
MOUNTAINS. CONDITIONS WEST OF THE CASCADES WERE NOT AS COLD, BUT MEDFORD DID
DROP TO 23 DEGREES ON THE 17TH AND HAD A STRING OF BELOW NORMAL DAYS. THOUGH
THE MONTH WAS DRIER THAN AVERAGE, A FEW SYSTEMS BRINGING PRECIPITATION PASSED
THROUGH, PARTICULARLY FROM THE 21ST TO 22ND, AS A WET WARM FRONT WITH STRONG
DYNAMIC FORCING PASSED THROUGH, DROPPING 0.41 INCHES AND 0.26 INCHES OF
RAINFALL IN MEDFORD ON THE 21ST AND 22ND, RESPECTIVELY.

$$
