000
CXUS53 KFSD 011608
CLMMHE

CLIMATE REPORT
NATIONAL WEATHER SERVICE SIOUX FALLS SD
1108 AM CDT SAT JUL 1 2017

...................................

...THE MITCHELL SD CLIMATE SUMMARY FOR THE MONTH OF JUNE 2017...

CLIMATE NORMAL PERIOD 1981 TO 2010
CLIMATE RECORD PERIOD 1893 TO 2017

WEATHER         OBSERVED          NORMAL  DEPART  LAST YEAR`S
                 VALUE   DATE(S)  VALUE   FROM    VALUE  DATE(S)
                                          NORMAL
................................................................
TEMPERATURE (F)
RECORD
 HIGH             111   06/25/1936
 LOW               31   06/02/1946
                        06/01/1946
                        06/07/1901
HIGHEST            95   06/02        MM      MM      100  06/11
LOWEST             45   06/25        MM      MM       49  06/07
AVG. MAXIMUM     85.5              80.8     4.7     86.5
AVG. MINIMUM     57.8              58.2    -0.4     61.8
MEAN             71.6              69.5     2.1     74.2
DAYS MAX >= 90     10               3.6     6.4       10
DAYS MAX <= 32      0               0.0     0.0        0
DAYS MIN <= 32      0               0.0     0.0        0
DAYS MIN <= 0       0               0.0     0.0        0

PRECIPITATION (INCHES)
RECORD
 MAXIMUM           MM   MM
 MINIMUM           MM   MM
TOTALS           0.75              4.13   -3.38     2.04
DAILY AVG.       0.03              0.14   -0.11     0.07
DAYS >= .01         5                MM      MM        5
DAYS >= .10         3                MM      MM        4
DAYS >= .50         0                MM      MM        2
DAYS >= 1.00        0                MM      MM        0
GREATEST
 24 HR. TOTAL    0.32   06/13

SNOWFALL (INCHES)
RECORDS
 TOTAL             MM   MM
TOTALS            0.0                MM      MM      0.0
SINCE 7/1        30.6                MM      MM     46.3
SNOWDEPTH AVG.      0                MM      MM        0
DAYS >= 1.0         0                MM      MM        0
GREATEST
 SNOW DEPTH         0   MM                             0  MM
 24 HR TOTAL      0.0   06/30

DEGREE_DAYS
HEATING TOTAL      12                35     -23        4
 SINCE 7/1       6295              7245    -950     6149
COOLING TOTAL     218               170      48      284
 SINCE 1/1        250               210      40      328
.................................................................

WIND (MPH)
AVERAGE WIND SPEED              9.9
HIGHEST WIND SPEED/DIRECTION    36/300    DATE  06/11
HIGHEST GUST SPEED/DIRECTION    54/280    DATE  06/13

SKY COVER
POSSIBLE SUNSHINE (PERCENT)   MM
AVERAGE SKY COVER           0.20
NUMBER OF DAYS FAIR           24
NUMBER OF DAYS PC              6
NUMBER OF DAYS CLOUDY          0

AVERAGE RH (PERCENT)     57

WEATHER CONDITIONS. NUMBER OF DAYS WITH
THUNDERSTORM              9     MIXED PRECIP               0
HEAVY RAIN                3     RAIN                       1
LIGHT RAIN               12     FREEZING RAIN              0
LT FREEZING RAIN          0     HAIL                       0
HEAVY SNOW                0     SNOW                       0
LIGHT SNOW                0     SLEET                      0
FOG                       2     FOG W/VIS <= 1/4 MILE      0
HAZE                      0

-  INDICATES NEGATIVE NUMBERS.
R  INDICATES RECORD WAS SET OR TIED.
MM INDICATES DATA IS MISSING.
T  INDICATES TRACE AMOUNT.

$$
