000
CXUS52 KMFL 011346
CLMMIA


CLIMATE REPORT
NATIONAL WEATHER SERVICE MIAMI, FL
946 AM EDT WED JUL 1 2015

...................................

...THE MIAMI CLIMATE SUMMARY FOR THE MONTH OF JUNE 2015...

CLIMATE NORMAL PERIOD 1981 TO 2010
CLIMATE RECORD PERIOD 1895 TO 2015

WEATHER         OBSERVED          NORMAL  DEPART  LAST YEAR`S
                 VALUE   DATE(S)  VALUE   FROM    VALUE
                                          NORMAL
.............................................................
TEMPERATURE (F)
RECORD
 HIGH              98   06/22/2009
                        06/04/1985
                        06/24/1944
 LOW               60   06/03/1984
HIGHEST            95   06/30                         93
LOWEST             72   06/11                         70
                        06/03
AVG. MAXIMUM     89.6              89.5     0.1     88.9
AVG. MINIMUM     77.7              76.0     1.7     74.1
MEAN             83.6              82.7     0.9     81.5
DAYS MAX >= 90     16                                 15
DAYS MAX <= 32      0                                  0
DAYS MIN <= 32      0                                  0
DAYS MIN <= 0       0                                  0

PRECIPITATION (INCHES)
RECORD
 MAXIMUM        25.34   1930
 MINIMUM         0.07   1931
TOTALS           3.60              9.67   -6.07    19.62
DAILY AVG.       0.12              0.32   -0.20
DAYS >= .01        16                                 23
DAYS >= .10         8                                 16
DAYS >= .50         3                                 10
DAYS >= 1.00        0                                  8
GREATEST
 24 HR. TOTAL    0.80   06/26 TO 06/26              4.39

DEGREE_DAYS
HEATING TOTAL       0                 0       0        0
 SINCE 7/1         76               128     -52       61
COOLING TOTAL     565               532      33      502
 SINCE 1/1       2242              1888     354     2076
..............................................................

WIND (MPH)
AVERAGE WIND SPEED              7.6
HIGHEST WIND SPEED/DIRECTION    26/100    DATE  06/11
HIGHEST GUST SPEED/DIRECTION    37/110    DATE  06/11

SKY COVER
POSSIBLE SUNSHINE (PERCENT)   57
AVERAGE SKY COVER           0.60
NUMBER OF DAYS FAIR            3
NUMBER OF DAYS PC             20
NUMBER OF DAYS CLOUDY          7

AVERAGE RH (PERCENT)     69

WEATHER CONDITIONS. NUMBER OF DAYS WITH
THUNDERSTORM              9     MIXED PRECIP               0
HEAVY RAIN                4     RAIN                       6
LIGHT RAIN               15     FREEZING RAIN              0
LT FREEZING RAIN          0     HAIL                       0
HEAVY SNOW                0     SNOW                       0
LIGHT SNOW                0     SLEET                      0
FOG                       4     FOG W/VIS <= 1/4 MILE      0
HAZE                      2

-  INDICATES NEGATIVE NUMBERS.
R  INDICATES RECORD WAS SET OR TIED.
MM INDICATES DATA IS MISSING.
T  INDICATES TRACE AMOUNT.

...............................................................

...DATA FOR THE NATIONAL WEATHER SERVICE OFFICE (WEST MIAMI)...
                        ...JUNE 2015...

...TEMPERATURE DATA...

AVERAGE FOR THE MONTH .... 82.6 DEGREES.
AVERAGE MAXIMUM .......... 89.5 DEGREES.
AVERAGE MINIMUM .......... 75.7 DEGREES.

HIGHEST TEMPERATURE FOR THE MONTH: 94 DEGREES ON THE 30TH.
LOWEST  TEMPERATURE FOR THE MONTH: 70 DEGREES ON THE  3RD.


...PRECIPITATION...

TOTAL FOR THE MONTH................. 3.54  INCHES.
TOTAL FOR THE YEAR.................. 11.78 INCHES.
GREATEST 24-HOUR PERIOD RAINFALL 1.15 INCHES ON THE 1ST.

NUMBER OF DAYS HAVING 0.01 INCHES OR MORE ...15.
NUMBER OF DAYS HAVING 0.10 INCHES OR MORE ... 5.
NUMBER OF DAYS HAVING 0.50 INCHES OR MORE ... 2.
NUMBER OF DAYS HAVING 1.00 INCHES OR MORE ... 2.

$$
