000
CXUS53 KIND 011517
CLMMIE


CLIMATE REPORT
NATIONAL WEATHER SERVICE INDIANAPOLIS IN
1111 AM EDT FRI SEP 1 2017

...................................

...THE MUNCIE IN CLIMATE SUMMARY FOR THE MONTH OF AUGUST 2017...

CLIMATE NORMAL PERIOD 1981 TO 2010
CLIMATE RECORD PERIOD 9999 TO 9999

WEATHER         OBSERVED          NORMAL  DEPART  LAST YEAR`S
                 VALUE   DATE(S)  VALUE   FROM    VALUE  DATE(S)
                                          NORMAL
................................................................
TEMPERATURE (F)
HIGHEST            91   08/16                         92  08/09
                                                          08/04
                                                          08/03
LOWEST             49   08/26                         55  08/22
AVG. MAXIMUM     82.0              82.8    -0.8     85.5
AVG. MINIMUM     59.6              62.3    -2.7     68.2
MEAN             70.8              72.5    -1.7     76.8
DAYS MAX >= 90      1               3.7    -2.7        6
DAYS MAX <= 32      0               0.0     0.0        0
DAYS MIN <= 32      0               0.0     0.0        0
DAYS MIN <= 0       0               0.0     0.0        0

PRECIPITATION (INCHES)
TOTALS           1.70              3.30   -1.60     9.26
DAILY AVG.       0.05              0.11   -0.06     0.30
DAYS >= .01         7               8.7    -1.7       17
DAYS >= .10         3               5.2    -2.2       15
DAYS >= .50         2               2.1    -0.1        6
DAYS >= 1.00        0               0.9    -0.9        1
GREATEST
 24 HR. TOTAL    0.77   08/17 TO 08/17

DEGREE_DAYS
HEATING TOTAL       3                 7      -4        0
 SINCE 7/1          3                10      -7        3
COOLING TOTAL     192               241     -49      372
 SINCE 1/1        878               834      44     1100
.................................................................

WIND (MPH)
AVERAGE WIND SPEED              4.9
HIGHEST WIND SPEED/DIRECTION    22/310    DATE  08/03
HIGHEST GUST SPEED/DIRECTION    33/290    DATE  08/04

SKY COVER
POSSIBLE SUNSHINE (PERCENT)   MM
AVERAGE SKY COVER           0.20
NUMBER OF DAYS FAIR           23
NUMBER OF DAYS PC              8
NUMBER OF DAYS CLOUDY          0

AVERAGE RH (PERCENT)     69

WEATHER CONDITIONS. NUMBER OF DAYS WITH
THUNDERSTORM              8     MIXED PRECIP               0
HEAVY RAIN                3     RAIN                       2
LIGHT RAIN                8     FREEZING RAIN              0
LT FREEZING RAIN          0     HAIL                       0
HEAVY SNOW                0     SNOW                       0
LIGHT SNOW                0     SLEET                      0
FOG                      15     FOG W/VIS <= 1/4 MILE      3
HAZE                      5

-  INDICATES NEGATIVE NUMBERS.
R  INDICATES RECORD WAS SET OR TIED.
MM INDICATES DATA IS MISSING.
T  INDICATES TRACE AMOUNT.

$$
