000
CXUS53 KIND 011515
CLMMIE


CLIMATE REPORT
NATIONAL WEATHER SERVICE INDIANAPOLIS IN
1115 AM EDT FRI APR 1 2016

...................................

...THE MUNCIE IN CLIMATE SUMMARY FOR THE MONTH OF MARCH 2016...

CLIMATE NORMAL PERIOD 1981 TO 2010
CLIMATE RECORD PERIOD 9999 TO 9999

WEATHER         OBSERVED          NORMAL  DEPART  LAST YEAR`S
                 VALUE   DATE(S)  VALUE   FROM    VALUE  DATE(S)
                                          NORMAL
................................................................
TEMPERATURE (F)
HIGHEST            76   03/27                         72  03/16
LOWEST             21   03/02                          2  03/06
AVG. MAXIMUM     57.1              49.0     8.1     45.8
AVG. MINIMUM     39.7              30.3     9.4     27.8
MEAN             48.4              39.6     8.8     36.8
DAYS MAX >= 90      0               0.0     0.0        0
DAYS MAX <= 32      0               2.6    -2.6        4
DAYS MIN <= 32      9              17.8    -8.8       20
DAYS MIN <= 0       0               0.1    -0.1        0

PRECIPITATION (INCHES)
TOTALS           5.07              2.95    2.12     3.02
DAILY AVG.       0.16              0.10    0.06     0.10
DAYS >= .01        13              11.5     1.5       11
DAYS >= .10        11               7.3     3.7        8
DAYS >= .50         4               1.9     2.1        2
DAYS >= 1.00        0               0.3    -0.3        0
GREATEST
 24 HR. TOTAL    1.17   03/12 TO 03/13

DEGREE_DAYS
HEATING TOTAL     504               787    -283      866
 SINCE 7/1       4095              5170   -1075     5731
COOLING TOTAL       0                 1      -1        0
 SINCE 1/1          0                 1      -1        0
.................................................................

WIND (MPH)
AVERAGE WIND SPEED              10.0
HIGHEST WIND SPEED/DIRECTION    31/320    DATE  03/01
HIGHEST GUST SPEED/DIRECTION    47/320    DATE  03/22

SKY COVER
POSSIBLE SUNSHINE (PERCENT)   MM
AVERAGE SKY COVER           0.50
NUMBER OF DAYS FAIR           11
NUMBER OF DAYS PC              9
NUMBER OF DAYS CLOUDY         11

AVERAGE RH (PERCENT)     66

WEATHER CONDITIONS. NUMBER OF DAYS WITH
THUNDERSTORM              4     MIXED PRECIP               0
HEAVY RAIN                4     RAIN                       9
LIGHT RAIN               14     FREEZING RAIN              0
LT FREEZING RAIN          0     HAIL                       0
HEAVY SNOW                0     SNOW                       0
LIGHT SNOW                5     SLEET                      0
FOG                      19     FOG W/VIS <= 1/4 MILE      2
HAZE                      6

-  INDICATES NEGATIVE NUMBERS.
R  INDICATES RECORD WAS SET OR TIED.
MM INDICATES DATA IS MISSING.
T  INDICATES TRACE AMOUNT.

$$
