000
CXUS53 KGRR 011749 CCA
CLMMKG

CLIMATE REPORT...CORRECTED
NATIONAL WEATHER SERVICE GRAND RAPIDS, MI
130 PM EDT SAT NOV 1 2014

...................................

...THE MUSKEGON MI CLIMATE SUMMARY FOR THE MONTH OF OCTOBER 2014...

CLIMATE NORMAL PERIOD 1981 TO 2010
CLIMATE RECORD PERIOD 1896 TO 2014

WEATHER         OBSERVED          NORMAL  DEPART  LAST YEAR`S
                 VALUE   DATE(S)  VALUE   FROM    VALUE  DATE(S)
                                          NORMAL
................................................................
TEMPERATURE (F)
RECORD
 HIGH              86   10/15/1899
 LOW               19   10/29/1905
HIGHEST            75   10/27        76      -1       76  10/12
LOWEST             29   10/22        27       2       34  10/30
                        10/19                             10/29
                                                          10/24
AVG. MAXIMUM     59.4              58.8     0.6     61.7
AVG. MINIMUM     43.1              42.5     0.6     44.7
MEAN             51.2              50.7     0.5     53.2
DAYS MAX >= 90      0               0.0     0.0        0
DAYS MAX <= 32      0               0.0     0.0        0
DAYS MIN <= 32      4               3.4     0.6        0
DAYS MIN <= 0       0               0.0     0.0        0

PRECIPITATION (INCHES)
RECORD
 MAXIMUM         7.33   1991
 MINIMUM         0.20   1924
TOTALS           2.90              3.11   -0.21     4.47
DAILY AVG.       0.09              0.10   -0.01     0.14
DAYS >= .01        13              11.9     1.1       17
DAYS >= .10         8               6.8     1.2       14
DAYS >= .50         2               1.9     0.1        2
DAYS >= 1.00        0               0.5    -0.5        1
GREATEST
 24 HR. TOTAL    1.04   10/02 TO 10/03           10/31 TO 10/31

SNOWFALL (INCHES)
RECORDS
 TOTAL            6.0   1910
 24 HR TOTAL      4.7   10/27/1967 TO 10/27/1967
 SNOW DEPTH         3   10/27/1967
TOTALS              T               0.2    -0.2        T
SINCE 7/1           T               0.2    -0.2        T
SNOWDEPTH AVG.      0                MM      MM        0
DAYS >= TRACE       1               0.3     0.7        2
DAYS >= 1.0         0               0.0     0.0        0
GREATEST
 SNOW DEPTH         0   MM                             0  MM
 24 HR TOTAL        T   10/31 TO 10/31           10/24 TO 10/24

DEGREE_DAYS
HEATING TOTAL     417               450     -33      366
 SINCE 7/1        621               623      -2      508
COOLING TOTAL       0                 5      -5       10
 SINCE 1/1        442               566    -124      626

FREEZE DATES
RECORD
 EARLIEST     09/22/1976
 LATEST       06/22/1992
EARLIEST      10/11             10/14
LATEST                          05/04
.....................................................

WIND (MPH)
AVERAGE WIND SPEED              9.6
RESULTANT WIND SPEED/DIRECTION   4/251
HIGHEST WIND SPEED/DIRECTION    35/320    DATE  10/03
HIGHEST GUST SPEED/DIRECTION    44/320    DATE  10/03

SKY COVER
POSSIBLE SUNSHINE (PERCENT)   MM
AVERAGE SKY COVER           0.70
NUMBER OF DAYS FAIR            5
NUMBER OF DAYS PC              8
NUMBER OF DAYS CLOUDY         16

AVERAGE RH (PERCENT)     71

WEATHER CONDITIONS. NUMBER OF DAYS WITH
THUNDERSTORM              2     MIXED PRECIP               0
HEAVY RAIN                3     RAIN                       5
LIGHT RAIN               19     FREEZING RAIN              0
LT FREEZING RAIN          0     HAIL                       0
HEAVY SNOW                0     SNOW                       0
LIGHT SNOW                1     SLEET                      0
FOG                      17     FOG W/VIS <= 1/4 MILE      3
HAZE                      7

-  INDICATES NEGATIVE NUMBERS.
R  INDICATES RECORD WAS SET OR TIED.
MM INDICATES DATA IS MISSING.
T  INDICATES TRACE AMOUNT.

&&

OCTOBER 2014 TEMPERATURES AVERAGED OUT NEAR TO SLIGHTLY BELOW NORMAL
WITH PRECIPITATION NEAR TO MODERATELY ABOVE NORMAL. BUT AS IS
TYPICAL OF A MICHIGAN FALL... IT WAS NOT WITHOUT ITS TEMPERATURE
SWINGS AND PRECIPITATION SPELLS.

MANY LOCATIONS IN SOUTHWEST LOWER MICHIGAN RECEIVED OVER HALF OF THE
MONTH/S PRECIPITATION IN THE FIRST FOUR DAYS. A NUMBER OF SITES
COLLECTED OVER TWO INCHES OF RAIN IN THIS TWO DAY PERIOD AS MOISTURE
FROM THE GULF OF MEXICO WAS DRAWN NORTH. THIS WAS FOLLOWED BY COLD
AIR ON OCTOBER 4 WHICH PRODUCED SCATTERED SHOWERS AND A MIX OF RAIN
AND SMALL HAIL.

THE SECOND WEEK OF OCTOBER INCLUDED A MOSTLY SUNNY STRETCH WITH
SOMEWHAT BELOW NORMAL TEMPERATURES. THIS WAS FOLLOWED BY CLOUDS AND
OCCASIONAL RAIN FROM OCTOBER 13TH THROUGH THE 21ST. CLOUDS HELD THE
LOW TEMPERATURES WELL ABOVE NORMAL UNTIL CLEARING ALLOWED FOR THE
FIRST WIDESPREAD FREEZE IN SOUTHWEST LOWER MICHIGAN ON OCTOBER 19.

A DRY PERIOD FROM OCTOBER 22 THROUGH 27 FEATURED GRADUALLY WARMING
TEMPERATURES. THE WARMEST HIGH TEMPERATURES OF THE MONTH OCCURRED ON
THE 27TH. HIGHS WERE IN THE MID 70S... AND MUSKEGON SET A RECORD
WITH 75 DEGREES.

OCTOBER ENDED WITH A TASTE OF WINTER AS A POTENT UPPER LEVEL SYSTEM
FROM MANITOBA DOVE THROUGH THE GREAT LAKES ON THE FINAL DAYS OF THE
MONTH. AFTERNOON TEMPERATURES FELL INTO THE 30S AND RAIN CHANGED TO
SNOW ACROSS THE STATE. THE FIRST SNOWFLAKES OF THE SEASON WERE
OBSERVED NEARLY EVERYWHERE IN SOUTHWEST LOWER MICHIGAN. SNOW
ACCUMULATED IN NORTHERN AND PARTS OF CENTRAL LOWER MICHIGAN. NORTH
WINDS ACCOMPANYING THE SYSTEM ALSO BROUGHT GUSTS OVER 60 MPH AND
WAVE HEIGHTS OVER 20 FEET TO SOUTHERN LAKE MICHIGAN.

$$

CAS 63
