000
CXUS54 KMOB 010713
CLMMOB


CLIMATE REPORT
NATIONAL WEATHER SERVICE MOBILE AL
206 AM CDT SAT NOV 1 2014

...................................

...THE MOBILE CLIMATE SUMMARY FOR THE MONTH OF OCTOBER 2014...

CLIMATE NORMAL PERIOD 1981 TO 2010
CLIMATE RECORD PERIOD 1842 TO 2014

WEATHER         OBSERVED          NORMAL  DEPART  LAST YEAR`S
                 VALUE   DATE(S)  VALUE   FROM    VALUE  DATE(S)
                                          NORMAL
................................................................
TEMPERATURE (F)
RECORD
 HIGH              95   10/02/1904
 LOW               30   10/31/1993
HIGHEST            87   10/08                         88  10/04
                                                          10/03
LOWEST             41   10/31                         42  10/26
AVG. MAXIMUM     80.1              79.2     0.9     80.3
AVG. MINIMUM     55.5              57.6    -2.1     60.3
MEAN             67.8              68.4    -0.6     70.3
DAYS MAX >= 90      0               0.5    -0.5        0
DAYS MAX <= 32      0               0.0     0.0        0
DAYS MIN <= 32      0               0.0     0.0        0
DAYS MIN <= 0       0               0.0     0.0        0

PRECIPITATION (INCHES)

TOTALS           3.03              3.69   -0.66     2.19
DAILY AVG.       0.10              0.12   -0.02     0.07
DAYS >= .01         7               6.9     0.1        6
DAYS >= .10         5               4.4     0.6        6
DAYS >= .50         2               2.2    -0.2        1
DAYS >= 1.00        1               1.3    -0.3        1
GREATEST
 24 HR. TOTAL    1.30   10/02 TO 10/03

DEGREE_DAYS
HEATING TOTAL      40                53     -13       30
 SINCE 7/1         40                55     -15       30
COOLING TOTAL     134               158     -24      200
 SINCE 1/1       2296              2462    -166     2480
.................................................................

WIND (MPH)
AVERAGE WIND SPEED              5.6
HIGHEST WIND SPEED/DIRECTION    26/350    DATE  10/31
HIGHEST GUST SPEED/DIRECTION    36/190    DATE  10/13

SKY COVER
POSSIBLE SUNSHINE (PERCENT)   MM
AVERAGE SKY COVER           0.30
NUMBER OF DAYS FAIR           18
NUMBER OF DAYS PC             13
NUMBER OF DAYS CLOUDY          0

AVERAGE RH (PERCENT)     73

WEATHER CONDITIONS. NUMBER OF DAYS WITH
THUNDERSTORM              5     MIXED PRECIP               0
HEAVY RAIN                5     RAIN                       4
LIGHT RAIN                6     FREEZING RAIN              0
LT FREEZING RAIN          0     HAIL                       0
HEAVY SNOW                0     SNOW                       0
LIGHT SNOW                0     SLEET                      0
FOG                      15     FOG W/VIS <= 1/4 MILE      5
HAZE                      5

-  INDICATES NEGATIVE NUMBERS.
R  INDICATES RECORD WAS SET OR TIED.
MM INDICATES DATA IS MISSING.
T  INDICATES TRACE AMOUNT.

$$
