000
CXUS54 KMOB 010731
CLMMOB


CLIMATE REPORT
NATIONAL WEATHER SERVICE MOBILE AL
219 AM CDT TUE APR 1 2014

...................................

...THE MOBILE CLIMATE SUMMARY FOR THE MONTH OF MARCH 2014...

CLIMATE NORMAL PERIOD 1981 TO 2010
CLIMATE RECORD PERIOD 1842 TO 2014

WEATHER         OBSERVED          NORMAL  DEPART  LAST YEAR`S
                 VALUE   DATE(S)  VALUE   FROM    VALUE  DATE(S)
                                          NORMAL
................................................................
TEMPERATURE (F)
RECORD
 HIGH              91   03/27/1910
 LOW               21   03/14/1993
HIGHEST            79   03/22                         81  03/18
                        03/10
LOWEST             31   03/26                         27  03/03
                        03/04
AVG. MAXIMUM     66.8              71.2    -4.4     68.5
AVG. MINIMUM     45.0              49.1    -4.1     42.1
MEAN             55.9              60.2    -4.3     55.3
DAYS MAX >= 90      0               0.0     0.0        0
DAYS MAX <= 32      0               0.0     0.0        0
DAYS MIN <= 32      4               1.1     2.9        4
DAYS MIN <= 0       0               0.0     0.0        0

PRECIPITATION (INCHES)
RECORD
 MAXIMUM        12.34   2009
 MINIMUM         0.24   2006
TOTALS           6.50              6.14    0.36     0.80
DAILY AVG.       0.21              0.20    0.01     0.03
DAYS >= .01        12               8.6     3.4        4
DAYS >= .10         9               6.0     3.0        3
DAYS >= .50         4               3.2     0.8        0
DAYS >= 1.00        2               2.1    -0.1        0
GREATEST
 24 HR. TOTAL    2.81   03/28 TO 03/28

SNOWFALL (INCHES)
RECORDS
 TOTAL              T   2009
TOTALS            0.0               0.1    -0.1      0.0
SINCE 7/1         1.3               0.2     1.1      0.0
SNOWDEPTH AVG.      0                                  0
DAYS >= 1.0         0               0.0     0.0        0
GREATEST
 SNOW DEPTH         0                                  0


DEGREE_DAYS
HEATING TOTAL     276               189      87      310
 SINCE 7/1       1979              1631     348     1486
COOLING TOTAL       1                39     -38       17
 SINCE 1/1         13                55     -42       44
.................................................................

WIND (MPH)
AVERAGE WIND SPEED              7.8
HIGHEST WIND SPEED/DIRECTION    33/190    DATE  03/16
HIGHEST GUST SPEED/DIRECTION    45/200    DATE  03/16

SKY COVER
POSSIBLE SUNSHINE (PERCENT)   MM
AVERAGE SKY COVER           0.50
NUMBER OF DAYS FAIR           11
NUMBER OF DAYS PC             12
NUMBER OF DAYS CLOUDY          8

AVERAGE RH (PERCENT)     75

WEATHER CONDITIONS. NUMBER OF DAYS WITH
THUNDERSTORM              5     MIXED PRECIP               0
HEAVY RAIN                5     RAIN                       8
LIGHT RAIN               11     FREEZING RAIN              0
LT FREEZING RAIN          0     HAIL                       0
HEAVY SNOW                0     SNOW                       0
LIGHT SNOW                0     SLEET                      0
FOG                      23     FOG W/VIS <= 1/4 MILE      5
HAZE                      4

-  INDICATES NEGATIVE NUMBERS.
R  INDICATES RECORD WAS SET OR TIED.
MM INDICATES DATA IS MISSING.
T  INDICATES TRACE AMOUNT.

$$
