110
CXUS52 KKEY 012050
CLMMTH


CLIMATE REPORT
NATIONAL WEATHER SERVICE KEY WEST, FL
450 PM EDT SAT APR 1 2017

...................................

...THE MARATHON CLIMATE SUMMARY FOR THE MONTH OF MARCH 2017...

CLIMATE NORMAL PERIOD 1981 TO 2010


WEATHER         OBSERVED          NORMAL  DEPART  LAST YEAR`S
                 VALUE   DATE(S)  VALUE   FROM    VALUE  DATE(S)
                                          NORMAL
................................................................
TEMPERATURE (F)
HIGHEST            87   03/31                         88  03/19
                        03/29
                        03/02
LOWEST             58   03/16                         60  03/22
AVG. MAXIMUM     81.7              79.4     2.3     82.3
AVG. MINIMUM     70.2              68.5     1.7     71.6
MEAN             76.0              74.0     2.0     77.0
DAYS MAX >= 90      0               0.0     0.0        0
DAYS MAX <= 32      0               0.0     0.0        0
DAYS MIN <= 32      0               0.0     0.0        0
DAYS MIN <= 0       0               0.0     0.0        0

PRECIPITATION (INCHES)
TOTALS           0.38              2.39   -2.01     0.66
DAILY AVG.       0.01              0.08   -0.07     0.02
DAYS >= .01         5                                  6
DAYS >= .10         1                                  2
DAYS >= .50         0                                  0
DAYS >= 1.00        0                                  0

SNOWFALL (INCHES)
TOTALS            0.0                                0.0
SINCE 7/1         0.0                                0.0
SNOWDEPTH AVG.      0                                  0
DAYS >= 1.0         0                                  0
GREATEST
 SNOW DEPTH         0                                  0
 24 HR TOTAL      0.0   03/31 TO 03/31

DEGREE_DAYS
HEATING TOTAL       0                 6      -6        0
 SINCE 7/1          3                81     -78       49
COOLING TOTAL     347               283      64      376
 SINCE 1/1        983               665     318      672
.................................................................

WIND (MPH)
AVERAGE WIND SPEED              9.8
HIGHEST WIND SPEED/DIRECTION    28/060    DATE  03/05
HIGHEST GUST SPEED/DIRECTION    37/070    DATE  03/05

SKY COVER
POSSIBLE SUNSHINE (PERCENT)   MM
AVERAGE SKY COVER           0.20
NUMBER OF DAYS FAIR           24
NUMBER OF DAYS PC              6
NUMBER OF DAYS CLOUDY          1

AVERAGE RH (PERCENT)     68

WEATHER CONDITIONS. NUMBER OF DAYS WITH
THUNDERSTORM              2     MIXED PRECIP               0
HEAVY RAIN                1     RAIN                       3
LIGHT RAIN                6     FREEZING RAIN              0
LT FREEZING RAIN          0     HAIL                       0
HEAVY SNOW                0     SNOW                       0
LIGHT SNOW                0     SLEET                      0
FOG                       4     FOG W/VIS <= 1/4 MILE      0
HAZE                      2

-  INDICATES NEGATIVE NUMBERS.
R  INDICATES RECORD WAS SET OR TIED.
MM INDICATES DATA IS MISSING.
T  INDICATES TRACE AMOUNT.

$$

ROSS
